(9638,'009910',9638,9638,1,1,'2022-12-30 01:09:47',1),(9639,'009911',9639,9639,1,1,'2022-12-30 01:09:47',1),(9640,'009912',9640,9640,1,1,'2022-12-30 01:09:47',1),(9641,'009913',9641,9641,1,1,'2022-12-30 01:09:47',1),(9642,'009914',9642,9642,1,1,'2022-12-30 01:09:47',1),(9643,'009915',9643,9643,1,1,'2022-12-30 01:09:47',1),(9644,'009916',9644,9644,1,1,'2022-12-30 01:09:47',1),(9645,'009917',9645,9645,1,1,'2022-12-30 01:09:47',1),(9646,'009918',9646,9646,1,1,'2022-12-30 01:09:47',1),(9647,'009919',9647,9647,1,1,'2022-12-30 01:09:47',1),(9648,'009921',9648,9648,1,1,'2022-12-30 01:09:47',1),(9649,'009922',9649,9649,1,1,'2022-12-30 01:09:47',1),(9650,'009923',9650,9650,1,1,'2022-12-30 01:09:47',1),(9651,'009924',9651,9651,1,1,'2022-12-30 01:09:47',1),(9652,'009925',9652,9652,1,1,'2022-12-30 01:09:47',1),(9653,'009926',9653,9653,1,1,'2022-12-30 01:09:47',1),(9654,'009927',9654,9654,1,1,'2022-12-30 01:09:47',1),(9655,'009928',9655,9655,1,1,'2022-12-30 01:09:47',1),(9656,'009929',9656,9656,1,1,'2022-12-30 01:09:47',1),(9657,'009930',9657,9657,1,1,'2022-12-30 01:09:47',1),(9658,'009931',9658,9658,1,1,'2022-12-30 01:09:47',1),(9659,'009932',9659,9659,1,1,'2022-12-30 01:09:47',1),(9660,'009933',9660,9660,1,1,'2022-12-30 01:09:47',1),(9661,'009935',9661,9661,1,1,'2022-12-30 01:09:47',1),(9662,'009937',9662,9662,1,1,'2022-12-30 01:09:47',1),(9663,'009938',9663,9663,1,1,'2022-12-30 01:09:47',1),(9664,'009939',9664,9664,1,1,'2022-12-30 01:09:47',1),(9665,'009940',9665,9665,1,1,'2022-12-30 01:09:47',1),(9666,'009941',9666,9666,1,1,'2022-12-30 01:09:47',1),(9667,'009942',9667,9667,1,1,'2022-12-30 01:09:47',1),(9668,'009943',9668,9668,1,1,'2022-12-30 01:09:47',1),(9669,'009944',9669,9669,1,1,'2022-12-30 01:09:47',1),(9670,'009945',9670,9670,1,1,'2022-12-30 01:09:47',1),(9671,'009946',9671,9671,1,1,'2022-12-30 01:09:47',1),(9672,'009947',9672,9672,1,1,'2022-12-30 01:09:47',1),(9673,'009948',9673,9673,1,1,'2022-12-30 01:09:47',1),(9674,'009949',9674,9674,1,1,'2022-12-30 01:09:47',1),(9675,'009950',9675,9675,1,1,'2022-12-30 01:09:47',1),(9676,'009951',9676,9676,1,1,'2022-12-30 01:09:47',1),(9677,'009952',9677,9677,1,1,'2022-12-30 01:09:47',1),(9678,'009953',9678,9678,1,1,'2022-12-30 01:09:47',1),(9679,'009954',9679,9679,1,1,'2022-12-30 01:09:47',1),(9680,'009955',9680,9680,1,1,'2022-12-30 01:09:47',1),(9681,'009956',9681,9681,1,1,'2022-12-30 01:09:47',1),(9682,'009957',9682,9682,1,1,'2022-12-30 01:09:47',1),(9683,'009958',9683,9683,1,1,'2022-12-30 01:09:47',1),(9684,'009959',9684,9684,1,1,'2022-12-30 01:09:47',1),(9685,'009960',9685,9685,1,1,'2022-12-30 01:09:47',1),(9686,'009961',9686,9686,1,1,'2022-12-30 01:09:47',1),(9687,'009962',9687,9687,1,1,'2022-12-30 01:09:47',1),(9688,'009963',9688,9688,1,1,'2022-12-30 01:09:47',1),(9689,'009964',9689,9689,1,1,'2022-12-30 01:09:47',1),(9690,'009965',9690,9690,1,1,'2022-12-30 01:09:47',1),(9691,'009966',9691,9691,1,1,'2022-12-30 01:09:47',1),(9692,'009967',9692,9692,1,1,'2022-12-30 01:09:47',1),(9693,'009968',9693,9693,1,1,'2022-12-30 01:09:47',1),(9694,'009969',9694,9694,1,1,'2022-12-30 01:09:47',1),(9695,'009970',9695,9695,1,1,'2022-12-30 01:09:47',1),(9696,'009971',9696,9696,1,1,'2022-12-30 01:09:47',1),(9697,'009972',9697,9697,1,1,'2022-12-30 01:09:47',1),(9698,'009973',9698,9698,1,1,'2022-12-30 01:09:47',1),(9699,'009974',9699,9699,1,1,'2022-12-30 01:09:47',1),(9700,'009975',9700,9700,1,1,'2022-12-30 01:09:47',1),(9701,'009976',9701,9701,1,1,'2022-12-30 01:09:47',1),(9702,'009977',9702,9702,1,1,'2022-12-30 01:09:47',1),(9703,'009978',9703,9703,1,1,'2022-12-30 01:09:47',1),(9704,'009979',9704,9704,1,1,'2022-12-30 01:09:47',1),(9705,'009980',9705,9705,1,1,'2022-12-30 01:09:47',1),(9706,'009981',9706,9706,1,1,'2022-12-30 01:09:47',1),(9707,'009982',9707,9707,1,1,'2022-12-30 01:09:47',1),(9708,'009983',9708,9708,1,1,'2022-12-30 01:09:47',1),(9709,'009984',9709,9709,1,1,'2022-12-30 01:09:47',1),(9710,'009985',9710,9710,1,1,'2022-12-30 01:09:47',1),(9711,'009986',9711,9711,1,1,'2022-12-30 01:09:47',1),(9712,'009987',9712,9712,1,1,'2022-12-30 01:09:47',1),(9713,'009988',9713,9713,1,1,'2022-12-30 01:09:47',1),(9714,'009989',9714,9714,1,1,'2022-12-30 01:09:47',1),(9715,'009990',9715,9715,1,1,'2022-12-30 01:09:47',1),(9716,'009991',9716,9716,1,1,'2022-12-30 01:09:47',1),(9717,'009992',9717,9717,1,1,'2022-12-30 01:09:47',1),(9718,'009993',9718,9718,1,1,'2022-12-30 01:09:47',1),(9719,'009994',9719,9719,1,1,'2022-12-30 01:09:47',1),(9720,'009995',9720,9720,1,1,'2022-12-30 01:09:47',1),(9721,'009996',9721,9721,1,1,'2022-12-30 01:09:47',1),(9722,'009997',9722,9722,1,1,'2022-12-30 01:09:47',1),(9723,'009999',9723,9723,1,1,'2022-12-30 01:09:47',1),(9724,'010000',9724,9724,1,1,'2022-12-30 01:09:47',1),(9725,'010001',9725,9725,1,1,'2022-12-30 01:09:47',1),(9726,'010002',9726,9726,1,1,'2022-12-30 01:09:47',1),(9727,'010003',9727,9727,1,1,'2022-12-30 01:09:47',1),(9728,'010004',9728,9728,1,1,'2022-12-30 01:09:47',1),(9729,'010005',9729,9729,1,1,'2022-12-30 01:09:47',1),(9730,'010006',9730,9730,1,1,'2022-12-30 01:09:47',1),(9731,'010007',9731,9731,1,1,'2022-12-30 01:09:47',1),(9732,'010008',9732,9732,1,1,'2022-12-30 01:09:47',1),(9733,'010009',9733,9733,1,1,'2022-12-30 01:09:47',1),(9734,'010010',9734,9734,1,1,'2022-12-30 01:09:47',1),(9735,'010011',9735,9735,1,1,'2022-12-30 01:09:47',1),(9736,'010012',9736,9736,1,1,'2022-12-30 01:09:47',1),(9737,'010013',9737,9737,1,1,'2022-12-30 01:09:47',1),(9738,'010014',9738,9738,1,1,'2022-12-30 01:09:47',1),(9739,'010015',9739,9739,1,1,'2022-12-30 01:09:47',1),(9740,'010016',9740,9740,1,1,'2022-12-30 01:09:47',1),(9741,'010017',9741,9741,1,1,'2022-12-30 01:09:47',1),(9742,'010018',9742,9742,1,1,'2022-12-30 01:09:47',1),(9743,'010019',9743,9743,1,1,'2022-12-30 01:09:47',1),(9744,'010020',9744,9744,1,1,'2022-12-30 01:09:47',1),(9745,'010021',9745,9745,1,1,'2022-12-30 01:09:47',1),(9746,'010022',9746,9746,1,1,'2022-12-30 01:09:47',1),(9747,'010023',9747,9747,1,1,'2022-12-30 01:09:47',1),(9748,'010024',9748,9748,1,1,'2022-12-30 01:09:47',1),(9749,'010026',9749,9749,1,1,'2022-12-30 01:09:47',1),(9750,'010027',9750,9750,1,1,'2022-12-30 01:09:47',1),(9751,'010029',9751,9751,1,1,'2022-12-30 01:09:47',1),(9752,'010030',9752,9752,1,1,'2022-12-30 01:09:47',1),(9753,'010031',9753,9753,1,1,'2022-12-30 01:09:47',1),(9754,'010032',9754,9754,1,1,'2022-12-30 01:09:47',1),(9755,'010033',9755,9755,1,1,'2022-12-30 01:09:47',1),(9756,'010034',9756,9756,1,1,'2022-12-30 01:09:47',1),(9757,'010035',9757,9757,1,1,'2022-12-30 01:09:47',1),(9758,'010036',9758,9758,1,1,'2022-12-30 01:09:47',1),(9759,'010037',9759,9759,1,1,'2022-12-30 01:09:47',1),(9760,'010038',9760,9760,1,1,'2022-12-30 01:09:47',1),(9761,'010039',9761,9761,1,1,'2022-12-30 01:09:47',1),(9762,'010040',9762,9762,1,1,'2022-12-30 01:09:47',1),(9763,'010041',9763,9763,1,1,'2022-12-30 01:09:47',1),(9764,'010042',9764,9764,1,1,'2022-12-30 01:09:47',1),(9765,'010043',9765,9765,1,1,'2022-12-30 01:09:47',1),(9766,'010044',9766,9766,1,1,'2022-12-30 01:09:47',1),(9767,'010045',9767,9767,1,1,'2022-12-30 01:09:47',1),(9768,'010046',9768,9768,1,1,'2022-12-30 01:09:47',1),(9769,'010047',9769,9769,1,1,'2022-12-30 01:09:47',1),(9770,'010048',9770,9770,1,1,'2022-12-30 01:09:47',1),(9771,'010049',9771,9771,1,1,'2022-12-30 01:09:47',1),(9772,'010050',9772,9772,1,1,'2022-12-30 01:09:47',1),(9773,'010051',9773,9773,1,1,'2022-12-30 01:09:47',1),(9774,'010052',9774,9774,1,1,'2022-12-30 01:09:47',1),(9775,'010053',9775,9775,1,1,'2022-12-30 01:09:47',1),(9776,'010054',9776,9776,1,1,'2022-12-30 01:09:47',1),(9777,'010055',9777,9777,1,1,'2022-12-30 01:09:47',1),(9778,'010056',9778,9778,1,1,'2022-12-30 01:09:47',1),(9779,'010057',9779,9779,1,1,'2022-12-30 01:09:47',1),(9780,'010058',9780,9780,1,1,'2022-12-30 01:09:47',1),(9781,'010059',9781,9781,1,1,'2022-12-30 01:09:47',1),(9782,'010060',9782,9782,1,1,'2022-12-30 01:09:47',1),(9783,'010061',9783,9783,1,1,'2022-12-30 01:09:47',1),(9784,'010062',9784,9784,1,1,'2022-12-30 01:09:47',1),(9785,'010063',9785,9785,1,1,'2022-12-30 01:09:47',1),(9786,'010064',9786,9786,1,1,'2022-12-30 01:09:47',1),(9787,'010065',9787,9787,1,1,'2022-12-30 01:09:47',1),(9788,'010066',9788,9788,1,1,'2022-12-30 01:09:47',1),(9789,'010067',9789,9789,1,1,'2022-12-30 01:09:47',1),(9790,'010068',9790,9790,1,1,'2022-12-30 01:09:47',1),(9791,'010069',9791,9791,1,1,'2022-12-30 01:09:47',1),(9792,'010070',9792,9792,1,1,'2022-12-30 01:09:47',1),(9793,'010071',9793,9793,1,1,'2022-12-30 01:09:47',1),(9794,'010072',9794,9794,1,1,'2022-12-30 01:09:47',1),(9795,'010073',9795,9795,1,1,'2022-12-30 01:09:47',1),(9796,'010074',9796,9796,1,1,'2022-12-30 01:09:47',1),(9797,'010075',9797,9797,1,1,'2022-12-30 01:09:47',1),(9798,'010076',9798,9798,1,1,'2022-12-30 01:09:47',1),(9799,'010077',9799,9799,1,1,'2022-12-30 01:09:47',1),(9800,'010078',9800,9800,1,1,'2022-12-30 01:09:47',1),(9801,'010079',9801,9801,1,1,'2022-12-30 01:09:47',1),(9802,'010080',9802,9802,1,1,'2022-12-30 01:09:47',1),(9803,'010081',9803,9803,1,1,'2022-12-30 01:09:47',1),(9804,'010082',9804,9804,1,1,'2022-12-30 01:09:47',1),(9805,'010083',9805,9805,1,1,'2022-12-30 01:09:47',1),(9806,'010084',9806,9806,1,1,'2022-12-30 01:09:47',1),(9807,'010085',9807,9807,1,1,'2022-12-30 01:09:47',1),(9808,'010086',9808,9808,1,1,'2022-12-30 01:09:47',1),(9809,'010087',9809,9809,1,1,'2022-12-30 01:09:47',1),(9810,'010088',9810,9810,1,1,'2022-12-30 01:09:47',1),(9811,'010089',9811,9811,1,1,'2022-12-30 01:09:47',1),(9812,'010090',9812,9812,1,1,'2022-12-30 01:09:47',1),(9813,'010091',9813,9813,1,1,'2022-12-30 01:09:47',1),(9814,'010092',9814,9814,1,1,'2022-12-30 01:09:47',1),(9815,'010093',9815,9815,1,1,'2022-12-30 01:09:47',1),(9816,'010094',9816,9816,1,1,'2022-12-30 01:09:47',1),(9817,'010095',9817,9817,1,1,'2022-12-30 01:09:47',1),(9818,'010096',9818,9818,1,1,'2022-12-30 01:09:47',1),(9819,'010097',9819,9819,1,1,'2022-12-30 01:09:47',1),(9820,'010098',9820,9820,1,1,'2022-12-30 01:09:47',1),(9821,'010099',9821,9821,1,1,'2022-12-30 01:09:47',1),(9822,'010100',9822,9822,1,1,'2022-12-30 01:09:47',1),(9823,'010101',9823,9823,1,1,'2022-12-30 01:09:47',1),(9824,'010102',9824,9824,1,1,'2022-12-30 01:09:47',1),(9825,'010103',9825,9825,1,1,'2022-12-30 01:09:47',1),(9826,'010104',9826,9826,1,1,'2022-12-30 01:09:47',1),(9827,'010105',9827,9827,1,1,'2022-12-30 01:09:47',1),(9828,'010106',9828,9828,1,1,'2022-12-30 01:09:47',1),(9829,'010107',9829,9829,1,1,'2022-12-30 01:09:47',1),(9830,'010108',9830,9830,1,1,'2022-12-30 01:09:47',1),(9831,'010109',9831,9831,1,1,'2022-12-30 01:09:47',1),(9832,'010110',9832,9832,1,1,'2022-12-30 01:09:47',1),(9833,'010111',9833,9833,1,1,'2022-12-30 01:09:47',1),(9834,'010112',9834,9834,1,1,'2022-12-30 01:09:47',1),(9835,'010113',9835,9835,1,1,'2022-12-30 01:09:47',1),(9836,'010115',9836,9836,1,1,'2022-12-30 01:09:47',1),(9837,'010116',9837,9837,1,1,'2022-12-30 01:09:47',1),(9838,'010117',9838,9838,1,1,'2022-12-30 01:09:47',1),(9839,'010118',9839,9839,1,1,'2022-12-30 01:09:47',1),(9840,'010119',9840,9840,1,1,'2022-12-30 01:09:47',1),(9841,'010120',9841,9841,1,1,'2022-12-30 01:09:47',1),(9842,'010122',9842,9842,1,1,'2022-12-30 01:09:47',1),(9843,'010123',9843,9843,1,1,'2022-12-30 01:09:47',1),(9844,'010124',9844,9844,1,1,'2022-12-30 01:09:47',1),(9845,'010125',9845,9845,1,1,'2022-12-30 01:09:47',1),(9846,'010126',9846,9846,1,1,'2022-12-30 01:09:47',1),(9847,'010127',9847,9847,1,1,'2022-12-30 01:09:47',1),(9848,'010129',9848,9848,1,1,'2022-12-30 01:09:47',1),(9849,'010130',9849,9849,1,1,'2022-12-30 01:09:47',1),(9850,'010131',9850,9850,1,1,'2022-12-30 01:09:47',1),(9851,'010132',9851,9851,1,1,'2022-12-30 01:09:47',1),(9852,'010133',9852,9852,1,1,'2022-12-30 01:09:47',1),(9853,'010135',9853,9853,1,1,'2022-12-30 01:09:47',1),(9854,'010136',9854,9854,1,1,'2022-12-30 01:09:47',1),(9855,'010137',9855,9855,1,1,'2022-12-30 01:09:47',1),(9856,'010138',9856,9856,1,1,'2022-12-30 01:09:47',1),(9857,'010139',9857,9857,1,1,'2022-12-30 01:09:47',1),(9858,'010140',9858,9858,1,1,'2022-12-30 01:09:47',1),(9859,'010141',9859,9859,1,1,'2022-12-30 01:09:47',1),(9860,'010142',9860,9860,1,1,'2022-12-30 01:09:47',1),(9861,'010143',9861,9861,1,1,'2022-12-30 01:09:47',1),(9862,'010144',9862,9862,1,1,'2022-12-30 01:09:47',1),(9863,'010145',9863,9863,1,1,'2022-12-30 01:09:47',1),(9864,'010146',9864,9864,1,1,'2022-12-30 01:09:47',1),(9865,'010147',9865,9865,1,1,'2022-12-30 01:09:47',1),(9866,'010148',9866,9866,1,1,'2022-12-30 01:09:47',1),(9867,'010149',9867,9867,1,1,'2022-12-30 01:09:47',1),(9868,'010150',9868,9868,1,1,'2022-12-30 01:09:47',1),(9869,'010151',9869,9869,1,1,'2022-12-30 01:09:47',1),(9870,'010152',9870,9870,1,1,'2022-12-30 01:09:47',1),(9871,'010153',9871,9871,1,1,'2022-12-30 01:09:47',1),(9872,'010155',9872,9872,1,1,'2022-12-30 01:09:47',1),(9873,'010156',9873,9873,1,1,'2022-12-30 01:09:47',1),(9874,'010157',9874,9874,1,1,'2022-12-30 01:09:47',1),(9875,'010158',9875,9875,1,1,'2022-12-30 01:09:47',1),(9876,'010159',9876,9876,1,1,'2022-12-30 01:09:47',1),(9877,'010160',9877,9877,1,1,'2022-12-30 01:09:47',1),(9878,'010161',9878,9878,1,1,'2022-12-30 01:09:47',1),(9879,'010162',9879,9879,1,1,'2022-12-30 01:09:47',1),(9880,'010163',9880,9880,1,1,'2022-12-30 01:09:47',1),(9881,'010165',9881,9881,1,1,'2022-12-30 01:09:47',1),(9882,'010166',9882,9882,1,1,'2022-12-30 01:09:47',1),(9883,'010167',9883,9883,1,1,'2022-12-30 01:09:47',1),(9884,'010168',9884,9884,1,1,'2022-12-30 01:09:47',1),(9885,'010169',9885,9885,1,1,'2022-12-30 01:09:47',1),(9886,'010170',9886,9886,1,1,'2022-12-30 01:09:47',1),(9887,'010171',9887,9887,1,1,'2022-12-30 01:09:47',1),(9888,'010172',9888,9888,1,1,'2022-12-30 01:09:47',1),(9889,'010173',9889,9889,1,1,'2022-12-30 01:09:47',1),(9890,'010174',9890,9890,1,1,'2022-12-30 01:09:47',1),(9891,'010175',9891,9891,1,1,'2022-12-30 01:09:47',1),(9892,'010176',9892,9892,1,1,'2022-12-30 01:09:47',1),(9893,'010177',9893,9893,1,1,'2022-12-30 01:09:47',1),(9894,'010178',9894,9894,1,1,'2022-12-30 01:09:47',1),(9895,'010179',9895,9895,1,1,'2022-12-30 01:09:47',1),(9896,'010180',9896,9896,1,1,'2022-12-30 01:09:47',1),(9897,'010181',9897,9897,1,1,'2022-12-30 01:09:47',1),(9898,'010182',9898,9898,1,1,'2022-12-30 01:09:47',1),(9899,'010184',9899,9899,1,1,'2022-12-30 01:09:47',1),(9900,'010185',9900,9900,1,1,'2022-12-30 01:09:47',1),(9901,'010186',9901,9901,1,1,'2022-12-30 01:09:47',1),(9902,'010187',9902,9902,1,1,'2022-12-30 01:09:47',1),(9903,'010188',9903,9903,1,1,'2022-12-30 01:09:47',1),(9904,'010189',9904,9904,1,1,'2022-12-30 01:09:47',1),(9905,'010190',9905,9905,1,1,'2022-12-30 01:09:47',1),(9906,'010191',9906,9906,1,1,'2022-12-30 01:09:47',1),(9907,'010192',9907,9907,1,1,'2022-12-30 01:09:47',1),(9908,'010193',9908,9908,1,1,'2022-12-30 01:09:47',1),(9909,'010194',9909,9909,1,1,'2022-12-30 01:09:47',1),(9910,'010195',9910,9910,1,1,'2022-12-30 01:09:47',1),(9911,'010196',9911,9911,1,1,'2022-12-30 01:09:47',1),(9912,'010197',9912,9912,1,1,'2022-12-30 01:09:47',1),(9913,'010198',9913,9913,1,1,'2022-12-30 01:09:47',1),(9914,'010199',9914,9914,1,1,'2022-12-30 01:09:47',1),(9915,'010201',9915,9915,1,1,'2022-12-30 01:09:47',1),(9916,'010202',9916,9916,1,1,'2022-12-30 01:09:47',1),(9917,'010203',9917,9917,1,1,'2022-12-30 01:09:47',1),(9918,'010204',9918,9918,1,1,'2022-12-30 01:09:47',1),(9919,'010205',9919,9919,1,1,'2022-12-30 01:09:47',1),(9920,'010206',9920,9920,1,1,'2022-12-30 01:09:47',1),(9921,'010207',9921,9921,1,1,'2022-12-30 01:09:47',1),(9922,'010208',9922,9922,1,1,'2022-12-30 01:09:47',1),(9923,'010209',9923,9923,1,1,'2022-12-30 01:09:47',1),(9924,'010210',9924,9924,1,1,'2022-12-30 01:09:47',1),(9925,'010211',9925,9925,1,1,'2022-12-30 01:09:47',1),(9926,'010212',9926,9926,1,1,'2022-12-30 01:09:47',1),(9927,'010213',9927,9927,1,1,'2022-12-30 01:09:47',1),(9928,'010214',9928,9928,1,1,'2022-12-30 01:09:47',1),(9929,'010215',9929,9929,1,1,'2022-12-30 01:09:47',1),(9930,'010216',9930,9930,1,1,'2022-12-30 01:09:47',1),(9931,'010217',9931,9931,1,1,'2022-12-30 01:09:47',1),(9932,'010218',9932,9932,1,1,'2022-12-30 01:09:47',1),(9933,'010219',9933,9933,1,1,'2022-12-30 01:09:47',1),(9934,'010220',9934,9934,1,1,'2022-12-30 01:09:47',1),(9935,'010221',9935,9935,1,1,'2022-12-30 01:09:47',1),(9936,'010222',9936,9936,1,1,'2022-12-30 01:09:47',1),(9937,'010223',9937,9937,1,1,'2022-12-30 01:09:47',1),(9938,'010225',9938,9938,1,1,'2022-12-30 01:09:47',1),(9939,'010226',9939,9939,1,1,'2022-12-30 01:09:47',1),(9940,'010227',9940,9940,1,1,'2022-12-30 01:09:47',1),(9941,'010228',9941,9941,1,1,'2022-12-30 01:09:47',1),(9942,'010229',9942,9942,1,1,'2022-12-30 01:09:47',1),(9943,'010230',9943,9943,1,1,'2022-12-30 01:09:47',1),(9944,'010231',9944,9944,1,1,'2022-12-30 01:09:47',1),(9945,'010232',9945,9945,1,1,'2022-12-30 01:09:47',1),(9946,'010233',9946,9946,1,1,'2022-12-30 01:09:47',1),(9947,'010234',9947,9947,1,1,'2022-12-30 01:09:47',1),(9948,'010235',9948,9948,1,1,'2022-12-30 01:09:47',1),(9949,'010236',9949,9949,1,1,'2022-12-30 01:09:47',1),(9950,'010237',9950,9950,1,1,'2022-12-30 01:09:47',1),(9951,'010238',9951,9951,1,1,'2022-12-30 01:09:47',1),(9952,'010239',9952,9952,1,1,'2022-12-30 01:09:47',1),(9953,'010240',9953,9953,1,1,'2022-12-30 01:09:47',1),(9954,'010241',9954,9954,1,1,'2022-12-30 01:09:47',1),(9955,'010242',9955,9955,1,1,'2022-12-30 01:09:47',1),(9956,'010243',9956,9956,1,1,'2022-12-30 01:09:47',1),(9957,'010244',9957,9957,1,1,'2022-12-30 01:09:47',1),(9958,'010245',9958,9958,1,1,'2022-12-30 01:09:47',1),(9959,'010246',9959,9959,1,1,'2022-12-30 01:09:47',1),(9960,'010247',9960,9960,1,1,'2022-12-30 01:09:47',1),(9961,'010248',9961,9961,1,1,'2022-12-30 01:09:47',1),(9962,'010249',9962,9962,1,1,'2022-12-30 01:09:47',1),(9963,'010250',9963,9963,1,1,'2022-12-30 01:09:47',1),(9964,'010251',9964,9964,1,1,'2022-12-30 01:09:47',1),(9965,'010252',9965,9965,1,1,'2022-12-30 01:09:47',1),(9966,'010253',9966,9966,1,1,'2022-12-30 01:09:47',1),(9967,'010254',9967,9967,1,1,'2022-12-30 01:09:47',1),(9968,'010255',9968,9968,1,1,'2022-12-30 01:09:47',1),(9969,'010256',9969,9969,1,1,'2022-12-30 01:09:47',1),(9970,'010257',9970,9970,1,1,'2022-12-30 01:09:47',1),(9971,'010258',9971,9971,1,1,'2022-12-30 01:09:47',1),(9972,'010259',9972,9972,1,1,'2022-12-30 01:09:47',1),(9973,'010260',9973,9973,1,1,'2022-12-30 01:09:47',1),(9974,'010261',9974,9974,1,1,'2022-12-30 01:09:47',1),(9975,'010262',9975,9975,1,1,'2022-12-30 01:09:47',1),(9976,'010263',9976,9976,1,1,'2022-12-30 01:09:47',1),(9977,'010264',9977,9977,1,1,'2022-12-30 01:09:47',1),(9978,'010265',9978,9978,1,1,'2022-12-30 01:09:47',1),(9979,'010266',9979,9979,1,1,'2022-12-30 01:09:47',1),(9980,'010267',9980,9980,1,1,'2022-12-30 01:09:47',1),(9981,'010268',9981,9981,1,1,'2022-12-30 01:09:47',1),(9982,'010269',9982,9982,1,1,'2022-12-30 01:09:47',1),(9983,'010270',9983,9983,1,1,'2022-12-30 01:09:47',1),(9984,'010271',9984,9984,1,1,'2022-12-30 01:09:47',1),(9985,'010272',9985,9985,1,1,'2022-12-30 01:09:47',1),(9986,'010273',9986,9986,1,1,'2022-12-30 01:09:47',1),(9987,'010274',9987,9987,1,1,'2022-12-30 01:09:47',1),(9988,'010275',9988,9988,1,1,'2022-12-30 01:09:47',1),(9989,'010276',9989,9989,1,1,'2022-12-30 01:09:47',1),(9990,'010277',9990,9990,1,1,'2022-12-30 01:09:47',1),(9991,'010278',9991,9991,1,1,'2022-12-30 01:09:47',1),(9992,'010279',9992,9992,1,1,'2022-12-30 01:09:47',1),(9993,'010280',9993,9993,1,1,'2022-12-30 01:09:47',1),(9994,'010281',9994,9994,1,1,'2022-12-30 01:09:47',1),(9995,'010282',9995,9995,1,1,'2022-12-30 01:09:47',1),(9996,'010283',9996,9996,1,1,'2022-12-30 01:09:47',1),(9997,'010284',9997,9997,1,1,'2022-12-30 01:09:47',1),(9998,'010285',9998,9998,1,1,'2022-12-30 01:09:47',1),(9999,'010286',9999,9999,1,1,'2022-12-30 01:09:47',1),(10000,'010287',10000,10000,1,1,'2022-12-30 01:09:47',1),(10001,'010288',10001,10001,1,1,'2022-12-30 01:09:47',1),(10002,'010289',10002,10002,1,1,'2022-12-30 01:09:47',1),(10003,'010290',10003,10003,1,1,'2022-12-30 01:09:47',1),(10004,'010291',10004,10004,1,1,'2022-12-30 01:09:47',1),(10005,'010292',10005,10005,1,1,'2022-12-30 01:09:47',1),(10006,'010293',10006,10006,1,1,'2022-12-30 01:09:47',1),(10007,'010294',10007,10007,1,1,'2022-12-30 01:09:47',1),(10008,'010295',10008,10008,1,1,'2022-12-30 01:09:47',1),(10009,'010296',10009,10009,1,1,'2022-12-30 01:09:47',1),(10010,'010297',10010,10010,1,1,'2022-12-30 01:09:47',1),(10011,'010298',10011,10011,1,1,'2022-12-30 01:09:47',1),(10012,'010299',10012,10012,1,1,'2022-12-30 01:09:47',1),(10013,'010300',10013,10013,1,1,'2022-12-30 01:09:47',1),(10014,'010301',10014,10014,1,1,'2022-12-30 01:09:47',1),(10015,'010302',10015,10015,1,1,'2022-12-30 01:09:47',1),(10016,'010303',10016,10016,1,1,'2022-12-30 01:09:47',1),(10017,'010304',10017,10017,1,1,'2022-12-30 01:09:47',1),(10018,'010305',10018,10018,1,1,'2022-12-30 01:09:47',1),(10019,'010306',10019,10019,1,1,'2022-12-30 01:09:47',1),(10020,'010307',10020,10020,1,1,'2022-12-30 01:09:47',1),(10021,'010308',10021,10021,1,1,'2022-12-30 01:09:47',1),(10022,'010309',10022,10022,1,1,'2022-12-30 01:09:47',1),(10023,'010310',10023,10023,1,1,'2022-12-30 01:09:47',1),(10024,'010311',10024,10024,1,1,'2022-12-30 01:09:47',1),(10025,'010312',10025,10025,1,1,'2022-12-30 01:09:47',1),(10026,'010313',10026,10026,1,1,'2022-12-30 01:09:47',1),(10027,'010314',10027,10027,1,1,'2022-12-30 01:09:47',1),(10028,'010315',10028,10028,1,1,'2022-12-30 01:09:47',1),(10029,'010316',10029,10029,1,1,'2022-12-30 01:09:47',1),(10030,'010317',10030,10030,1,1,'2022-12-30 01:09:47',1),(10031,'010318',10031,10031,1,1,'2022-12-30 01:09:47',1),(10032,'010319',10032,10032,1,1,'2022-12-30 01:09:47',1),(10033,'010320',10033,10033,1,1,'2022-12-30 01:09:47',1),(10034,'010321',10034,10034,1,1,'2022-12-30 01:09:47',1),(10035,'010322',10035,10035,1,1,'2022-12-30 01:09:47',1),(10036,'010323',10036,10036,1,1,'2022-12-30 01:09:47',1),(10037,'010324',10037,10037,1,1,'2022-12-30 01:09:47',1),(10038,'010325',10038,10038,1,1,'2022-12-30 01:09:47',1),(10039,'010326',10039,10039,1,1,'2022-12-30 01:09:47',1),(10040,'010327',10040,10040,1,1,'2022-12-30 01:09:47',1),(10041,'010328',10041,10041,1,1,'2022-12-30 01:09:47',1),(10042,'010329',10042,10042,1,1,'2022-12-30 01:09:47',1),(10043,'010330',10043,10043,1,1,'2022-12-30 01:09:47',1),(10044,'010331',10044,10044,1,1,'2022-12-30 01:09:47',1),(10045,'010332',10045,10045,1,1,'2022-12-30 01:09:47',1),(10046,'010333',10046,10046,1,1,'2022-12-30 01:09:47',1),(10047,'010334',10047,10047,1,1,'2022-12-30 01:09:47',1),(10048,'010335',10048,10048,1,1,'2022-12-30 01:09:47',1),(10049,'010336',10049,10049,1,1,'2022-12-30 01:09:47',1),(10050,'010337',10050,10050,1,1,'2022-12-30 01:09:47',1),(10051,'010338',10051,10051,1,1,'2022-12-30 01:09:47',1),(10052,'010339',10052,10052,1,1,'2022-12-30 01:09:47',1),(10053,'010340',10053,10053,1,1,'2022-12-30 01:09:47',1),(10054,'010341',10054,10054,1,1,'2022-12-30 01:09:47',1),(10055,'010342',10055,10055,1,1,'2022-12-30 01:09:47',1),(10056,'010343',10056,10056,1,1,'2022-12-30 01:09:47',1),(10057,'010344',10057,10057,1,1,'2022-12-30 01:09:47',1),(10058,'010345',10058,10058,1,1,'2022-12-30 01:09:47',1),(10059,'010346',10059,10059,1,1,'2022-12-30 01:09:47',1),(10060,'010347',10060,10060,1,1,'2022-12-30 01:09:47',1),(10061,'010348',10061,10061,1,1,'2022-12-30 01:09:47',1),(10062,'010349',10062,10062,1,1,'2022-12-30 01:09:47',1),(10063,'010350',10063,10063,1,1,'2022-12-30 01:09:47',1),(10064,'010351',10064,10064,1,1,'2022-12-30 01:09:47',1),(10065,'010352',10065,10065,1,1,'2022-12-30 01:09:47',1),(10066,'010353',10066,10066,1,1,'2022-12-30 01:09:47',1),(10067,'010354',10067,10067,1,1,'2022-12-30 01:09:47',1),(10068,'010355',10068,10068,1,1,'2022-12-30 01:09:47',1),(10069,'010356',10069,10069,1,1,'2022-12-30 01:09:47',1),(10070,'010357',10070,10070,1,1,'2022-12-30 01:09:47',1),(10071,'010358',10071,10071,1,1,'2022-12-30 01:09:47',1),(10072,'010359',10072,10072,1,1,'2022-12-30 01:09:47',1),(10073,'010360',10073,10073,1,1,'2022-12-30 01:09:47',1),(10074,'010361',10074,10074,1,1,'2022-12-30 01:09:47',1),(10075,'010362',10075,10075,1,1,'2022-12-30 01:09:47',1),(10076,'010363',10076,10076,1,1,'2022-12-30 01:09:47',1),(10077,'010364',10077,10077,1,1,'2022-12-30 01:09:47',1),(10078,'010365',10078,10078,1,1,'2022-12-30 01:09:47',1),(10079,'010366',10079,10079,1,1,'2022-12-30 01:09:47',1),(10080,'010367',10080,10080,1,1,'2022-12-30 01:09:47',1),(10081,'010368',10081,10081,1,1,'2022-12-30 01:09:47',1),(10082,'010369',10082,10082,1,1,'2022-12-30 01:09:47',1),(10083,'010370',10083,10083,1,1,'2022-12-30 01:09:47',1),(10084,'010371',10084,10084,1,1,'2022-12-30 01:09:47',1),(10085,'010372',10085,10085,1,1,'2022-12-30 01:09:47',1),(10086,'010373',10086,10086,1,1,'2022-12-30 01:09:47',1),(10087,'010375',10087,10087,1,1,'2022-12-30 01:09:47',1),(10088,'010376',10088,10088,1,1,'2022-12-30 01:09:47',1),(10089,'010377',10089,10089,1,1,'2022-12-30 01:09:47',1),(10090,'010378',10090,10090,1,1,'2022-12-30 01:09:47',1),(10091,'010379',10091,10091,1,1,'2022-12-30 01:09:47',1),(10092,'010380',10092,10092,1,1,'2022-12-30 01:09:47',1),(10093,'010381',10093,10093,1,1,'2022-12-30 01:09:47',1),(10094,'010382',10094,10094,1,1,'2022-12-30 01:09:47',1),(10095,'010383',10095,10095,1,1,'2022-12-30 01:09:47',1),(10096,'010384',10096,10096,1,1,'2022-12-30 01:09:47',1),(10097,'010385',10097,10097,1,1,'2022-12-30 01:09:47',1),(10098,'010386',10098,10098,1,1,'2022-12-30 01:09:47',1),(10099,'010387',10099,10099,1,1,'2022-12-30 01:09:47',1),(10100,'010388',10100,10100,1,1,'2022-12-30 01:09:47',1),(10101,'010389',10101,10101,1,1,'2022-12-30 01:09:47',1),(10102,'010390',10102,10102,1,1,'2022-12-30 01:09:47',1),(10103,'010391',10103,10103,1,1,'2022-12-30 01:09:47',1),(10104,'010392',10104,10104,1,1,'2022-12-30 01:09:47',1),(10105,'010393',10105,10105,1,1,'2022-12-30 01:09:47',1),(10106,'010394',10106,10106,1,1,'2022-12-30 01:09:47',1),(10107,'010395',10107,10107,1,1,'2022-12-30 01:09:47',1),(10108,'010396',10108,10108,1,1,'2022-12-30 01:09:47',1),(10109,'010397',10109,10109,1,1,'2022-12-30 01:09:47',1),(10110,'010398',10110,10110,1,1,'2022-12-30 01:09:47',1),(10111,'010399',10111,10111,1,1,'2022-12-30 01:09:47',1),(10112,'010400',10112,10112,1,1,'2022-12-30 01:09:47',1),(10113,'010402',10113,10113,1,1,'2022-12-30 01:09:47',1),(10114,'010403',10114,10114,1,1,'2022-12-30 01:09:47',1),(10115,'010404',10115,10115,1,1,'2022-12-30 01:09:47',1),(10116,'010405',10116,10116,1,1,'2022-12-30 01:09:47',1),(10117,'010406',10117,10117,1,1,'2022-12-30 01:09:47',1),(10118,'010407',10118,10118,1,1,'2022-12-30 01:09:47',1),(10119,'010409',10119,10119,1,1,'2022-12-30 01:09:47',1),(10120,'010410',10120,10120,1,1,'2022-12-30 01:09:47',1),(10121,'010411',10121,10121,1,1,'2022-12-30 01:09:47',1),(10122,'010412',10122,10122,1,1,'2022-12-30 01:09:47',1),(10123,'010413',10123,10123,1,1,'2022-12-30 01:09:47',1),(10124,'010414',10124,10124,1,1,'2022-12-30 01:09:47',1),(10125,'010415',10125,10125,1,1,'2022-12-30 01:09:47',1),(10126,'010416',10126,10126,1,1,'2022-12-30 01:09:47',1),(10127,'010417',10127,10127,1,1,'2022-12-30 01:09:47',1),(10128,'010418',10128,10128,1,1,'2022-12-30 01:09:47',1),(10129,'010419',10129,10129,1,1,'2022-12-30 01:09:47',1),(10130,'010420',10130,10130,1,1,'2022-12-30 01:09:47',1),(10131,'010421',10131,10131,1,1,'2022-12-30 01:09:47',1),(10132,'010422',10132,10132,1,1,'2022-12-30 01:09:47',1),(10133,'010423',10133,10133,1,1,'2022-12-30 01:09:47',1),(10134,'010425',10134,10134,1,1,'2022-12-30 01:09:47',1),(10135,'010427',10135,10135,1,1,'2022-12-30 01:09:47',1),(10136,'010428',10136,10136,1,1,'2022-12-30 01:09:47',1),(10137,'010429',10137,10137,1,1,'2022-12-30 01:09:47',1),(10138,'010430',10138,10138,1,1,'2022-12-30 01:09:47',1),(10139,'010431',10139,10139,1,1,'2022-12-30 01:09:47',1),(10140,'010433',10140,10140,1,1,'2022-12-30 01:09:47',1),(10141,'010435',10141,10141,1,1,'2022-12-30 01:09:47',1),(10142,'010436',10142,10142,1,1,'2022-12-30 01:09:47',1),(10143,'010437',10143,10143,1,1,'2022-12-30 01:09:47',1),(10144,'010438',10144,10144,1,1,'2022-12-30 01:09:47',1),(10145,'010439',10145,10145,1,1,'2022-12-30 01:09:47',1),(10146,'010440',10146,10146,1,1,'2022-12-30 01:09:47',1),(10147,'010441',10147,10147,1,1,'2022-12-30 01:09:47',1),(10148,'010442',10148,10148,1,1,'2022-12-30 01:09:47',1),(10149,'010443',10149,10149,1,1,'2022-12-30 01:09:47',1),(10150,'010444',10150,10150,1,1,'2022-12-30 01:09:47',1),(10151,'010445',10151,10151,1,1,'2022-12-30 01:09:47',1),(10152,'010446',10152,10152,1,1,'2022-12-30 01:09:47',1),(10153,'010447',10153,10153,1,1,'2022-12-30 01:09:47',1),(10154,'010448',10154,10154,1,1,'2022-12-30 01:09:47',1),(10155,'010449',10155,10155,1,1,'2022-12-30 01:09:47',1),(10156,'010450',10156,10156,1,1,'2022-12-30 01:09:47',1),(10157,'010451',10157,10157,1,1,'2022-12-30 01:09:47',1),(10158,'010452',10158,10158,1,1,'2022-12-30 01:09:47',1),(10159,'010453',10159,10159,1,1,'2022-12-30 01:09:47',1),(10160,'010454',10160,10160,1,1,'2022-12-30 01:09:47',1),(10161,'010456',10161,10161,1,1,'2022-12-30 01:09:47',1),(10162,'010457',10162,10162,1,1,'2022-12-30 01:09:47',1),(10163,'010458',10163,10163,1,1,'2022-12-30 01:09:47',1),(10164,'010459',10164,10164,1,1,'2022-12-30 01:09:47',1),(10165,'010460',10165,10165,1,1,'2022-12-30 01:09:47',1),(10166,'010461',10166,10166,1,1,'2022-12-30 01:09:47',1),(10167,'010463',10167,10167,1,1,'2022-12-30 01:09:47',1),(10168,'010464',10168,10168,1,1,'2022-12-30 01:09:47',1),(10169,'010465',10169,10169,1,1,'2022-12-30 01:09:47',1),(10170,'010466',10170,10170,1,1,'2022-12-30 01:09:47',1),(10171,'010467',10171,10171,1,1,'2022-12-30 01:09:47',1),(10172,'010469',10172,10172,1,1,'2022-12-30 01:09:47',1),(10173,'010470',10173,10173,1,1,'2022-12-30 01:09:47',1),(10174,'010471',10174,10174,1,1,'2022-12-30 01:09:47',1),(10175,'010472',10175,10175,1,1,'2022-12-30 01:09:47',1),(10176,'010473',10176,10176,1,1,'2022-12-30 01:09:47',1),(10177,'010474',10177,10177,1,1,'2022-12-30 01:09:47',1),(10178,'010475',10178,10178,1,1,'2022-12-30 01:09:47',1),(10179,'010476',10179,10179,1,1,'2022-12-30 01:09:47',1),(10180,'010477',10180,10180,1,1,'2022-12-30 01:09:47',1),(10181,'010478',10181,10181,1,1,'2022-12-30 01:09:47',1),(10182,'010479',10182,10182,1,1,'2022-12-30 01:09:47',1),(10183,'010480',10183,10183,1,1,'2022-12-30 01:09:47',1),(10184,'010482',10184,10184,1,1,'2022-12-30 01:09:47',1),(10185,'010483',10185,10185,1,1,'2022-12-30 01:09:47',1),(10186,'010484',10186,10186,1,1,'2022-12-30 01:09:47',1),(10187,'010485',10187,10187,1,1,'2022-12-30 01:09:47',1),(10188,'010486',10188,10188,1,1,'2022-12-30 01:09:47',1),(10189,'010487',10189,10189,1,1,'2022-12-30 01:09:47',1),(10190,'010488',10190,10190,1,1,'2022-12-30 01:09:47',1),(10191,'010489',10191,10191,1,1,'2022-12-30 01:09:47',1),(10192,'010490',10192,10192,1,1,'2022-12-30 01:09:47',1),(10193,'010491',10193,10193,1,1,'2022-12-30 01:09:47',1),(10194,'010492',10194,10194,1,1,'2022-12-30 01:09:47',1),(10195,'010493',10195,10195,1,1,'2022-12-30 01:09:47',1),(10196,'010494',10196,10196,1,1,'2022-12-30 01:09:47',1),(10197,'010495',10197,10197,1,1,'2022-12-30 01:09:47',1),(10198,'010496',10198,10198,1,1,'2022-12-30 01:09:47',1),(10199,'010497',10199,10199,1,1,'2022-12-30 01:09:47',1),(10200,'010498',10200,10200,1,1,'2022-12-30 01:09:47',1),(10201,'010499',10201,10201,1,1,'2022-12-30 01:09:47',1),(10202,'010500',10202,10202,1,1,'2022-12-30 01:09:47',1),(10203,'010501',10203,10203,1,1,'2022-12-30 01:09:47',1),(10204,'010502',10204,10204,1,1,'2022-12-30 01:09:47',1),(10205,'010503',10205,10205,1,1,'2022-12-30 01:09:47',1),(10206,'010504',10206,10206,1,1,'2022-12-30 01:09:47',1),(10207,'010505',10207,10207,1,1,'2022-12-30 01:09:47',1),(10208,'010506',10208,10208,1,1,'2022-12-30 01:09:47',1),(10209,'010507',10209,10209,1,1,'2022-12-30 01:09:47',1),(10210,'010508',10210,10210,1,1,'2022-12-30 01:09:47',1),(10211,'010509',10211,10211,1,1,'2022-12-30 01:09:47',1),(10212,'010510',10212,10212,1,1,'2022-12-30 01:09:47',1),(10213,'010511',10213,10213,1,1,'2022-12-30 01:09:47',1),(10214,'010512',10214,10214,1,1,'2022-12-30 01:09:47',1),(10215,'010513',10215,10215,1,1,'2022-12-30 01:09:47',1),(10216,'010514',10216,10216,1,1,'2022-12-30 01:09:47',1),(10217,'010515',10217,10217,1,1,'2022-12-30 01:09:47',1),(10218,'010516',10218,10218,1,1,'2022-12-30 01:09:47',1),(10219,'010517',10219,10219,1,1,'2022-12-30 01:09:47',1),(10220,'010518',10220,10220,1,1,'2022-12-30 01:09:47',1),(10221,'010519',10221,10221,1,1,'2022-12-30 01:09:47',1),(10222,'010520',10222,10222,1,1,'2022-12-30 01:09:47',1),(10223,'010521',10223,10223,1,1,'2022-12-30 01:09:47',1),(10224,'010522',10224,10224,1,1,'2022-12-30 01:09:47',1),(10225,'010523',10225,10225,1,1,'2022-12-30 01:09:47',1),(10226,'010524',10226,10226,1,1,'2022-12-30 01:09:47',1),(10227,'010525',10227,10227,1,1,'2022-12-30 01:09:47',1),(10228,'010526',10228,10228,1,1,'2022-12-30 01:09:47',1),(10229,'010527',10229,10229,1,1,'2022-12-30 01:09:47',1),(10230,'010528',10230,10230,1,1,'2022-12-30 01:09:47',1),(10231,'010529',10231,10231,1,1,'2022-12-30 01:09:47',1),(10232,'010530',10232,10232,1,1,'2022-12-30 01:09:47',1),(10233,'010531',10233,10233,1,1,'2022-12-30 01:09:47',1),(10234,'010532',10234,10234,1,1,'2022-12-30 01:09:47',1),(10235,'010533',10235,10235,1,1,'2022-12-30 01:09:47',1),(10236,'010534',10236,10236,1,1,'2022-12-30 01:09:47',1),(10237,'010535',10237,10237,1,1,'2022-12-30 01:09:47',1),(10238,'010536',10238,10238,1,1,'2022-12-30 01:09:47',1),(10239,'010537',10239,10239,1,1,'2022-12-30 01:09:47',1),(10240,'010538',10240,10240,1,1,'2022-12-30 01:09:47',1),(10241,'010539',10241,10241,1,1,'2022-12-30 01:09:47',1),(10242,'010540',10242,10242,1,1,'2022-12-30 01:09:47',1),(10243,'010541',10243,10243,1,1,'2022-12-30 01:09:47',1),(10244,'010542',10244,10244,1,1,'2022-12-30 01:09:47',1),(10245,'010543',10245,10245,1,1,'2022-12-30 01:09:47',1),(10246,'010544',10246,10246,1,1,'2022-12-30 01:09:47',1),(10247,'010545',10247,10247,1,1,'2022-12-30 01:09:47',1),(10248,'010547',10248,10248,1,1,'2022-12-30 01:09:47',1),(10249,'010548',10249,10249,1,1,'2022-12-30 01:09:47',1),(10250,'010549',10250,10250,1,1,'2022-12-30 01:09:47',1),(10251,'010550',10251,10251,1,1,'2022-12-30 01:09:47',1),(10252,'010551',10252,10252,1,1,'2022-12-30 01:09:47',1),(10253,'010552',10253,10253,1,1,'2022-12-30 01:09:47',1),(10254,'010553',10254,10254,1,1,'2022-12-30 01:09:47',1),(10255,'010554',10255,10255,1,1,'2022-12-30 01:09:47',1),(10256,'010555',10256,10256,1,1,'2022-12-30 01:09:47',1),(10257,'010556',10257,10257,1,1,'2022-12-30 01:09:47',1),(10258,'010557',10258,10258,1,1,'2022-12-30 01:09:47',1),(10259,'010558',10259,10259,1,1,'2022-12-30 01:09:47',1),(10260,'010559',10260,10260,1,1,'2022-12-30 01:09:47',1),(10261,'010560',10261,10261,1,1,'2022-12-30 01:09:47',1),(10262,'010561',10262,10262,1,1,'2022-12-30 01:09:47',1),(10263,'010562',10263,10263,1,1,'2022-12-30 01:09:47',1),(10264,'010564',10264,10264,1,1,'2022-12-30 01:09:47',1),(10265,'010565',10265,10265,1,1,'2022-12-30 01:09:47',1),(10266,'010566',10266,10266,1,1,'2022-12-30 01:09:47',1),(10267,'010567',10267,10267,1,1,'2022-12-30 01:09:47',1),(10268,'010568',10268,10268,1,1,'2022-12-30 01:09:47',1),(10269,'010569',10269,10269,1,1,'2022-12-30 01:09:47',1),(10270,'010570',10270,10270,1,1,'2022-12-30 01:09:47',1),(10271,'010571',10271,10271,1,1,'2022-12-30 01:09:47',1),(10272,'010572',10272,10272,1,1,'2022-12-30 01:09:47',1),(10273,'010573',10273,10273,1,1,'2022-12-30 01:09:47',1),(10274,'010574',10274,10274,1,1,'2022-12-30 01:09:47',1),(10275,'010575',10275,10275,1,1,'2022-12-30 01:09:47',1),(10276,'010576',10276,10276,1,1,'2022-12-30 01:09:47',1),(10277,'010577',10277,10277,1,1,'2022-12-30 01:09:47',1),(10278,'010578',10278,10278,1,1,'2022-12-30 01:09:47',1),(10279,'010579',10279,10279,1,1,'2022-12-30 01:09:47',1),(10280,'010580',10280,10280,1,1,'2022-12-30 01:09:47',1),(10281,'010581',10281,10281,1,1,'2022-12-30 01:09:47',1),(10282,'010583',10282,10282,1,1,'2022-12-30 01:09:47',1),(10283,'010584',10283,10283,1,1,'2022-12-30 01:09:47',1),(10284,'010586',10284,10284,1,1,'2022-12-30 01:09:47',1),(10285,'010587',10285,10285,1,1,'2022-12-30 01:09:47',1),(10286,'010589',10286,10286,1,1,'2022-12-30 01:09:47',1),(10287,'010590',10287,10287,1,1,'2022-12-30 01:09:47',1),(10288,'010591',10288,10288,1,1,'2022-12-30 01:09:47',1),(10289,'010592',10289,10289,1,1,'2022-12-30 01:09:47',1),(10290,'010593',10290,10290,1,1,'2022-12-30 01:09:47',1),(10291,'010594',10291,10291,1,1,'2022-12-30 01:09:47',1),(10292,'010595',10292,10292,1,1,'2022-12-30 01:09:47',1),(10293,'010596',10293,10293,1,1,'2022-12-30 01:09:47',1),(10294,'010597',10294,10294,1,1,'2022-12-30 01:09:47',1),(10295,'010598',10295,10295,1,1,'2022-12-30 01:09:47',1),(10296,'010599',10296,10296,1,1,'2022-12-30 01:09:47',1),(10297,'010600',10297,10297,1,1,'2022-12-30 01:09:47',1),(10298,'010601',10298,10298,1,1,'2022-12-30 01:09:47',1),(10299,'010602',10299,10299,1,1,'2022-12-30 01:09:47',1),(10300,'010603',10300,10300,1,1,'2022-12-30 01:09:47',1),(10301,'010604',10301,10301,1,1,'2022-12-30 01:09:47',1),(10302,'010605',10302,10302,1,1,'2022-12-30 01:09:47',1),(10303,'010606',10303,10303,1,1,'2022-12-30 01:09:47',1),(10304,'010607',10304,10304,1,1,'2022-12-30 01:09:47',1),(10305,'010608',10305,10305,1,1,'2022-12-30 01:09:47',1),(10306,'010609',10306,10306,1,1,'2022-12-30 01:09:47',1),(10307,'010610',10307,10307,1,1,'2022-12-30 01:09:47',1),(10308,'010611',10308,10308,1,1,'2022-12-30 01:09:47',1),(10309,'010612',10309,10309,1,1,'2022-12-30 01:09:47',1),(10310,'010613',10310,10310,1,1,'2022-12-30 01:09:47',1),(10311,'010614',10311,10311,1,1,'2022-12-30 01:09:47',1),(10312,'010615',10312,10312,1,1,'2022-12-30 01:09:47',1),(10313,'010616',10313,10313,1,1,'2022-12-30 01:09:47',1),(10314,'010617',10314,10314,1,1,'2022-12-30 01:09:47',1),(10315,'010618',10315,10315,1,1,'2022-12-30 01:09:47',1),(10316,'010619',10316,10316,1,1,'2022-12-30 01:09:47',1),(10317,'010620',10317,10317,1,1,'2022-12-30 01:09:47',1),(10318,'010621',10318,10318,1,1,'2022-12-30 01:09:47',1),(10319,'010622',10319,10319,1,1,'2022-12-30 01:09:47',1),(10320,'010623',10320,10320,1,1,'2022-12-30 01:09:47',1),(10321,'010624',10321,10321,1,1,'2022-12-30 01:09:47',1),(10322,'010625',10322,10322,1,1,'2022-12-30 01:09:47',1),(10323,'010626',10323,10323,1,1,'2022-12-30 01:09:47',1),(10324,'010628',10324,10324,1,1,'2022-12-30 01:09:47',1),(10325,'010629',10325,10325,1,1,'2022-12-30 01:09:47',1),(10326,'010630',10326,10326,1,1,'2022-12-30 01:09:47',1),(10327,'010631',10327,10327,1,1,'2022-12-30 01:09:47',1),(10328,'010633',10328,10328,1,1,'2022-12-30 01:09:47',1),(10329,'010634',10329,10329,1,1,'2022-12-30 01:09:47',1),(10330,'010635',10330,10330,1,1,'2022-12-30 01:09:47',1),(10331,'010636',10331,10331,1,1,'2022-12-30 01:09:47',1),(10332,'010638',10332,10332,1,1,'2022-12-30 01:09:47',1),(10333,'010639',10333,10333,1,1,'2022-12-30 01:09:47',1),(10334,'010640',10334,10334,1,1,'2022-12-30 01:09:47',1),(10335,'010641',10335,10335,1,1,'2022-12-30 01:09:47',1),(10336,'010642',10336,10336,1,1,'2022-12-30 01:09:47',1),(10337,'010643',10337,10337,1,1,'2022-12-30 01:09:47',1),(10338,'010644',10338,10338,1,1,'2022-12-30 01:09:47',1),(10339,'010645',10339,10339,1,1,'2022-12-30 01:09:47',1),(10340,'010646',10340,10340,1,1,'2022-12-30 01:09:47',1),(10341,'010647',10341,10341,1,1,'2022-12-30 01:09:47',1),(10342,'010648',10342,10342,1,1,'2022-12-30 01:09:47',1),(10343,'010649',10343,10343,1,1,'2022-12-30 01:09:47',1),(10344,'010650',10344,10344,1,1,'2022-12-30 01:09:47',1),(10345,'010651',10345,10345,1,1,'2022-12-30 01:09:47',1),(10346,'010652',10346,10346,1,1,'2022-12-30 01:09:47',1),(10347,'010653',10347,10347,1,1,'2022-12-30 01:09:47',1),(10348,'010654',10348,10348,1,1,'2022-12-30 01:09:47',1),(10349,'010655',10349,10349,1,1,'2022-12-30 01:09:47',1),(10350,'010656',10350,10350,1,1,'2022-12-30 01:09:47',1),(10351,'010657',10351,10351,1,1,'2022-12-30 01:09:47',1),(10352,'010658',10352,10352,1,1,'2022-12-30 01:09:47',1),(10353,'010659',10353,10353,1,1,'2022-12-30 01:09:47',1),(10354,'010660',10354,10354,1,1,'2022-12-30 01:09:47',1),(10355,'010661',10355,10355,1,1,'2022-12-30 01:09:47',1),(10356,'010662',10356,10356,1,1,'2022-12-30 01:09:47',1),(10357,'010663',10357,10357,1,1,'2022-12-30 01:09:47',1),(10358,'010664',10358,10358,1,1,'2022-12-30 01:09:47',1),(10359,'010665',10359,10359,1,1,'2022-12-30 01:09:47',1),(10360,'010667',10360,10360,1,1,'2022-12-30 01:09:47',1),(10361,'010668',10361,10361,1,1,'2022-12-30 01:09:47',1),(10362,'010669',10362,10362,1,1,'2022-12-30 01:09:47',1),(10363,'010670',10363,10363,1,1,'2022-12-30 01:09:47',1),(10364,'010671',10364,10364,1,1,'2022-12-30 01:09:47',1),(10365,'010672',10365,10365,1,1,'2022-12-30 01:09:47',1),(10366,'010673',10366,10366,1,1,'2022-12-30 01:09:47',1),(10367,'010674',10367,10367,1,1,'2022-12-30 01:09:47',1),(10368,'010675',10368,10368,1,1,'2022-12-30 01:09:47',1),(10369,'010676',10369,10369,1,1,'2022-12-30 01:09:47',1),(10370,'010677',10370,10370,1,1,'2022-12-30 01:09:47',1),(10371,'010678',10371,10371,1,1,'2022-12-30 01:09:47',1),(10372,'010679',10372,10372,1,1,'2022-12-30 01:09:47',1),(10373,'010680',10373,10373,1,1,'2022-12-30 01:09:47',1),(10374,'010681',10374,10374,1,1,'2022-12-30 01:09:47',1),(10375,'010682',10375,10375,1,1,'2022-12-30 01:09:47',1),(10376,'010683',10376,10376,1,1,'2022-12-30 01:09:47',1),(10377,'010684',10377,10377,1,1,'2022-12-30 01:09:47',1),(10378,'010685',10378,10378,1,1,'2022-12-30 01:09:47',1),(10379,'010686',10379,10379,1,1,'2022-12-30 01:09:47',1),(10380,'010687',10380,10380,1,1,'2022-12-30 01:09:47',1),(10381,'010688',10381,10381,1,1,'2022-12-30 01:09:47',1),(10382,'010689',10382,10382,1,1,'2022-12-30 01:09:47',1),(10383,'010690',10383,10383,1,1,'2022-12-30 01:09:47',1),(10384,'010691',10384,10384,1,1,'2022-12-30 01:09:47',1),(10385,'010692',10385,10385,1,1,'2022-12-30 01:09:47',1),(10386,'010693',10386,10386,1,1,'2022-12-30 01:09:47',1),(10387,'010694',10387,10387,1,1,'2022-12-30 01:09:47',1),(10388,'010695',10388,10388,1,1,'2022-12-30 01:09:47',1),(10389,'010696',10389,10389,1,1,'2022-12-30 01:09:47',1),(10390,'010697',10390,10390,1,1,'2022-12-30 01:09:47',1),(10391,'010698',10391,10391,1,1,'2022-12-30 01:09:47',1),(10392,'010699',10392,10392,1,1,'2022-12-30 01:09:47',1),(10393,'010700',10393,10393,1,1,'2022-12-30 01:09:47',1),(10394,'010701',10394,10394,1,1,'2022-12-30 01:09:47',1),(10395,'010702',10395,10395,1,1,'2022-12-30 01:09:47',1),(10396,'010703',10396,10396,1,1,'2022-12-30 01:09:47',1),(10397,'010704',10397,10397,1,1,'2022-12-30 01:09:47',1),(10398,'010705',10398,10398,1,1,'2022-12-30 01:09:47',1),(10399,'010706',10399,10399,1,1,'2022-12-30 01:09:47',1),(10400,'010707',10400,10400,1,1,'2022-12-30 01:09:47',1),(10401,'010708',10401,10401,1,1,'2022-12-30 01:09:47',1),(10402,'010709',10402,10402,1,1,'2022-12-30 01:09:47',1),(10403,'010710',10403,10403,1,1,'2022-12-30 01:09:47',1),(10404,'010711',10404,10404,1,1,'2022-12-30 01:09:47',1),(10405,'010712',10405,10405,1,1,'2022-12-30 01:09:47',1),(10406,'010714',10406,10406,1,1,'2022-12-30 01:09:47',1),(10407,'010715',10407,10407,1,1,'2022-12-30 01:09:47',1),(10408,'010716',10408,10408,1,1,'2022-12-30 01:09:47',1),(10409,'010717',10409,10409,1,1,'2022-12-30 01:09:47',1),(10410,'010718',10410,10410,1,1,'2022-12-30 01:09:47',1),(10411,'010719',10411,10411,1,1,'2022-12-30 01:09:47',1),(10412,'010720',10412,10412,1,1,'2022-12-30 01:09:47',1),(10413,'010721',10413,10413,1,1,'2022-12-30 01:09:47',1),(10414,'010722',10414,10414,1,1,'2022-12-30 01:09:47',1),(10415,'010723',10415,10415,1,1,'2022-12-30 01:09:47',1),(10416,'010724',10416,10416,1,1,'2022-12-30 01:09:47',1),(10417,'010725',10417,10417,1,1,'2022-12-30 01:09:47',1),(10418,'010726',10418,10418,1,1,'2022-12-30 01:09:47',1),(10419,'010727',10419,10419,1,1,'2022-12-30 01:09:47',1),(10420,'010728',10420,10420,1,1,'2022-12-30 01:09:47',1),(10421,'010729',10421,10421,1,1,'2022-12-30 01:09:47',1),(10422,'010730',10422,10422,1,1,'2022-12-30 01:09:47',1),(10423,'010731',10423,10423,1,1,'2022-12-30 01:09:47',1),(10424,'010732',10424,10424,1,1,'2022-12-30 01:09:47',1),(10425,'010733',10425,10425,1,1,'2022-12-30 01:09:47',1),(10426,'010734',10426,10426,1,1,'2022-12-30 01:09:47',1),(10427,'010735',10427,10427,1,1,'2022-12-30 01:09:47',1),(10428,'010737',10428,10428,1,1,'2022-12-30 01:09:47',1),(10429,'010738',10429,10429,1,1,'2022-12-30 01:09:47',1),(10430,'010739',10430,10430,1,1,'2022-12-30 01:09:47',1),(10431,'010740',10431,10431,1,1,'2022-12-30 01:09:47',1),(10432,'010741',10432,10432,1,1,'2022-12-30 01:09:47',1),(10433,'010743',10433,10433,1,1,'2022-12-30 01:09:47',1),(10434,'010744',10434,10434,1,1,'2022-12-30 01:09:47',1),(10435,'010745',10435,10435,1,1,'2022-12-30 01:09:47',1),(10436,'010746',10436,10436,1,1,'2022-12-30 01:09:47',1),(10437,'010747',10437,10437,1,1,'2022-12-30 01:09:47',1),(10438,'010748',10438,10438,1,1,'2022-12-30 01:09:47',1),(10439,'010749',10439,10439,1,1,'2022-12-30 01:09:47',1),(10440,'010750',10440,10440,1,1,'2022-12-30 01:09:47',1),(10441,'010751',10441,10441,1,1,'2022-12-30 01:09:47',1),(10442,'010752',10442,10442,1,1,'2022-12-30 01:09:47',1),(10443,'010753',10443,10443,1,1,'2022-12-30 01:09:47',1),(10444,'010754',10444,10444,1,1,'2022-12-30 01:09:47',1),(10445,'010755',10445,10445,1,1,'2022-12-30 01:09:47',1),(10446,'010756',10446,10446,1,1,'2022-12-30 01:09:47',1),(10447,'010757',10447,10447,1,1,'2022-12-30 01:09:47',1),(10448,'010758',10448,10448,1,1,'2022-12-30 01:09:47',1),(10449,'010759',10449,10449,1,1,'2022-12-30 01:09:47',1),(10450,'010760',10450,10450,1,1,'2022-12-30 01:09:47',1),(10451,'010761',10451,10451,1,1,'2022-12-30 01:09:47',1),(10452,'010762',10452,10452,1,1,'2022-12-30 01:09:47',1),(10453,'010764',10453,10453,1,1,'2022-12-30 01:09:47',1),(10454,'010765',10454,10454,1,1,'2022-12-30 01:09:47',1),(10455,'010766',10455,10455,1,1,'2022-12-30 01:09:47',1),(10456,'010767',10456,10456,1,1,'2022-12-30 01:09:47',1),(10457,'010768',10457,10457,1,1,'2022-12-30 01:09:47',1),(10458,'010769',10458,10458,1,1,'2022-12-30 01:09:47',1),(10459,'010771',10459,10459,1,1,'2022-12-30 01:09:47',1),(10460,'010772',10460,10460,1,1,'2022-12-30 01:09:47',1),(10461,'010773',10461,10461,1,1,'2022-12-30 01:09:47',1),(10462,'010774',10462,10462,1,1,'2022-12-30 01:09:47',1),(10463,'010775',10463,10463,1,1,'2022-12-30 01:09:47',1),(10464,'010776',10464,10464,1,1,'2022-12-30 01:09:47',1),(10465,'010777',10465,10465,1,1,'2022-12-30 01:09:47',1),(10466,'010778',10466,10466,1,1,'2022-12-30 01:09:47',1),(10467,'010779',10467,10467,1,1,'2022-12-30 01:09:47',1),(10468,'010780',10468,10468,1,1,'2022-12-30 01:09:47',1),(10469,'010781',10469,10469,1,1,'2022-12-30 01:09:47',1),(10470,'010782',10470,10470,1,1,'2022-12-30 01:09:47',1),(10471,'010783',10471,10471,1,1,'2022-12-30 01:09:47',1),(10472,'010784',10472,10472,1,1,'2022-12-30 01:09:47',1),(10473,'010785',10473,10473,1,1,'2022-12-30 01:09:47',1),(10474,'010786',10474,10474,1,1,'2022-12-30 01:09:47',1),(10475,'010787',10475,10475,1,1,'2022-12-30 01:09:47',1),(10476,'010788',10476,10476,1,1,'2022-12-30 01:09:47',1),(10477,'010789',10477,10477,1,1,'2022-12-30 01:09:47',1),(10478,'010790',10478,10478,1,1,'2022-12-30 01:09:47',1),(10479,'010791',10479,10479,1,1,'2022-12-30 01:09:47',1),(10480,'010792',10480,10480,1,1,'2022-12-30 01:09:47',1),(10481,'010793',10481,10481,1,1,'2022-12-30 01:09:47',1),(10482,'010794',10482,10482,1,1,'2022-12-30 01:09:47',1),(10483,'010795',10483,10483,1,1,'2022-12-30 01:09:47',1),(10484,'010796',10484,10484,1,1,'2022-12-30 01:09:47',1),(10485,'010797',10485,10485,1,1,'2022-12-30 01:09:47',1),(10486,'010798',10486,10486,1,1,'2022-12-30 01:09:47',1),(10487,'010799',10487,10487,1,1,'2022-12-30 01:09:47',1),(10488,'010800',10488,10488,1,1,'2022-12-30 01:09:47',1),(10489,'010801',10489,10489,1,1,'2022-12-30 01:09:47',1),(10490,'010802',10490,10490,1,1,'2022-12-30 01:09:47',1),(10491,'010803',10491,10491,1,1,'2022-12-30 01:09:47',1),(10492,'010804',10492,10492,1,1,'2022-12-30 01:09:47',1),(10493,'010805',10493,10493,1,1,'2022-12-30 01:09:47',1),(10494,'010806',10494,10494,1,1,'2022-12-30 01:09:47',1),(10495,'010807',10495,10495,1,1,'2022-12-30 01:09:47',1),(10496,'010808',10496,10496,1,1,'2022-12-30 01:09:47',1),(10497,'010809',10497,10497,1,1,'2022-12-30 01:09:47',1),(10498,'010810',10498,10498,1,1,'2022-12-30 01:09:47',1),(10499,'010811',10499,10499,1,1,'2022-12-30 01:09:47',1),(10500,'010812',10500,10500,1,1,'2022-12-30 01:09:47',1),(10501,'010813',10501,10501,1,1,'2022-12-30 01:09:47',1),(10502,'010814',10502,10502,1,1,'2022-12-30 01:09:47',1),(10503,'010815',10503,10503,1,1,'2022-12-30 01:09:47',1),(10504,'010816',10504,10504,1,1,'2022-12-30 01:09:47',1),(10505,'010817',10505,10505,1,1,'2022-12-30 01:09:47',1),(10506,'010818',10506,10506,1,1,'2022-12-30 01:09:47',1),(10507,'010819',10507,10507,1,1,'2022-12-30 01:09:47',1),(10508,'010820',10508,10508,1,1,'2022-12-30 01:09:47',1),(10509,'010821',10509,10509,1,1,'2022-12-30 01:09:47',1),(10510,'010822',10510,10510,1,1,'2022-12-30 01:09:47',1),(10511,'010823',10511,10511,1,1,'2022-12-30 01:09:47',1),(10512,'010824',10512,10512,1,1,'2022-12-30 01:09:47',1),(10513,'010825',10513,10513,1,1,'2022-12-30 01:09:47',1),(10514,'010826',10514,10514,1,1,'2022-12-30 01:09:47',1),(10515,'010827',10515,10515,1,1,'2022-12-30 01:09:47',1),(10516,'010828',10516,10516,1,1,'2022-12-30 01:09:47',1),(10517,'010829',10517,10517,1,1,'2022-12-30 01:09:47',1),(10518,'010830',10518,10518,1,1,'2022-12-30 01:09:47',1),(10519,'010831',10519,10519,1,1,'2022-12-30 01:09:47',1),(10520,'010832',10520,10520,1,1,'2022-12-30 01:09:47',1),(10521,'010833',10521,10521,1,1,'2022-12-30 01:09:47',1),(10522,'010834',10522,10522,1,1,'2022-12-30 01:09:47',1),(10523,'010835',10523,10523,1,1,'2022-12-30 01:09:47',1),(10524,'010836',10524,10524,1,1,'2022-12-30 01:09:47',1),(10525,'010837',10525,10525,1,1,'2022-12-30 01:09:47',1),(10526,'010838',10526,10526,1,1,'2022-12-30 01:09:47',1),(10527,'010839',10527,10527,1,1,'2022-12-30 01:09:47',1),(10528,'010840',10528,10528,1,1,'2022-12-30 01:09:47',1),(10529,'010841',10529,10529,1,1,'2022-12-30 01:09:47',1),(10530,'010843',10530,10530,1,1,'2022-12-30 01:09:47',1),(10531,'010844',10531,10531,1,1,'2022-12-30 01:09:47',1),(10532,'010845',10532,10532,1,1,'2022-12-30 01:09:47',1),(10533,'010846',10533,10533,1,1,'2022-12-30 01:09:47',1),(10534,'010847',10534,10534,1,1,'2022-12-30 01:09:47',1),(10535,'010848',10535,10535,1,1,'2022-12-30 01:09:47',1),(10536,'010849',10536,10536,1,1,'2022-12-30 01:09:47',1),(10537,'010850',10537,10537,1,1,'2022-12-30 01:09:47',1),(10538,'010851',10538,10538,1,1,'2022-12-30 01:09:47',1),(10539,'010852',10539,10539,1,1,'2022-12-30 01:09:47',1),(10540,'010853',10540,10540,1,1,'2022-12-30 01:09:47',1),(10541,'010854',10541,10541,1,1,'2022-12-30 01:09:47',1),(10542,'010855',10542,10542,1,1,'2022-12-30 01:09:47',1),(10543,'010856',10543,10543,1,1,'2022-12-30 01:09:47',1),(10544,'010858',10544,10544,1,1,'2022-12-30 01:09:47',1),(10545,'010859',10545,10545,1,1,'2022-12-30 01:09:47',1),(10546,'010860',10546,10546,1,1,'2022-12-30 01:09:47',1),(10547,'010861',10547,10547,1,1,'2022-12-30 01:09:47',1),(10548,'010862',10548,10548,1,1,'2022-12-30 01:09:47',1),(10549,'010863',10549,10549,1,1,'2022-12-30 01:09:47',1),(10550,'010864',10550,10550,1,1,'2022-12-30 01:09:47',1),(10551,'010865',10551,10551,1,1,'2022-12-30 01:09:47',1),(10552,'010867',10552,10552,1,1,'2022-12-30 01:09:47',1),(10553,'010868',10553,10553,1,1,'2022-12-30 01:09:47',1),(10554,'010869',10554,10554,1,1,'2022-12-30 01:09:47',1),(10555,'010870',10555,10555,1,1,'2022-12-30 01:09:47',1),(10556,'010872',10556,10556,1,1,'2022-12-30 01:09:47',1),(10557,'010873',10557,10557,1,1,'2022-12-30 01:09:47',1),(10558,'010874',10558,10558,1,1,'2022-12-30 01:09:47',1),(10559,'010875',10559,10559,1,1,'2022-12-30 01:09:47',1),(10560,'010876',10560,10560,1,1,'2022-12-30 01:09:47',1),(10561,'010877',10561,10561,1,1,'2022-12-30 01:09:47',1),(10562,'010878',10562,10562,1,1,'2022-12-30 01:09:47',1),(10563,'010879',10563,10563,1,1,'2022-12-30 01:09:47',1),(10564,'010880',10564,10564,1,1,'2022-12-30 01:09:47',1),(10565,'010881',10565,10565,1,1,'2022-12-30 01:09:47',1),(10566,'010882',10566,10566,1,1,'2022-12-30 01:09:47',1),(10567,'010883',10567,10567,1,1,'2022-12-30 01:09:47',1),(10568,'010884',10568,10568,1,1,'2022-12-30 01:09:47',1),(10569,'010885',10569,10569,1,1,'2022-12-30 01:09:47',1),(10570,'010886',10570,10570,1,1,'2022-12-30 01:09:47',1),(10571,'010887',10571,10571,1,1,'2022-12-30 01:09:47',1),(10572,'010888',10572,10572,1,1,'2022-12-30 01:09:47',1),(10573,'010889',10573,10573,1,1,'2022-12-30 01:09:47',1),(10574,'010890',10574,10574,1,1,'2022-12-30 01:09:47',1),(10575,'010891',10575,10575,1,1,'2022-12-30 01:09:47',1),(10576,'010892',10576,10576,1,1,'2022-12-30 01:09:47',1),(10577,'010893',10577,10577,1,1,'2022-12-30 01:09:47',1),(10578,'010894',10578,10578,1,1,'2022-12-30 01:09:47',1),(10579,'010895',10579,10579,1,1,'2022-12-30 01:09:47',1),(10580,'010896',10580,10580,1,1,'2022-12-30 01:09:47',1),(10581,'010897',10581,10581,1,1,'2022-12-30 01:09:47',1),(10582,'010898',10582,10582,1,1,'2022-12-30 01:09:47',1),(10583,'010899',10583,10583,1,1,'2022-12-30 01:09:47',1),(10584,'010900',10584,10584,1,1,'2022-12-30 01:09:47',1),(10585,'010901',10585,10585,1,1,'2022-12-30 01:09:47',1),(10586,'010902',10586,10586,1,1,'2022-12-30 01:09:47',1),(10587,'010903',10587,10587,1,1,'2022-12-30 01:09:47',1),(10588,'010904',10588,10588,1,1,'2022-12-30 01:09:47',1),(10589,'010905',10589,10589,1,1,'2022-12-30 01:09:47',1),(10590,'010906',10590,10590,1,1,'2022-12-30 01:09:47',1),(10591,'010908',10591,10591,1,1,'2022-12-30 01:09:47',1),(10592,'010909',10592,10592,1,1,'2022-12-30 01:09:47',1),(10593,'010910',10593,10593,1,1,'2022-12-30 01:09:47',1),(10594,'010911',10594,10594,1,1,'2022-12-30 01:09:47',1),(10595,'010912',10595,10595,1,1,'2022-12-30 01:09:47',1),(10596,'010913',10596,10596,1,1,'2022-12-30 01:09:47',1),(10597,'010914',10597,10597,1,1,'2022-12-30 01:09:47',1),(10598,'010916',10598,10598,1,1,'2022-12-30 01:09:47',1),(10599,'010917',10599,10599,1,1,'2022-12-30 01:09:47',1),(10600,'010918',10600,10600,1,1,'2022-12-30 01:09:47',1),(10601,'010919',10601,10601,1,1,'2022-12-30 01:09:47',1),(10602,'010920',10602,10602,1,1,'2022-12-30 01:09:47',1),(10603,'010921',10603,10603,1,1,'2022-12-30 01:09:47',1),(10604,'010922',10604,10604,1,1,'2022-12-30 01:09:47',1),(10605,'010923',10605,10605,1,1,'2022-12-30 01:09:47',1),(10606,'010924',10606,10606,1,1,'2022-12-30 01:09:47',1),(10607,'010925',10607,10607,1,1,'2022-12-30 01:09:47',1),(10608,'010926',10608,10608,1,1,'2022-12-30 01:09:47',1),(10609,'010927',10609,10609,1,1,'2022-12-30 01:09:47',1),(10610,'010928',10610,10610,1,1,'2022-12-30 01:09:47',1),(10611,'010929',10611,10611,1,1,'2022-12-30 01:09:47',1),(10612,'010930',10612,10612,1,1,'2022-12-30 01:09:47',1),(10613,'010931',10613,10613,1,1,'2022-12-30 01:09:47',1),(10614,'010932',10614,10614,1,1,'2022-12-30 01:09:47',1),(10615,'010933',10615,10615,1,1,'2022-12-30 01:09:47',1),(10616,'010934',10616,10616,1,1,'2022-12-30 01:09:47',1),(10617,'010935',10617,10617,1,1,'2022-12-30 01:09:47',1),(10618,'010936',10618,10618,1,1,'2022-12-30 01:09:47',1),(10619,'010937',10619,10619,1,1,'2022-12-30 01:09:47',1),(10620,'010938',10620,10620,1,1,'2022-12-30 01:09:47',1),(10621,'010939',10621,10621,1,1,'2022-12-30 01:09:47',1),(10622,'010940',10622,10622,1,1,'2022-12-30 01:09:47',1),(10623,'010941',10623,10623,1,1,'2022-12-30 01:09:47',1),(10624,'010942',10624,10624,1,1,'2022-12-30 01:09:47',1),(10625,'010943',10625,10625,1,1,'2022-12-30 01:09:47',1),(10626,'010944',10626,10626,1,1,'2022-12-30 01:09:47',1),(10627,'010945',10627,10627,1,1,'2022-12-30 01:09:47',1),(10628,'010946',10628,10628,1,1,'2022-12-30 01:09:47',1),(10629,'010948',10629,10629,1,1,'2022-12-30 01:09:47',1),(10630,'010950',10630,10630,1,1,'2022-12-30 01:09:47',1),(10631,'010951',10631,10631,1,1,'2022-12-30 01:09:47',1),(10632,'010952',10632,10632,1,1,'2022-12-30 01:09:47',1),(10633,'010953',10633,10633,1,1,'2022-12-30 01:09:47',1),(10634,'010954',10634,10634,1,1,'2022-12-30 01:09:47',1),(10635,'010955',10635,10635,1,1,'2022-12-30 01:09:47',1),(10636,'010956',10636,10636,1,1,'2022-12-30 01:09:47',1),(10637,'010957',10637,10637,1,1,'2022-12-30 01:09:47',1),(10638,'010958',10638,10638,1,1,'2022-12-30 01:09:47',1),(10639,'010959',10639,10639,1,1,'2022-12-30 01:09:47',1),(10640,'010960',10640,10640,1,1,'2022-12-30 01:09:47',1),(10641,'010961',10641,10641,1,1,'2022-12-30 01:09:47',1),(10642,'010962',10642,10642,1,1,'2022-12-30 01:09:47',1),(10643,'010963',10643,10643,1,1,'2022-12-30 01:09:47',1),(10644,'010964',10644,10644,1,1,'2022-12-30 01:09:47',1),(10645,'010965',10645,10645,1,1,'2022-12-30 01:09:47',1),(10646,'010966',10646,10646,1,1,'2022-12-30 01:09:47',1),(10647,'010967',10647,10647,1,1,'2022-12-30 01:09:47',1),(10648,'010968',10648,10648,1,1,'2022-12-30 01:09:47',1),(10649,'010969',10649,10649,1,1,'2022-12-30 01:09:47',1),(10650,'010970',10650,10650,1,1,'2022-12-30 01:09:47',1),(10651,'010971',10651,10651,1,1,'2022-12-30 01:09:47',1),(10652,'010973',10652,10652,1,1,'2022-12-30 01:09:47',1),(10653,'010974',10653,10653,1,1,'2022-12-30 01:09:47',1),(10654,'010975',10654,10654,1,1,'2022-12-30 01:09:47',1),(10655,'010976',10655,10655,1,1,'2022-12-30 01:09:47',1),(10656,'010977',10656,10656,1,1,'2022-12-30 01:09:47',1),(10657,'010978',10657,10657,1,1,'2022-12-30 01:09:47',1),(10658,'010979',10658,10658,1,1,'2022-12-30 01:09:47',1),(10659,'010980',10659,10659,1,1,'2022-12-30 01:09:47',1),(10660,'010981',10660,10660,1,1,'2022-12-30 01:09:47',1),(10661,'010982',10661,10661,1,1,'2022-12-30 01:09:47',1),(10662,'010983',10662,10662,1,1,'2022-12-30 01:09:47',1),(10663,'010984',10663,10663,1,1,'2022-12-30 01:09:47',1),(10664,'010985',10664,10664,1,1,'2022-12-30 01:09:47',1),(10665,'010986',10665,10665,1,1,'2022-12-30 01:09:47',1),(10666,'010987',10666,10666,1,1,'2022-12-30 01:09:47',1),(10667,'010988',10667,10667,1,1,'2022-12-30 01:09:47',1),(10668,'010989',10668,10668,1,1,'2022-12-30 01:09:47',1),(10669,'010990',10669,10669,1,1,'2022-12-30 01:09:47',1),(10670,'010991',10670,10670,1,1,'2022-12-30 01:09:47',1),(10671,'010992',10671,10671,1,1,'2022-12-30 01:09:47',1),(10672,'010993',10672,10672,1,1,'2022-12-30 01:09:47',1),(10673,'010994',10673,10673,1,1,'2022-12-30 01:09:47',1),(10674,'010995',10674,10674,1,1,'2022-12-30 01:09:47',1),(10675,'010996',10675,10675,1,1,'2022-12-30 01:09:47',1),(10676,'010997',10676,10676,1,1,'2022-12-30 01:09:47',1),(10677,'010998',10677,10677,1,1,'2022-12-30 01:09:47',1),(10678,'010999',10678,10678,1,1,'2022-12-30 01:09:47',1),(10679,'011000',10679,10679,1,1,'2022-12-30 01:09:47',1),(10680,'011001',10680,10680,1,1,'2022-12-30 01:09:47',1),(10681,'011002',10681,10681,1,1,'2022-12-30 01:09:47',1),(10682,'011003',10682,10682,1,1,'2022-12-30 01:09:47',1),(10683,'011004',10683,10683,1,1,'2022-12-30 01:09:47',1),(10684,'011005',10684,10684,1,1,'2022-12-30 01:09:47',1),(10685,'011006',10685,10685,1,1,'2022-12-30 01:09:47',1),(10686,'011007',10686,10686,1,1,'2022-12-30 01:09:47',1),(10687,'011008',10687,10687,1,1,'2022-12-30 01:09:47',1),(10688,'011009',10688,10688,1,1,'2022-12-30 01:09:47',1),(10689,'011010',10689,10689,1,1,'2022-12-30 01:09:47',1),(10690,'011011',10690,10690,1,1,'2022-12-30 01:09:47',1),(10691,'011012',10691,10691,1,1,'2022-12-30 01:09:47',1),(10692,'011013',10692,10692,1,1,'2022-12-30 01:09:47',1),(10693,'011014',10693,10693,1,1,'2022-12-30 01:09:47',1),(10694,'011015',10694,10694,1,1,'2022-12-30 01:09:47',1),(10695,'011016',10695,10695,1,1,'2022-12-30 01:09:47',1),(10696,'011017',10696,10696,1,1,'2022-12-30 01:09:47',1),(10697,'011018',10697,10697,1,1,'2022-12-30 01:09:47',1),(10698,'011019',10698,10698,1,1,'2022-12-30 01:09:47',1),(10699,'011020',10699,10699,1,1,'2022-12-30 01:09:47',1),(10700,'011021',10700,10700,1,1,'2022-12-30 01:09:47',1),(10701,'011022',10701,10701,1,1,'2022-12-30 01:09:47',1),(10702,'011023',10702,10702,1,1,'2022-12-30 01:09:47',1),(10703,'011024',10703,10703,1,1,'2022-12-30 01:09:47',1),(10704,'011025',10704,10704,1,1,'2022-12-30 01:09:47',1),(10705,'011026',10705,10705,1,1,'2022-12-30 01:09:47',1),(10706,'011027',10706,10706,1,1,'2022-12-30 01:09:47',1),(10707,'011028',10707,10707,1,1,'2022-12-30 01:09:47',1),(10708,'011029',10708,10708,1,1,'2022-12-30 01:09:47',1),(10709,'011030',10709,10709,1,1,'2022-12-30 01:09:47',1),(10710,'011031',10710,10710,1,1,'2022-12-30 01:09:47',1),(10711,'011032',10711,10711,1,1,'2022-12-30 01:09:47',1),(10712,'011033',10712,10712,1,1,'2022-12-30 01:09:47',1),(10713,'011034',10713,10713,1,1,'2022-12-30 01:09:47',1),(10714,'011035',10714,10714,1,1,'2022-12-30 01:09:47',1),(10715,'011036',10715,10715,1,1,'2022-12-30 01:09:47',1),(10716,'011037',10716,10716,1,1,'2022-12-30 01:09:47',1),(10717,'011038',10717,10717,1,1,'2022-12-30 01:09:47',1),(10718,'011039',10718,10718,1,1,'2022-12-30 01:09:47',1),(10719,'011040',10719,10719,1,1,'2022-12-30 01:09:47',1),(10720,'011041',10720,10720,1,1,'2022-12-30 01:09:47',1),(10721,'011042',10721,10721,1,1,'2022-12-30 01:09:47',1),(10722,'011043',10722,10722,1,1,'2022-12-30 01:09:47',1),(10723,'011044',10723,10723,1,1,'2022-12-30 01:09:47',1),(10724,'011045',10724,10724,1,1,'2022-12-30 01:09:47',1),(10725,'011046',10725,10725,1,1,'2022-12-30 01:09:47',1),(10726,'011047',10726,10726,1,1,'2022-12-30 01:09:47',1),(10727,'011048',10727,10727,1,1,'2022-12-30 01:09:47',1),(10728,'011049',10728,10728,1,1,'2022-12-30 01:09:47',1),(10729,'011050',10729,10729,1,1,'2022-12-30 01:09:47',1),(10730,'011051',10730,10730,1,1,'2022-12-30 01:09:47',1),(10731,'011052',10731,10731,1,1,'2022-12-30 01:09:47',1),(10732,'011053',10732,10732,1,1,'2022-12-30 01:09:47',1),(10733,'011054',10733,10733,1,1,'2022-12-30 01:09:47',1),(10734,'011055',10734,10734,1,1,'2022-12-30 01:09:47',1),(10735,'011056',10735,10735,1,1,'2022-12-30 01:09:47',1),(10736,'011057',10736,10736,1,1,'2022-12-30 01:09:47',1),(10737,'011059',10737,10737,1,1,'2022-12-30 01:09:47',1),(10738,'011060',10738,10738,1,1,'2022-12-30 01:09:47',1),(10739,'011061',10739,10739,1,1,'2022-12-30 01:09:47',1),(10740,'011062',10740,10740,1,1,'2022-12-30 01:09:47',1),(10741,'011063',10741,10741,1,1,'2022-12-30 01:09:47',1),(10742,'011064',10742,10742,1,1,'2022-12-30 01:09:47',1),(10743,'011065',10743,10743,1,1,'2022-12-30 01:09:47',1),(10744,'011067',10744,10744,1,1,'2022-12-30 01:09:47',1),(10745,'011068',10745,10745,1,1,'2022-12-30 01:09:47',1),(10746,'011069',10746,10746,1,1,'2022-12-30 01:09:47',1),(10747,'011070',10747,10747,1,1,'2022-12-30 01:09:47',1),(10748,'011071',10748,10748,1,1,'2022-12-30 01:09:47',1),(10749,'011072',10749,10749,1,1,'2022-12-30 01:09:47',1),(10750,'011073',10750,10750,1,1,'2022-12-30 01:09:47',1),(10751,'011074',10751,10751,1,1,'2022-12-30 01:09:47',1),(10752,'011075',10752,10752,1,1,'2022-12-30 01:09:47',1),(10753,'011076',10753,10753,1,1,'2022-12-30 01:09:47',1),(10754,'011077',10754,10754,1,1,'2022-12-30 01:09:47',1),(10755,'011078',10755,10755,1,1,'2022-12-30 01:09:47',1),(10756,'011079',10756,10756,1,1,'2022-12-30 01:09:47',1),(10757,'011080',10757,10757,1,1,'2022-12-30 01:09:47',1),(10758,'011081',10758,10758,1,1,'2022-12-30 01:09:47',1),(10759,'011083',10759,10759,1,1,'2022-12-30 01:09:47',1),(10760,'011084',10760,10760,1,1,'2022-12-30 01:09:47',1),(10761,'011085',10761,10761,1,1,'2022-12-30 01:09:47',1),(10762,'011086',10762,10762,1,1,'2022-12-30 01:09:47',1),(10763,'011087',10763,10763,1,1,'2022-12-30 01:09:47',1),(10764,'011088',10764,10764,1,1,'2022-12-30 01:09:47',1),(10765,'011089',10765,10765,1,1,'2022-12-30 01:09:47',1),(10766,'011090',10766,10766,1,1,'2022-12-30 01:09:47',1),(10767,'011091',10767,10767,1,1,'2022-12-30 01:09:47',1),(10768,'011092',10768,10768,1,1,'2022-12-30 01:09:47',1),(10769,'011093',10769,10769,1,1,'2022-12-30 01:09:47',1),(10770,'011094',10770,10770,1,1,'2022-12-30 01:09:47',1),(10771,'011095',10771,10771,1,1,'2022-12-30 01:09:47',1),(10772,'011096',10772,10772,1,1,'2022-12-30 01:09:47',1),(10773,'011097',10773,10773,1,1,'2022-12-30 01:09:47',1),(10774,'011098',10774,10774,1,1,'2022-12-30 01:09:47',1),(10775,'011099',10775,10775,1,1,'2022-12-30 01:09:47',1),(10776,'011100',10776,10776,1,1,'2022-12-30 01:09:47',1),(10777,'011101',10777,10777,1,1,'2022-12-30 01:09:47',1),(10778,'011102',10778,10778,1,1,'2022-12-30 01:09:47',1),(10779,'011103',10779,10779,1,1,'2022-12-30 01:09:47',1),(10780,'011104',10780,10780,1,1,'2022-12-30 01:09:47',1),(10781,'011105',10781,10781,1,1,'2022-12-30 01:09:47',1),(10782,'011106',10782,10782,1,1,'2022-12-30 01:09:47',1),(10783,'011107',10783,10783,1,1,'2022-12-30 01:09:47',1),(10784,'011108',10784,10784,1,1,'2022-12-30 01:09:47',1),(10785,'011109',10785,10785,1,1,'2022-12-30 01:09:47',1),(10786,'011110',10786,10786,1,1,'2022-12-30 01:09:47',1),(10787,'011111',10787,10787,1,1,'2022-12-30 01:09:47',1),(10788,'011112',10788,10788,1,1,'2022-12-30 01:09:47',1),(10789,'011113',10789,10789,1,1,'2022-12-30 01:09:47',1),(10790,'011114',10790,10790,1,1,'2022-12-30 01:09:47',1),(10791,'011115',10791,10791,1,1,'2022-12-30 01:09:47',1),(10792,'011116',10792,10792,1,1,'2022-12-30 01:09:47',1),(10793,'011117',10793,10793,1,1,'2022-12-30 01:09:47',1),(10794,'011118',10794,10794,1,1,'2022-12-30 01:09:47',1),(10795,'011119',10795,10795,1,1,'2022-12-30 01:09:47',1),(10796,'011120',10796,10796,1,1,'2022-12-30 01:09:47',1),(10797,'011121',10797,10797,1,1,'2022-12-30 01:09:47',1),(10798,'011122',10798,10798,1,1,'2022-12-30 01:09:47',1),(10799,'011123',10799,10799,1,1,'2022-12-30 01:09:47',1),(10800,'011125',10800,10800,1,1,'2022-12-30 01:09:47',1),(10801,'011126',10801,10801,1,1,'2022-12-30 01:09:47',1),(10802,'011127',10802,10802,1,1,'2022-12-30 01:09:47',1),(10803,'011128',10803,10803,1,1,'2022-12-30 01:09:47',1),(10804,'011129',10804,10804,1,1,'2022-12-30 01:09:47',1),(10805,'011130',10805,10805,1,1,'2022-12-30 01:09:47',1),(10806,'011131',10806,10806,1,1,'2022-12-30 01:09:47',1),(10807,'011132',10807,10807,1,1,'2022-12-30 01:09:47',1),(10808,'011133',10808,10808,1,1,'2022-12-30 01:09:47',1),(10809,'011134',10809,10809,1,1,'2022-12-30 01:09:47',1),(10810,'011135',10810,10810,1,1,'2022-12-30 01:09:47',1),(10811,'011136',10811,10811,1,1,'2022-12-30 01:09:47',1),(10812,'011137',10812,10812,1,1,'2022-12-30 01:09:47',1),(10813,'011138',10813,10813,1,1,'2022-12-30 01:09:47',1),(10814,'011140',10814,10814,1,1,'2022-12-30 01:09:47',1),(10815,'011141',10815,10815,1,1,'2022-12-30 01:09:47',1),(10816,'011142',10816,10816,1,1,'2022-12-30 01:09:47',1),(10817,'011143',10817,10817,1,1,'2022-12-30 01:09:47',1),(10818,'011144',10818,10818,1,1,'2022-12-30 01:09:47',1),(10819,'011145',10819,10819,1,1,'2022-12-30 01:09:47',1),(10820,'011146',10820,10820,1,1,'2022-12-30 01:09:47',1),(10821,'011147',10821,10821,1,1,'2022-12-30 01:09:47',1),(10822,'011148',10822,10822,1,1,'2022-12-30 01:09:47',1),(10823,'011149',10823,10823,1,1,'2022-12-30 01:09:47',1),(10824,'011150',10824,10824,1,1,'2022-12-30 01:09:47',1),(10825,'011151',10825,10825,1,1,'2022-12-30 01:09:47',1),(10826,'011152',10826,10826,1,1,'2022-12-30 01:09:47',1),(10827,'011153',10827,10827,1,1,'2022-12-30 01:09:47',1),(10828,'011154',10828,10828,1,1,'2022-12-30 01:09:47',1),(10829,'011155',10829,10829,1,1,'2022-12-30 01:09:47',1),(10830,'011156',10830,10830,1,1,'2022-12-30 01:09:47',1),(10831,'011157',10831,10831,1,1,'2022-12-30 01:09:47',1),(10832,'011158',10832,10832,1,1,'2022-12-30 01:09:47',1),(10833,'011159',10833,10833,1,1,'2022-12-30 01:09:47',1),(10834,'011160',10834,10834,1,1,'2022-12-30 01:09:47',1),(10835,'011161',10835,10835,1,1,'2022-12-30 01:09:47',1),(10836,'011162',10836,10836,1,1,'2022-12-30 01:09:47',1),(10837,'011163',10837,10837,1,1,'2022-12-30 01:09:47',1),(10838,'011164',10838,10838,1,1,'2022-12-30 01:09:47',1),(10839,'011165',10839,10839,1,1,'2022-12-30 01:09:47',1),(10840,'011166',10840,10840,1,1,'2022-12-30 01:09:47',1),(10841,'011167',10841,10841,1,1,'2022-12-30 01:09:47',1),(10842,'011168',10842,10842,1,1,'2022-12-30 01:09:47',1),(10843,'011169',10843,10843,1,1,'2022-12-30 01:09:47',1),(10844,'011170',10844,10844,1,1,'2022-12-30 01:09:47',1),(10845,'011171',10845,10845,1,1,'2022-12-30 01:09:47',1),(10846,'011173',10846,10846,1,1,'2022-12-30 01:09:47',1),(10847,'011174',10847,10847,1,1,'2022-12-30 01:09:47',1),(10848,'011175',10848,10848,1,1,'2022-12-30 01:09:47',1),(10849,'011176',10849,10849,1,1,'2022-12-30 01:09:47',1),(10850,'011177',10850,10850,1,1,'2022-12-30 01:09:47',1),(10851,'011178',10851,10851,1,1,'2022-12-30 01:09:47',1),(10852,'011179',10852,10852,1,1,'2022-12-30 01:09:47',1),(10853,'011180',10853,10853,1,1,'2022-12-30 01:09:47',1),(10854,'011181',10854,10854,1,1,'2022-12-30 01:09:47',1),(10855,'011182',10855,10855,1,1,'2022-12-30 01:09:47',1),(10856,'011183',10856,10856,1,1,'2022-12-30 01:09:47',1),(10857,'011184',10857,10857,1,1,'2022-12-30 01:09:47',1),(10858,'011185',10858,10858,1,1,'2022-12-30 01:09:47',1),(10859,'011186',10859,10859,1,1,'2022-12-30 01:09:47',1),(10860,'011187',10860,10860,1,1,'2022-12-30 01:09:47',1),(10861,'011188',10861,10861,1,1,'2022-12-30 01:09:47',1),(10862,'011189',10862,10862,1,1,'2022-12-30 01:09:47',1),(10863,'011190',10863,10863,1,1,'2022-12-30 01:09:47',1),(10864,'011191',10864,10864,1,1,'2022-12-30 01:09:47',1),(10865,'011194',10865,10865,1,1,'2022-12-30 01:09:47',1),(10866,'011195',10866,10866,1,1,'2022-12-30 01:09:47',1),(10867,'011196',10867,10867,1,1,'2022-12-30 01:09:47',1),(10868,'011197',10868,10868,1,1,'2022-12-30 01:09:47',1),(10869,'011198',10869,10869,1,1,'2022-12-30 01:09:47',1),(10870,'011199',10870,10870,1,1,'2022-12-30 01:09:47',1),(10871,'011200',10871,10871,1,1,'2022-12-30 01:09:47',1),(10872,'011201',10872,10872,1,1,'2022-12-30 01:09:47',1),(10873,'011202',10873,10873,1,1,'2022-12-30 01:09:47',1),(10874,'011203',10874,10874,1,1,'2022-12-30 01:09:47',1),(10875,'011204',10875,10875,1,1,'2022-12-30 01:09:47',1),(10876,'011205',10876,10876,1,1,'2022-12-30 01:09:47',1),(10877,'011206',10877,10877,1,1,'2022-12-30 01:09:47',1),(10878,'011207',10878,10878,1,1,'2022-12-30 01:09:47',1),(10879,'011209',10879,10879,1,1,'2022-12-30 01:09:47',1),(10880,'011210',10880,10880,1,1,'2022-12-30 01:09:47',1),(10881,'011211',10881,10881,1,1,'2022-12-30 01:09:47',1),(10882,'011213',10882,10882,1,1,'2022-12-30 01:09:47',1),(10883,'011214',10883,10883,1,1,'2022-12-30 01:09:47',1),(10884,'011215',10884,10884,1,1,'2022-12-30 01:09:47',1),(10885,'011216',10885,10885,1,1,'2022-12-30 01:09:47',1),(10886,'011217',10886,10886,1,1,'2022-12-30 01:09:47',1),(10887,'011218',10887,10887,1,1,'2022-12-30 01:09:47',1),(10888,'011219',10888,10888,1,1,'2022-12-30 01:09:47',1),(10889,'011220',10889,10889,1,1,'2022-12-30 01:09:47',1),(10890,'011221',10890,10890,1,1,'2022-12-30 01:09:47',1),(10891,'011222',10891,10891,1,1,'2022-12-30 01:09:47',1),(10892,'011223',10892,10892,1,1,'2022-12-30 01:09:47',1),(10893,'011224',10893,10893,1,1,'2022-12-30 01:09:47',1),(10894,'011225',10894,10894,1,1,'2022-12-30 01:09:47',1),(10895,'011226',10895,10895,1,1,'2022-12-30 01:09:47',1),(10896,'011227',10896,10896,1,1,'2022-12-30 01:09:47',1),(10897,'011228',10897,10897,1,1,'2022-12-30 01:09:47',1),(10898,'011229',10898,10898,1,1,'2022-12-30 01:09:47',1),(10899,'011230',10899,10899,1,1,'2022-12-30 01:09:47',1),(10900,'011231',10900,10900,1,1,'2022-12-30 01:09:47',1),(10901,'011232',10901,10901,1,1,'2022-12-30 01:09:47',1),(10902,'011233',10902,10902,1,1,'2022-12-30 01:09:47',1),(10903,'011234',10903,10903,1,1,'2022-12-30 01:09:47',1),(10904,'011235',10904,10904,1,1,'2022-12-30 01:09:47',1),(10905,'011236',10905,10905,1,1,'2022-12-30 01:09:47',1),(10906,'011237',10906,10906,1,1,'2022-12-30 01:09:47',1),(10907,'011238',10907,10907,1,1,'2022-12-30 01:09:47',1),(10908,'011239',10908,10908,1,1,'2022-12-30 01:09:47',1),(10909,'011240',10909,10909,1,1,'2022-12-30 01:09:47',1),(10910,'011241',10910,10910,1,1,'2022-12-30 01:09:47',1),(10911,'011242',10911,10911,1,1,'2022-12-30 01:09:47',1),(10912,'011243',10912,10912,1,1,'2022-12-30 01:09:47',1),(10913,'011244',10913,10913,1,1,'2022-12-30 01:09:47',1),(10914,'011245',10914,10914,1,1,'2022-12-30 01:09:47',1),(10915,'011246',10915,10915,1,1,'2022-12-30 01:09:47',1),(10916,'011247',10916,10916,1,1,'2022-12-30 01:09:47',1),(10917,'011248',10917,10917,1,1,'2022-12-30 01:09:47',1),(10918,'011249',10918,10918,1,1,'2022-12-30 01:09:47',1),(10919,'011250',10919,10919,1,1,'2022-12-30 01:09:47',1),(10920,'011251',10920,10920,1,1,'2022-12-30 01:09:47',1),(10921,'011252',10921,10921,1,1,'2022-12-30 01:09:47',1),(10922,'011253',10922,10922,1,1,'2022-12-30 01:09:47',1),(10923,'011254',10923,10923,1,1,'2022-12-30 01:09:47',1),(10924,'011255',10924,10924,1,1,'2022-12-30 01:09:47',1),(10925,'011256',10925,10925,1,1,'2022-12-30 01:09:47',1),(10926,'011257',10926,10926,1,1,'2022-12-30 01:09:47',1),(10927,'011258',10927,10927,1,1,'2022-12-30 01:09:47',1),(10928,'011259',10928,10928,1,1,'2022-12-30 01:09:47',1),(10929,'011260',10929,10929,1,1,'2022-12-30 01:09:47',1),(10930,'011261',10930,10930,1,1,'2022-12-30 01:09:47',1),(10931,'011262',10931,10931,1,1,'2022-12-30 01:09:47',1),(10932,'011263',10932,10932,1,1,'2022-12-30 01:09:47',1),(10933,'011264',10933,10933,1,1,'2022-12-30 01:09:47',1),(10934,'011265',10934,10934,1,1,'2022-12-30 01:09:47',1),(10935,'011266',10935,10935,1,1,'2022-12-30 01:09:47',1),(10936,'011267',10936,10936,1,1,'2022-12-30 01:09:47',1),(10937,'011268',10937,10937,1,1,'2022-12-30 01:09:47',1),(10938,'011269',10938,10938,1,1,'2022-12-30 01:09:47',1),(10939,'011270',10939,10939,1,1,'2022-12-30 01:09:47',1),(10940,'011271',10940,10940,1,1,'2022-12-30 01:09:47',1),(10941,'011272',10941,10941,1,1,'2022-12-30 01:09:47',1),(10942,'011274',10942,10942,1,1,'2022-12-30 01:09:47',1),(10943,'011275',10943,10943,1,1,'2022-12-30 01:09:47',1),(10944,'011276',10944,10944,1,1,'2022-12-30 01:09:47',1),(10945,'011277',10945,10945,1,1,'2022-12-30 01:09:47',1),(10946,'011278',10946,10946,1,1,'2022-12-30 01:09:47',1),(10947,'011279',10947,10947,1,1,'2022-12-30 01:09:47',1),(10948,'011280',10948,10948,1,1,'2022-12-30 01:09:47',1),(10949,'011281',10949,10949,1,1,'2022-12-30 01:09:47',1),(10950,'011282',10950,10950,1,1,'2022-12-30 01:09:47',1),(10951,'011283',10951,10951,1,1,'2022-12-30 01:09:47',1),(10952,'011284',10952,10952,1,1,'2022-12-30 01:09:47',1),(10953,'011285',10953,10953,1,1,'2022-12-30 01:09:47',1),(10954,'011286',10954,10954,1,1,'2022-12-30 01:09:47',1),(10955,'011288',10955,10955,1,1,'2022-12-30 01:09:47',1),(10956,'011289',10956,10956,1,1,'2022-12-30 01:09:47',1),(10957,'011290',10957,10957,1,1,'2022-12-30 01:09:47',1),(10958,'011291',10958,10958,1,1,'2022-12-30 01:09:47',1),(10959,'011292',10959,10959,1,1,'2022-12-30 01:09:47',1),(10960,'011293',10960,10960,1,1,'2022-12-30 01:09:47',1),(10961,'011294',10961,10961,1,1,'2022-12-30 01:09:47',1),(10962,'011295',10962,10962,1,1,'2022-12-30 01:09:47',1),(10963,'011296',10963,10963,1,1,'2022-12-30 01:09:47',1),(10964,'011297',10964,10964,1,1,'2022-12-30 01:09:47',1),(10965,'011300',10965,10965,1,1,'2022-12-30 01:09:47',1),(10966,'011301',10966,10966,1,1,'2022-12-30 01:09:47',1),(10967,'011302',10967,10967,1,1,'2022-12-30 01:09:47',1),(10968,'011303',10968,10968,1,1,'2022-12-30 01:09:47',1),(10969,'011304',10969,10969,1,1,'2022-12-30 01:09:47',1),(10970,'011305',10970,10970,1,1,'2022-12-30 01:09:47',1),(10971,'011306',10971,10971,1,1,'2022-12-30 01:09:47',1),(10972,'011307',10972,10972,1,1,'2022-12-30 01:09:47',1),(10973,'011308',10973,10973,1,1,'2022-12-30 01:09:47',1),(10974,'011309',10974,10974,1,1,'2022-12-30 01:09:47',1),(10975,'011310',10975,10975,1,1,'2022-12-30 01:09:47',1),(10976,'011311',10976,10976,1,1,'2022-12-30 01:09:47',1),(10977,'011312',10977,10977,1,1,'2022-12-30 01:09:47',1),(10978,'011313',10978,10978,1,1,'2022-12-30 01:09:47',1),(10979,'011314',10979,10979,1,1,'2022-12-30 01:09:47',1),(10980,'011315',10980,10980,1,1,'2022-12-30 01:09:47',1),(10981,'011316',10981,10981,1,1,'2022-12-30 01:09:47',1),(10982,'011317',10982,10982,1,1,'2022-12-30 01:09:47',1),(10983,'011318',10983,10983,1,1,'2022-12-30 01:09:47',1),(10984,'011319',10984,10984,1,1,'2022-12-30 01:09:47',1),(10985,'011320',10985,10985,1,1,'2022-12-30 01:09:47',1),(10986,'011321',10986,10986,1,1,'2022-12-30 01:09:47',1),(10987,'011322',10987,10987,1,1,'2022-12-30 01:09:47',1),(10988,'011323',10988,10988,1,1,'2022-12-30 01:09:47',1),(10989,'011324',10989,10989,1,1,'2022-12-30 01:09:47',1),(10990,'011325',10990,10990,1,1,'2022-12-30 01:09:47',1),(10991,'011326',10991,10991,1,1,'2022-12-30 01:09:47',1),(10992,'011327',10992,10992,1,1,'2022-12-30 01:09:47',1),(10993,'011328',10993,10993,1,1,'2022-12-30 01:09:47',1),(10994,'011329',10994,10994,1,1,'2022-12-30 01:09:47',1),(10995,'011330',10995,10995,1,1,'2022-12-30 01:09:47',1),(10996,'011331',10996,10996,1,1,'2022-12-30 01:09:47',1),(10997,'011332',10997,10997,1,1,'2022-12-30 01:09:47',1),(10998,'011333',10998,10998,1,1,'2022-12-30 01:09:47',1),(10999,'011334',10999,10999,1,1,'2022-12-30 01:09:47',1),(11000,'011335',11000,11000,1,1,'2022-12-30 01:09:47',1),(11001,'011336',11001,11001,1,1,'2022-12-30 01:09:47',1),(11002,'011337',11002,11002,1,1,'2022-12-30 01:09:47',1),(11003,'011338',11003,11003,1,1,'2022-12-30 01:09:47',1),(11004,'011339',11004,11004,1,1,'2022-12-30 01:09:47',1),(11005,'011340',11005,11005,1,1,'2022-12-30 01:09:47',1),(11006,'011341',11006,11006,1,1,'2022-12-30 01:09:47',1),(11007,'011342',11007,11007,1,1,'2022-12-30 01:09:47',1),(11008,'011343',11008,11008,1,1,'2022-12-30 01:09:47',1),(11009,'011344',11009,11009,1,1,'2022-12-30 01:09:47',1),(11010,'011345',11010,11010,1,1,'2022-12-30 01:09:47',1),(11011,'011346',11011,11011,1,1,'2022-12-30 01:09:47',1),(11012,'011347',11012,11012,1,1,'2022-12-30 01:09:47',1),(11013,'011348',11013,11013,1,1,'2022-12-30 01:09:47',1),(11014,'011349',11014,11014,1,1,'2022-12-30 01:09:47',1),(11015,'011350',11015,11015,1,1,'2022-12-30 01:09:47',1),(11016,'011351',11016,11016,1,1,'2022-12-30 01:09:47',1),(11017,'011352',11017,11017,1,1,'2022-12-30 01:09:47',1),(11018,'011353',11018,11018,1,1,'2022-12-30 01:09:47',1),(11019,'011354',11019,11019,1,1,'2022-12-30 01:09:47',1),(11020,'011355',11020,11020,1,1,'2022-12-30 01:09:47',1),(11021,'011356',11021,11021,1,1,'2022-12-30 01:09:47',1),(11022,'011357',11022,11022,1,1,'2022-12-30 01:09:47',1),(11023,'011358',11023,11023,1,1,'2022-12-30 01:09:47',1),(11024,'011359',11024,11024,1,1,'2022-12-30 01:09:47',1),(11025,'011360',11025,11025,1,1,'2022-12-30 01:09:47',1),(11026,'011361',11026,11026,1,1,'2022-12-30 01:09:47',1),(11027,'011362',11027,11027,1,1,'2022-12-30 01:09:47',1),(11028,'011363',11028,11028,1,1,'2022-12-30 01:09:47',1),(11029,'011364',11029,11029,1,1,'2022-12-30 01:09:47',1),(11030,'011365',11030,11030,1,1,'2022-12-30 01:09:47',1),(11031,'011366',11031,11031,1,1,'2022-12-30 01:09:47',1),(11032,'011367',11032,11032,1,1,'2022-12-30 01:09:47',1),(11033,'011368',11033,11033,1,1,'2022-12-30 01:09:47',1),(11034,'011369',11034,11034,1,1,'2022-12-30 01:09:47',1),(11035,'011370',11035,11035,1,1,'2022-12-30 01:09:47',1),(11036,'011371',11036,11036,1,1,'2022-12-30 01:09:47',1),(11037,'011372',11037,11037,1,1,'2022-12-30 01:09:47',1),(11038,'011373',11038,11038,1,1,'2022-12-30 01:09:47',1),(11039,'011374',11039,11039,1,1,'2022-12-30 01:09:47',1),(11040,'011375',11040,11040,1,1,'2022-12-30 01:09:47',1),(11041,'011376',11041,11041,1,1,'2022-12-30 01:09:47',1),(11042,'011377',11042,11042,1,1,'2022-12-30 01:09:47',1),(11043,'011378',11043,11043,1,1,'2022-12-30 01:09:47',1),(11044,'011379',11044,11044,1,1,'2022-12-30 01:09:47',1),(11045,'011380',11045,11045,1,1,'2022-12-30 01:09:47',1),(11046,'011381',11046,11046,1,1,'2022-12-30 01:09:47',1),(11047,'011383',11047,11047,1,1,'2022-12-30 01:09:47',1),(11048,'011386',11048,11048,1,1,'2022-12-30 01:09:47',1),(11049,'011387',11049,11049,1,1,'2022-12-30 01:09:47',1),(11050,'011388',11050,11050,1,1,'2022-12-30 01:09:47',1),(11051,'011389',11051,11051,1,1,'2022-12-30 01:09:47',1),(11052,'011390',11052,11052,1,1,'2022-12-30 01:09:47',1),(11053,'011391',11053,11053,1,1,'2022-12-30 01:09:47',1),(11054,'011392',11054,11054,1,1,'2022-12-30 01:09:47',1),(11055,'011393',11055,11055,1,1,'2022-12-30 01:09:47',1),(11056,'011394',11056,11056,1,1,'2022-12-30 01:09:47',1),(11057,'011395',11057,11057,1,1,'2022-12-30 01:09:47',1),(11058,'011396',11058,11058,1,1,'2022-12-30 01:09:47',1),(11059,'011398',11059,11059,1,1,'2022-12-30 01:09:47',1),(11060,'011400',11060,11060,1,1,'2022-12-30 01:09:47',1),(11061,'011401',11061,11061,1,1,'2022-12-30 01:09:47',1),(11062,'011402',11062,11062,1,1,'2022-12-30 01:09:47',1),(11063,'011403',11063,11063,1,1,'2022-12-30 01:09:47',1),(11064,'011404',11064,11064,1,1,'2022-12-30 01:09:47',1),(11065,'011405',11065,11065,1,1,'2022-12-30 01:09:47',1),(11066,'011406',11066,11066,1,1,'2022-12-30 01:09:47',1),(11067,'011407',11067,11067,1,1,'2022-12-30 01:09:47',1),(11068,'011408',11068,11068,1,1,'2022-12-30 01:09:47',1),(11069,'011409',11069,11069,1,1,'2022-12-30 01:09:47',1),(11070,'011410',11070,11070,1,1,'2022-12-30 01:09:47',1),(11071,'011411',11071,11071,1,1,'2022-12-30 01:09:47',1),(11072,'011412',11072,11072,1,1,'2022-12-30 01:09:47',1),(11073,'011413',11073,11073,1,1,'2022-12-30 01:09:47',1),(11074,'011415',11074,11074,1,1,'2022-12-30 01:09:47',1),(11075,'011416',11075,11075,1,1,'2022-12-30 01:09:47',1),(11076,'011417',11076,11076,1,1,'2022-12-30 01:09:47',1),(11077,'011418',11077,11077,1,1,'2022-12-30 01:09:47',1),(11078,'011419',11078,11078,1,1,'2022-12-30 01:09:47',1),(11079,'011420',11079,11079,1,1,'2022-12-30 01:09:47',1),(11080,'011421',11080,11080,1,1,'2022-12-30 01:09:47',1),(11081,'011422',11081,11081,1,1,'2022-12-30 01:09:47',1),(11082,'011423',11082,11082,1,1,'2022-12-30 01:09:47',1),(11083,'011424',11083,11083,1,1,'2022-12-30 01:09:47',1),(11084,'011425',11084,11084,1,1,'2022-12-30 01:09:47',1),(11085,'011426',11085,11085,1,1,'2022-12-30 01:09:47',1),(11086,'011427',11086,11086,1,1,'2022-12-30 01:09:47',1),(11087,'011428',11087,11087,1,1,'2022-12-30 01:09:47',1),(11088,'011429',11088,11088,1,1,'2022-12-30 01:09:47',1),(11089,'011430',11089,11089,1,1,'2022-12-30 01:09:47',1),(11090,'011431',11090,11090,1,1,'2022-12-30 01:09:47',1),(11091,'011432',11091,11091,1,1,'2022-12-30 01:09:47',1),(11092,'011433',11092,11092,1,1,'2022-12-30 01:09:47',1),(11093,'011434',11093,11093,1,1,'2022-12-30 01:09:47',1),(11094,'011435',11094,11094,1,1,'2022-12-30 01:09:47',1),(11095,'011436',11095,11095,1,1,'2022-12-30 01:09:47',1),(11096,'011437',11096,11096,1,1,'2022-12-30 01:09:47',1),(11097,'011438',11097,11097,1,1,'2022-12-30 01:09:47',1),(11098,'011439',11098,11098,1,1,'2022-12-30 01:09:47',1),(11099,'011440',11099,11099,1,1,'2022-12-30 01:09:47',1),(11100,'011441',11100,11100,1,1,'2022-12-30 01:09:47',1),(11101,'011442',11101,11101,1,1,'2022-12-30 01:09:47',1),(11102,'011443',11102,11102,1,1,'2022-12-30 01:09:47',1),(11103,'011444',11103,11103,1,1,'2022-12-30 01:09:47',1),(11104,'011445',11104,11104,1,1,'2022-12-30 01:09:47',1),(11105,'011446',11105,11105,1,1,'2022-12-30 01:09:47',1),(11106,'011447',11106,11106,1,1,'2022-12-30 01:09:47',1),(11107,'011448',11107,11107,1,1,'2022-12-30 01:09:47',1),(11108,'011449',11108,11108,1,1,'2022-12-30 01:09:47',1),(11109,'011450',11109,11109,1,1,'2022-12-30 01:09:47',1),(11110,'011451',11110,11110,1,1,'2022-12-30 01:09:47',1),(11111,'011452',11111,11111,1,1,'2022-12-30 01:09:47',1),(11112,'011453',11112,11112,1,1,'2022-12-30 01:09:47',1),(11113,'011454',11113,11113,1,1,'2022-12-30 01:09:47',1),(11114,'011455',11114,11114,1,1,'2022-12-30 01:09:47',1),(11115,'011456',11115,11115,1,1,'2022-12-30 01:09:47',1),(11116,'011457',11116,11116,1,1,'2022-12-30 01:09:47',1),(11117,'011458',11117,11117,1,1,'2022-12-30 01:09:47',1),(11118,'011459',11118,11118,1,1,'2022-12-30 01:09:47',1),(11119,'011460',11119,11119,1,1,'2022-12-30 01:09:47',1),(11120,'011461',11120,11120,1,1,'2022-12-30 01:09:47',1),(11121,'011462',11121,11121,1,1,'2022-12-30 01:09:47',1),(11122,'011463',11122,11122,1,1,'2022-12-30 01:09:47',1),(11123,'011464',11123,11123,1,1,'2022-12-30 01:09:47',1),(11124,'011465',11124,11124,1,1,'2022-12-30 01:09:47',1),(11125,'011466',11125,11125,1,1,'2022-12-30 01:09:47',1),(11126,'011467',11126,11126,1,1,'2022-12-30 01:09:47',1),(11127,'011468',11127,11127,1,1,'2022-12-30 01:09:47',1),(11128,'011469',11128,11128,1,1,'2022-12-30 01:09:47',1),(11129,'011470',11129,11129,1,1,'2022-12-30 01:09:47',1),(11130,'011471',11130,11130,1,1,'2022-12-30 01:09:47',1),(11131,'011472',11131,11131,1,1,'2022-12-30 01:09:47',1),(11132,'011473',11132,11132,1,1,'2022-12-30 01:09:47',1),(11133,'011474',11133,11133,1,1,'2022-12-30 01:09:47',1),(11134,'011475',11134,11134,1,1,'2022-12-30 01:09:47',1),(11135,'011476',11135,11135,1,1,'2022-12-30 01:09:47',1),(11136,'011477',11136,11136,1,1,'2022-12-30 01:09:47',1),(11137,'011478',11137,11137,1,1,'2022-12-30 01:09:47',1),(11138,'011479',11138,11138,1,1,'2022-12-30 01:09:47',1),(11139,'011480',11139,11139,1,1,'2022-12-30 01:09:47',1),(11140,'011481',11140,11140,1,1,'2022-12-30 01:09:47',1),(11141,'011482',11141,11141,1,1,'2022-12-30 01:09:47',1),(11142,'011484',11142,11142,1,1,'2022-12-30 01:09:47',1),(11143,'011487',11143,11143,1,1,'2022-12-30 01:09:47',1),(11144,'011488',11144,11144,1,1,'2022-12-30 01:09:47',1),(11145,'011489',11145,11145,1,1,'2022-12-30 01:09:47',1),(11146,'011490',11146,11146,1,1,'2022-12-30 01:09:47',1),(11147,'011491',11147,11147,1,1,'2022-12-30 01:09:47',1),(11148,'011492',11148,11148,1,1,'2022-12-30 01:09:47',1),(11149,'011493',11149,11149,1,1,'2022-12-30 01:09:47',1),(11150,'011494',11150,11150,1,1,'2022-12-30 01:09:47',1),(11151,'011495',11151,11151,1,1,'2022-12-30 01:09:47',1),(11152,'011497',11152,11152,1,1,'2022-12-30 01:09:47',1),(11153,'011498',11153,11153,1,1,'2022-12-30 01:09:47',1),(11154,'011499',11154,11154,1,1,'2022-12-30 01:09:47',1),(11155,'011500',11155,11155,1,1,'2022-12-30 01:09:47',1),(11156,'011501',11156,11156,1,1,'2022-12-30 01:09:47',1),(11157,'011502',11157,11157,1,1,'2022-12-30 01:09:47',1),(11158,'011503',11158,11158,1,1,'2022-12-30 01:09:47',1),(11159,'011504',11159,11159,1,1,'2022-12-30 01:09:47',1),(11160,'011505',11160,11160,1,1,'2022-12-30 01:09:47',1),(11161,'011506',11161,11161,1,1,'2022-12-30 01:09:47',1),(11162,'011507',11162,11162,1,1,'2022-12-30 01:09:47',1),(11163,'011508',11163,11163,1,1,'2022-12-30 01:09:47',1),(11164,'011509',11164,11164,1,1,'2022-12-30 01:09:47',1),(11165,'011510',11165,11165,1,1,'2022-12-30 01:09:47',1),(11166,'011511',11166,11166,1,1,'2022-12-30 01:09:47',1),(11167,'011512',11167,11167,1,1,'2022-12-30 01:09:47',1),(11168,'011513',11168,11168,1,1,'2022-12-30 01:09:47',1),(11169,'011515',11169,11169,1,1,'2022-12-30 01:09:47',1),(11170,'011516',11170,11170,1,1,'2022-12-30 01:09:47',1),(11171,'011517',11171,11171,1,1,'2022-12-30 01:09:47',1),(11172,'011518',11172,11172,1,1,'2022-12-30 01:09:47',1),(11173,'011519',11173,11173,1,1,'2022-12-30 01:09:47',1),(11174,'011520',11174,11174,1,1,'2022-12-30 01:09:47',1),(11175,'011521',11175,11175,1,1,'2022-12-30 01:09:47',1),(11176,'011522',11176,11176,1,1,'2022-12-30 01:09:47',1),(11177,'011523',11177,11177,1,1,'2022-12-30 01:09:47',1),(11178,'011524',11178,11178,1,1,'2022-12-30 01:09:47',1),(11179,'011525',11179,11179,1,1,'2022-12-30 01:09:47',1),(11180,'011526',11180,11180,1,1,'2022-12-30 01:09:47',1),(11181,'011528',11181,11181,1,1,'2022-12-30 01:09:47',1),(11182,'011529',11182,11182,1,1,'2022-12-30 01:09:47',1),(11183,'011530',11183,11183,1,1,'2022-12-30 01:09:47',1),(11184,'011531',11184,11184,1,1,'2022-12-30 01:09:47',1),(11185,'011532',11185,11185,1,1,'2022-12-30 01:09:47',1),(11186,'011533',11186,11186,1,1,'2022-12-30 01:09:47',1),(11187,'011534',11187,11187,1,1,'2022-12-30 01:09:47',1),(11188,'011535',11188,11188,1,1,'2022-12-30 01:09:47',1),(11189,'011536',11189,11189,1,1,'2022-12-30 01:09:47',1),(11190,'011537',11190,11190,1,1,'2022-12-30 01:09:47',1),(11191,'011538',11191,11191,1,1,'2022-12-30 01:09:47',1),(11192,'011540',11192,11192,1,1,'2022-12-30 01:09:47',1),(11193,'011541',11193,11193,1,1,'2022-12-30 01:09:47',1),(11194,'011542',11194,11194,1,1,'2022-12-30 01:09:47',1),(11195,'011543',11195,11195,1,1,'2022-12-30 01:09:47',1),(11196,'011544',11196,11196,1,1,'2022-12-30 01:09:47',1),(11197,'011545',11197,11197,1,1,'2022-12-30 01:09:47',1),(11198,'011546',11198,11198,1,1,'2022-12-30 01:09:47',1),(11199,'011547',11199,11199,1,1,'2022-12-30 01:09:47',1),(11200,'011548',11200,11200,1,1,'2022-12-30 01:09:47',1),(11201,'011549',11201,11201,1,1,'2022-12-30 01:09:47',1),(11202,'011550',11202,11202,1,1,'2022-12-30 01:09:47',1),(11203,'011551',11203,11203,1,1,'2022-12-30 01:09:47',1),(11204,'011552',11204,11204,1,1,'2022-12-30 01:09:47',1),(11205,'011553',11205,11205,1,1,'2022-12-30 01:09:47',1),(11206,'011554',11206,11206,1,1,'2022-12-30 01:09:47',1),(11207,'011555',11207,11207,1,1,'2022-12-30 01:09:47',1),(11208,'011556',11208,11208,1,1,'2022-12-30 01:09:47',1),(11209,'011557',11209,11209,1,1,'2022-12-30 01:09:47',1),(11210,'011558',11210,11210,1,1,'2022-12-30 01:09:47',1),(11211,'011559',11211,11211,1,1,'2022-12-30 01:09:47',1),(11212,'011560',11212,11212,1,1,'2022-12-30 01:09:47',1),(11213,'011561',11213,11213,1,1,'2022-12-30 01:09:47',1),(11214,'011562',11214,11214,1,1,'2022-12-30 01:09:47',1),(11215,'011563',11215,11215,1,1,'2022-12-30 01:09:47',1),(11216,'011564',11216,11216,1,1,'2022-12-30 01:09:47',1),(11217,'011565',11217,11217,1,1,'2022-12-30 01:09:47',1),(11218,'011566',11218,11218,1,1,'2022-12-30 01:09:47',1),(11219,'011567',11219,11219,1,1,'2022-12-30 01:09:47',1),(11220,'011568',11220,11220,1,1,'2022-12-30 01:09:47',1),(11221,'011569',11221,11221,1,1,'2022-12-30 01:09:47',1),(11222,'011570',11222,11222,1,1,'2022-12-30 01:09:47',1),(11223,'011571',11223,11223,1,1,'2022-12-30 01:09:47',1),(11224,'011572',11224,11224,1,1,'2022-12-30 01:09:47',1),(11225,'011573',11225,11225,1,1,'2022-12-30 01:09:47',1),(11226,'011574',11226,11226,1,1,'2022-12-30 01:09:47',1),(11227,'011575',11227,11227,1,1,'2022-12-30 01:09:47',1),(11228,'011576',11228,11228,1,1,'2022-12-30 01:09:47',1),(11229,'011577',11229,11229,1,1,'2022-12-30 01:09:47',1),(11230,'011578',11230,11230,1,1,'2022-12-30 01:09:47',1),(11231,'011579',11231,11231,1,1,'2022-12-30 01:09:47',1),(11232,'011580',11232,11232,1,1,'2022-12-30 01:09:47',1),(11233,'011581',11233,11233,1,1,'2022-12-30 01:09:47',1),(11234,'011582',11234,11234,1,1,'2022-12-30 01:09:47',1),(11235,'011583',11235,11235,1,1,'2022-12-30 01:09:47',1),(11236,'011584',11236,11236,1,1,'2022-12-30 01:09:47',1),(11237,'011585',11237,11237,1,1,'2022-12-30 01:09:47',1),(11238,'011587',11238,11238,1,1,'2022-12-30 01:09:47',1),(11239,'011588',11239,11239,1,1,'2022-12-30 01:09:47',1),(11240,'011589',11240,11240,1,1,'2022-12-30 01:09:47',1),(11241,'011590',11241,11241,1,1,'2022-12-30 01:09:47',1),(11242,'011591',11242,11242,1,1,'2022-12-30 01:09:47',1),(11243,'011592',11243,11243,1,1,'2022-12-30 01:09:47',1),(11244,'011593',11244,11244,1,1,'2022-12-30 01:09:47',1),(11245,'011594',11245,11245,1,1,'2022-12-30 01:09:47',1),(11246,'011595',11246,11246,1,1,'2022-12-30 01:09:47',1),(11247,'011596',11247,11247,1,1,'2022-12-30 01:09:47',1),(11248,'011597',11248,11248,1,1,'2022-12-30 01:09:47',1),(11249,'011598',11249,11249,1,1,'2022-12-30 01:09:47',1),(11250,'011599',11250,11250,1,1,'2022-12-30 01:09:47',1),(11251,'011600',11251,11251,1,1,'2022-12-30 01:09:47',1),(11252,'011601',11252,11252,1,1,'2022-12-30 01:09:47',1),(11253,'011602',11253,11253,1,1,'2022-12-30 01:09:47',1),(11254,'011603',11254,11254,1,1,'2022-12-30 01:09:47',1),(11255,'011604',11255,11255,1,1,'2022-12-30 01:09:47',1),(11256,'011605',11256,11256,1,1,'2022-12-30 01:09:47',1),(11257,'011606',11257,11257,1,1,'2022-12-30 01:09:47',1),(11258,'011607',11258,11258,1,1,'2022-12-30 01:09:47',1),(11259,'011609',11259,11259,1,1,'2022-12-30 01:09:47',1),(11260,'011610',11260,11260,1,1,'2022-12-30 01:09:47',1),(11261,'011611',11261,11261,1,1,'2022-12-30 01:09:47',1),(11262,'011612',11262,11262,1,1,'2022-12-30 01:09:47',1),(11263,'011613',11263,11263,1,1,'2022-12-30 01:09:47',1),(11264,'011614',11264,11264,1,1,'2022-12-30 01:09:47',1),(11265,'011615',11265,11265,1,1,'2022-12-30 01:09:47',1),(11266,'011616',11266,11266,1,1,'2022-12-30 01:09:47',1),(11267,'011618',11267,11267,1,1,'2022-12-30 01:09:47',1),(11268,'011619',11268,11268,1,1,'2022-12-30 01:09:47',1),(11269,'011620',11269,11269,1,1,'2022-12-30 01:09:47',1),(11270,'011621',11270,11270,1,1,'2022-12-30 01:09:47',1),(11271,'011622',11271,11271,1,1,'2022-12-30 01:09:47',1),(11272,'011623',11272,11272,1,1,'2022-12-30 01:09:47',1),(11273,'011624',11273,11273,1,1,'2022-12-30 01:09:47',1),(11274,'011625',11274,11274,1,1,'2022-12-30 01:09:47',1),(11275,'011626',11275,11275,1,1,'2022-12-30 01:09:47',1),(11276,'011627',11276,11276,1,1,'2022-12-30 01:09:47',1),(11277,'011628',11277,11277,1,1,'2022-12-30 01:09:47',1),(11278,'011629',11278,11278,1,1,'2022-12-30 01:09:47',1),(11279,'011630',11279,11279,1,1,'2022-12-30 01:09:47',1),(11280,'011631',11280,11280,1,1,'2022-12-30 01:09:47',1),(11281,'011632',11281,11281,1,1,'2022-12-30 01:09:47',1),(11282,'011633',11282,11282,1,1,'2022-12-30 01:09:47',1),(11283,'011634',11283,11283,1,1,'2022-12-30 01:09:47',1),(11284,'011635',11284,11284,1,1,'2022-12-30 01:09:47',1),(11285,'011636',11285,11285,1,1,'2022-12-30 01:09:47',1),(11286,'011637',11286,11286,1,1,'2022-12-30 01:09:47',1),(11287,'011638',11287,11287,1,1,'2022-12-30 01:09:47',1),(11288,'011639',11288,11288,1,1,'2022-12-30 01:09:47',1),(11289,'011640',11289,11289,1,1,'2022-12-30 01:09:47',1),(11290,'011641',11290,11290,1,1,'2022-12-30 01:09:47',1),(11291,'011642',11291,11291,1,1,'2022-12-30 01:09:47',1),(11292,'011643',11292,11292,1,1,'2022-12-30 01:09:47',1),(11293,'011644',11293,11293,1,1,'2022-12-30 01:09:47',1),(11294,'011645',11294,11294,1,1,'2022-12-30 01:09:47',1),(11295,'011646',11295,11295,1,1,'2022-12-30 01:09:47',1),(11296,'011647',11296,11296,1,1,'2022-12-30 01:09:47',1),(11297,'011648',11297,11297,1,1,'2022-12-30 01:09:47',1),(11298,'011649',11298,11298,1,1,'2022-12-30 01:09:47',1),(11299,'011650',11299,11299,1,1,'2022-12-30 01:09:47',1),(11300,'011651',11300,11300,1,1,'2022-12-30 01:09:47',1),(11301,'011652',11301,11301,1,1,'2022-12-30 01:09:47',1),(11302,'011653',11302,11302,1,1,'2022-12-30 01:09:47',1),(11303,'011654',11303,11303,1,1,'2022-12-30 01:09:47',1),(11304,'011655',11304,11304,1,1,'2022-12-30 01:09:47',1),(11305,'011656',11305,11305,1,1,'2022-12-30 01:09:47',1),(11306,'011657',11306,11306,1,1,'2022-12-30 01:09:47',1),(11307,'011658',11307,11307,1,1,'2022-12-30 01:09:47',1),(11308,'011659',11308,11308,1,1,'2022-12-30 01:09:47',1),(11309,'011661',11309,11309,1,1,'2022-12-30 01:09:47',1),(11310,'011662',11310,11310,1,1,'2022-12-30 01:09:47',1),(11311,'011663',11311,11311,1,1,'2022-12-30 01:09:47',1),(11312,'011664',11312,11312,1,1,'2022-12-30 01:09:47',1),(11313,'011665',11313,11313,1,1,'2022-12-30 01:09:47',1),(11314,'011666',11314,11314,1,1,'2022-12-30 01:09:47',1),(11315,'011667',11315,11315,1,1,'2022-12-30 01:09:47',1),(11316,'011668',11316,11316,1,1,'2022-12-30 01:09:47',1),(11317,'011669',11317,11317,1,1,'2022-12-30 01:09:47',1),(11318,'011670',11318,11318,1,1,'2022-12-30 01:09:47',1),(11319,'011671',11319,11319,1,1,'2022-12-30 01:09:47',1),(11320,'011672',11320,11320,1,1,'2022-12-30 01:09:47',1),(11321,'011673',11321,11321,1,1,'2022-12-30 01:09:47',1),(11322,'011674',11322,11322,1,1,'2022-12-30 01:09:47',1),(11323,'011675',11323,11323,1,1,'2022-12-30 01:09:47',1),(11324,'011676',11324,11324,1,1,'2022-12-30 01:09:47',1),(11325,'011677',11325,11325,1,1,'2022-12-30 01:09:47',1),(11326,'011678',11326,11326,1,1,'2022-12-30 01:09:47',1),(11327,'011679',11327,11327,1,1,'2022-12-30 01:09:47',1),(11328,'011680',11328,11328,1,1,'2022-12-30 01:09:47',1),(11329,'011681',11329,11329,1,1,'2022-12-30 01:09:47',1),(11330,'011682',11330,11330,1,1,'2022-12-30 01:09:47',1),(11331,'011683',11331,11331,1,1,'2022-12-30 01:09:47',1),(11332,'011684',11332,11332,1,1,'2022-12-30 01:09:47',1),(11333,'011685',11333,11333,1,1,'2022-12-30 01:09:47',1),(11334,'011686',11334,11334,1,1,'2022-12-30 01:09:47',1),(11335,'011687',11335,11335,1,1,'2022-12-30 01:09:47',1),(11336,'011688',11336,11336,1,1,'2022-12-30 01:09:47',1),(11337,'011689',11337,11337,1,1,'2022-12-30 01:09:47',1),(11338,'011690',11338,11338,1,1,'2022-12-30 01:09:47',1),(11339,'011691',11339,11339,1,1,'2022-12-30 01:09:47',1),(11340,'011692',11340,11340,1,1,'2022-12-30 01:09:47',1),(11341,'011693',11341,11341,1,1,'2022-12-30 01:09:47',1),(11342,'011694',11342,11342,1,1,'2022-12-30 01:09:47',1),(11343,'011695',11343,11343,1,1,'2022-12-30 01:09:47',1),(11344,'011697',11344,11344,1,1,'2022-12-30 01:09:47',1),(11345,'011698',11345,11345,1,1,'2022-12-30 01:09:47',1),(11346,'011699',11346,11346,1,1,'2022-12-30 01:09:47',1),(11347,'011700',11347,11347,1,1,'2022-12-30 01:09:47',1),(11348,'011701',11348,11348,1,1,'2022-12-30 01:09:47',1),(11349,'011702',11349,11349,1,1,'2022-12-30 01:09:47',1),(11350,'011703',11350,11350,1,1,'2022-12-30 01:09:47',1),(11351,'011704',11351,11351,1,1,'2022-12-30 01:09:47',1),(11352,'011705',11352,11352,1,1,'2022-12-30 01:09:47',1),(11353,'011706',11353,11353,1,1,'2022-12-30 01:09:47',1),(11354,'011707',11354,11354,1,1,'2022-12-30 01:09:47',1),(11355,'011708',11355,11355,1,1,'2022-12-30 01:09:47',1),(11356,'011709',11356,11356,1,1,'2022-12-30 01:09:47',1),(11357,'011710',11357,11357,1,1,'2022-12-30 01:09:47',1),(11358,'011711',11358,11358,1,1,'2022-12-30 01:09:47',1),(11359,'011712',11359,11359,1,1,'2022-12-30 01:09:47',1),(11360,'011713',11360,11360,1,1,'2022-12-30 01:09:47',1),(11361,'011714',11361,11361,1,1,'2022-12-30 01:09:47',1),(11362,'011715',11362,11362,1,1,'2022-12-30 01:09:47',1),(11363,'011716',11363,11363,1,1,'2022-12-30 01:09:47',1),(11364,'011717',11364,11364,1,1,'2022-12-30 01:09:47',1),(11365,'011718',11365,11365,1,1,'2022-12-30 01:09:47',1),(11366,'011719',11366,11366,1,1,'2022-12-30 01:09:47',1),(11367,'011720',11367,11367,1,1,'2022-12-30 01:09:47',1),(11368,'011721',11368,11368,1,1,'2022-12-30 01:09:47',1),(11369,'011722',11369,11369,1,1,'2022-12-30 01:09:47',1),(11370,'011723',11370,11370,1,1,'2022-12-30 01:09:47',1),(11371,'011724',11371,11371,1,1,'2022-12-30 01:09:47',1),(11372,'011725',11372,11372,1,1,'2022-12-30 01:09:47',1),(11373,'011726',11373,11373,1,1,'2022-12-30 01:09:47',1),(11374,'011727',11374,11374,1,1,'2022-12-30 01:09:47',1),(11375,'011728',11375,11375,1,1,'2022-12-30 01:09:47',1),(11376,'011729',11376,11376,1,1,'2022-12-30 01:09:47',1),(11377,'011730',11377,11377,1,1,'2022-12-30 01:09:47',1),(11378,'011731',11378,11378,1,1,'2022-12-30 01:09:47',1),(11379,'011732',11379,11379,1,1,'2022-12-30 01:09:47',1),(11380,'011733',11380,11380,1,1,'2022-12-30 01:09:47',1),(11381,'011734',11381,11381,1,1,'2022-12-30 01:09:47',1),(11382,'011735',11382,11382,1,1,'2022-12-30 01:09:47',1),(11383,'011736',11383,11383,1,1,'2022-12-30 01:09:47',1),(11384,'011737',11384,11384,1,1,'2022-12-30 01:09:47',1),(11385,'011738',11385,11385,1,1,'2022-12-30 01:09:47',1),(11386,'011739',11386,11386,1,1,'2022-12-30 01:09:47',1),(11387,'011740',11387,11387,1,1,'2022-12-30 01:09:47',1),(11388,'011741',11388,11388,1,1,'2022-12-30 01:09:47',1),(11389,'011742',11389,11389,1,1,'2022-12-30 01:09:47',1),(11390,'011743',11390,11390,1,1,'2022-12-30 01:09:47',1),(11391,'011744',11391,11391,1,1,'2022-12-30 01:09:47',1),(11392,'011745',11392,11392,1,1,'2022-12-30 01:09:47',1),(11393,'011746',11393,11393,1,1,'2022-12-30 01:09:47',1),(11394,'011747',11394,11394,1,1,'2022-12-30 01:09:47',1),(11395,'011748',11395,11395,1,1,'2022-12-30 01:09:47',1),(11396,'011749',11396,11396,1,1,'2022-12-30 01:09:47',1),(11397,'011750',11397,11397,1,1,'2022-12-30 01:09:47',1),(11398,'011751',11398,11398,1,1,'2022-12-30 01:09:47',1),(11399,'011752',11399,11399,1,1,'2022-12-30 01:09:47',1),(11400,'011753',11400,11400,1,1,'2022-12-30 01:09:47',1),(11401,'011754',11401,11401,1,1,'2022-12-30 01:09:47',1),(11402,'011755',11402,11402,1,1,'2022-12-30 01:09:47',1),(11403,'011756',11403,11403,1,1,'2022-12-30 01:09:47',1),(11404,'011758',11404,11404,1,1,'2022-12-30 01:09:47',1),(11405,'011759',11405,11405,1,1,'2022-12-30 01:09:47',1),(11406,'011760',11406,11406,1,1,'2022-12-30 01:09:47',1),(11407,'011761',11407,11407,1,1,'2022-12-30 01:09:47',1),(11408,'011763',11408,11408,1,1,'2022-12-30 01:09:47',1),(11409,'011764',11409,11409,1,1,'2022-12-30 01:09:47',1),(11410,'011765',11410,11410,1,1,'2022-12-30 01:09:47',1),(11411,'011766',11411,11411,1,1,'2022-12-30 01:09:47',1),(11412,'011767',11412,11412,1,1,'2022-12-30 01:09:47',1),(11413,'011768',11413,11413,1,1,'2022-12-30 01:09:47',1),(11414,'011769',11414,11414,1,1,'2022-12-30 01:09:47',1),(11415,'011770',11415,11415,1,1,'2022-12-30 01:09:47',1),(11416,'011771',11416,11416,1,1,'2022-12-30 01:09:47',1),(11417,'011773',11417,11417,1,1,'2022-12-30 01:09:47',1),(11418,'011774',11418,11418,1,1,'2022-12-30 01:09:47',1),(11419,'011775',11419,11419,1,1,'2022-12-30 01:09:47',1),(11420,'011776',11420,11420,1,1,'2022-12-30 01:09:47',1),(11421,'011777',11421,11421,1,1,'2022-12-30 01:09:47',1),(11422,'011778',11422,11422,1,1,'2022-12-30 01:09:47',1),(11423,'011779',11423,11423,1,1,'2022-12-30 01:09:47',1),(11424,'011780',11424,11424,1,1,'2022-12-30 01:09:47',1),(11425,'011781',11425,11425,1,1,'2022-12-30 01:09:47',1),(11426,'011782',11426,11426,1,1,'2022-12-30 01:09:47',1),(11427,'011783',11427,11427,1,1,'2022-12-30 01:09:47',1),(11428,'011784',11428,11428,1,1,'2022-12-30 01:09:47',1),(11429,'011785',11429,11429,1,1,'2022-12-30 01:09:47',1),(11430,'011786',11430,11430,1,1,'2022-12-30 01:09:47',1),(11431,'011787',11431,11431,1,1,'2022-12-30 01:09:47',1),(11432,'011788',11432,11432,1,1,'2022-12-30 01:09:47',1),(11433,'011789',11433,11433,1,1,'2022-12-30 01:09:47',1),(11434,'011790',11434,11434,1,1,'2022-12-30 01:09:47',1),(11435,'011791',11435,11435,1,1,'2022-12-30 01:09:47',1),(11436,'011792',11436,11436,1,1,'2022-12-30 01:09:47',1),(11437,'011793',11437,11437,1,1,'2022-12-30 01:09:47',1),(11438,'011794',11438,11438,1,1,'2022-12-30 01:09:47',1),(11439,'011795',11439,11439,1,1,'2022-12-30 01:09:47',1),(11440,'011796',11440,11440,1,1,'2022-12-30 01:09:47',1),(11441,'011797',11441,11441,1,1,'2022-12-30 01:09:47',1),(11442,'011798',11442,11442,1,1,'2022-12-30 01:09:47',1),(11443,'011799',11443,11443,1,1,'2022-12-30 01:09:47',1),(11444,'011800',11444,11444,1,1,'2022-12-30 01:09:47',1),(11445,'011801',11445,11445,1,1,'2022-12-30 01:09:47',1),(11446,'011802',11446,11446,1,1,'2022-12-30 01:09:47',1),(11447,'011803',11447,11447,1,1,'2022-12-30 01:09:47',1),(11448,'011804',11448,11448,1,1,'2022-12-30 01:09:47',1),(11449,'011805',11449,11449,1,1,'2022-12-30 01:09:47',1),(11450,'011806',11450,11450,1,1,'2022-12-30 01:09:47',1),(11451,'011807',11451,11451,1,1,'2022-12-30 01:09:47',1),(11452,'011808',11452,11452,1,1,'2022-12-30 01:09:47',1),(11453,'011809',11453,11453,1,1,'2022-12-30 01:09:47',1),(11454,'011811',11454,11454,1,1,'2022-12-30 01:09:47',1),(11455,'011812',11455,11455,1,1,'2022-12-30 01:09:47',1),(11456,'011813',11456,11456,1,1,'2022-12-30 01:09:47',1),(11457,'011814',11457,11457,1,1,'2022-12-30 01:09:47',1),(11458,'011815',11458,11458,1,1,'2022-12-30 01:09:47',1),(11459,'011816',11459,11459,1,1,'2022-12-30 01:09:47',1),(11460,'011817',11460,11460,1,1,'2022-12-30 01:09:47',1),(11461,'011818',11461,11461,1,1,'2022-12-30 01:09:47',1),(11462,'011819',11462,11462,1,1,'2022-12-30 01:09:47',1),(11463,'011821',11463,11463,1,1,'2022-12-30 01:09:47',1),(11464,'011822',11464,11464,1,1,'2022-12-30 01:09:47',1),(11465,'011823',11465,11465,1,1,'2022-12-30 01:09:47',1),(11466,'011824',11466,11466,1,1,'2022-12-30 01:09:47',1),(11467,'011825',11467,11467,1,1,'2022-12-30 01:09:47',1),(11468,'011826',11468,11468,1,1,'2022-12-30 01:09:47',1),(11469,'011827',11469,11469,1,1,'2022-12-30 01:09:47',1),(11470,'011828',11470,11470,1,1,'2022-12-30 01:09:47',1),(11471,'011829',11471,11471,1,1,'2022-12-30 01:09:47',1),(11472,'011830',11472,11472,1,1,'2022-12-30 01:09:47',1),(11473,'011831',11473,11473,1,1,'2022-12-30 01:09:47',1),(11474,'011832',11474,11474,1,1,'2022-12-30 01:09:47',1),(11475,'011833',11475,11475,1,1,'2022-12-30 01:09:47',1),(11476,'011834',11476,11476,1,1,'2022-12-30 01:09:47',1),(11477,'011835',11477,11477,1,1,'2022-12-30 01:09:47',1),(11478,'011836',11478,11478,1,1,'2022-12-30 01:09:47',1),(11479,'011837',11479,11479,1,1,'2022-12-30 01:09:47',1),(11480,'011838',11480,11480,1,1,'2022-12-30 01:09:47',1),(11481,'011839',11481,11481,1,1,'2022-12-30 01:09:47',1),(11482,'011840',11482,11482,1,1,'2022-12-30 01:09:47',1),(11483,'011841',11483,11483,1,1,'2022-12-30 01:09:47',1),(11484,'011842',11484,11484,1,1,'2022-12-30 01:09:47',1),(11485,'011843',11485,11485,1,1,'2022-12-30 01:09:47',1),(11486,'011844',11486,11486,1,1,'2022-12-30 01:09:47',1),(11487,'011845',11487,11487,1,1,'2022-12-30 01:09:47',1),(11488,'011846',11488,11488,1,1,'2022-12-30 01:09:47',1),(11489,'011847',11489,11489,1,1,'2022-12-30 01:09:47',1),(11490,'011848',11490,11490,1,1,'2022-12-30 01:09:47',1),(11491,'011849',11491,11491,1,1,'2022-12-30 01:09:47',1),(11492,'011850',11492,11492,1,1,'2022-12-30 01:09:47',1),(11493,'011852',11493,11493,1,1,'2022-12-30 01:09:47',1),(11494,'011854',11494,11494,1,1,'2022-12-30 01:09:47',1),(11495,'011855',11495,11495,1,1,'2022-12-30 01:09:47',1),(11496,'011856',11496,11496,1,1,'2022-12-30 01:09:47',1),(11497,'011857',11497,11497,1,1,'2022-12-30 01:09:47',1),(11498,'011858',11498,11498,1,1,'2022-12-30 01:09:47',1),(11499,'011859',11499,11499,1,1,'2022-12-30 01:09:47',1),(11500,'011860',11500,11500,1,1,'2022-12-30 01:09:47',1),(11501,'011861',11501,11501,1,1,'2022-12-30 01:09:47',1),(11502,'011862',11502,11502,1,1,'2022-12-30 01:09:47',1),(11503,'011863',11503,11503,1,1,'2022-12-30 01:09:47',1),(11504,'011864',11504,11504,1,1,'2022-12-30 01:09:47',1),(11505,'011865',11505,11505,1,1,'2022-12-30 01:09:47',1),(11506,'011866',11506,11506,1,1,'2022-12-30 01:09:47',1),(11507,'011867',11507,11507,1,1,'2022-12-30 01:09:47',1),(11508,'011868',11508,11508,1,1,'2022-12-30 01:09:47',1),(11509,'011869',11509,11509,1,1,'2022-12-30 01:09:47',1),(11510,'011870',11510,11510,1,1,'2022-12-30 01:09:47',1),(11511,'011871',11511,11511,1,1,'2022-12-30 01:09:47',1),(11512,'011872',11512,11512,1,1,'2022-12-30 01:09:47',1),(11513,'011873',11513,11513,1,1,'2022-12-30 01:09:47',1),(11514,'011874',11514,11514,1,1,'2022-12-30 01:09:47',1),(11515,'011875',11515,11515,1,1,'2022-12-30 01:09:47',1),(11516,'011876',11516,11516,1,1,'2022-12-30 01:09:47',1),(11517,'011877',11517,11517,1,1,'2022-12-30 01:09:47',1),(11518,'011878',11518,11518,1,1,'2022-12-30 01:09:47',1),(11519,'011879',11519,11519,1,1,'2022-12-30 01:09:47',1),(11520,'011880',11520,11520,1,1,'2022-12-30 01:09:47',1),(11521,'011881',11521,11521,1,1,'2022-12-30 01:09:47',1),(11522,'011882',11522,11522,1,1,'2022-12-30 01:09:47',1),(11523,'011883',11523,11523,1,1,'2022-12-30 01:09:47',1),(11524,'011884',11524,11524,1,1,'2022-12-30 01:09:47',1),(11525,'011885',11525,11525,1,1,'2022-12-30 01:09:47',1),(11526,'011886',11526,11526,1,1,'2022-12-30 01:09:47',1),(11527,'011887',11527,11527,1,1,'2022-12-30 01:09:47',1),(11528,'011888',11528,11528,1,1,'2022-12-30 01:09:47',1),(11529,'011889',11529,11529,1,1,'2022-12-30 01:09:47',1),(11530,'011890',11530,11530,1,1,'2022-12-30 01:09:47',1),(11531,'011891',11531,11531,1,1,'2022-12-30 01:09:47',1),(11532,'011892',11532,11532,1,1,'2022-12-30 01:09:47',1),(11533,'011893',11533,11533,1,1,'2022-12-30 01:09:47',1),(11534,'011894',11534,11534,1,1,'2022-12-30 01:09:47',1),(11535,'011895',11535,11535,1,1,'2022-12-30 01:09:47',1),(11536,'011896',11536,11536,1,1,'2022-12-30 01:09:47',1),(11537,'011897',11537,11537,1,1,'2022-12-30 01:09:47',1),(11538,'011898',11538,11538,1,1,'2022-12-30 01:09:47',1),(11539,'011899',11539,11539,1,1,'2022-12-30 01:09:47',1),(11540,'011900',11540,11540,1,1,'2022-12-30 01:09:47',1),(11541,'011901',11541,11541,1,1,'2022-12-30 01:09:47',1),(11542,'011902',11542,11542,1,1,'2022-12-30 01:09:47',1),(11543,'011904',11543,11543,1,1,'2022-12-30 01:09:47',1),(11544,'011905',11544,11544,1,1,'2022-12-30 01:09:47',1),(11545,'011906',11545,11545,1,1,'2022-12-30 01:09:47',1),(11546,'011907',11546,11546,1,1,'2022-12-30 01:09:47',1),(11547,'011908',11547,11547,1,1,'2022-12-30 01:09:47',1),(11548,'011909',11548,11548,1,1,'2022-12-30 01:09:47',1),(11549,'011910',11549,11549,1,1,'2022-12-30 01:09:47',1),(11550,'011911',11550,11550,1,1,'2022-12-30 01:09:47',1),(11551,'011912',11551,11551,1,1,'2022-12-30 01:09:47',1),(11552,'011913',11552,11552,1,1,'2022-12-30 01:09:47',1),(11553,'011914',11553,11553,1,1,'2022-12-30 01:09:47',1),(11554,'011915',11554,11554,1,1,'2022-12-30 01:09:47',1),(11555,'011916',11555,11555,1,1,'2022-12-30 01:09:47',1),(11556,'011917',11556,11556,1,1,'2022-12-30 01:09:47',1),(11557,'011918',11557,11557,1,1,'2022-12-30 01:09:47',1),(11558,'011919',11558,11558,1,1,'2022-12-30 01:09:47',1),(11559,'011920',11559,11559,1,1,'2022-12-30 01:09:47',1),(11560,'011921',11560,11560,1,1,'2022-12-30 01:09:47',1),(11561,'011922',11561,11561,1,1,'2022-12-30 01:09:47',1),(11562,'011923',11562,11562,1,1,'2022-12-30 01:09:47',1),(11563,'011924',11563,11563,1,1,'2022-12-30 01:09:47',1),(11564,'011925',11564,11564,1,1,'2022-12-30 01:09:47',1),(11565,'011926',11565,11565,1,1,'2022-12-30 01:09:47',1),(11566,'011927',11566,11566,1,1,'2022-12-30 01:09:47',1),(11567,'011929',11567,11567,1,1,'2022-12-30 01:09:47',1),(11568,'011930',11568,11568,1,1,'2022-12-30 01:09:47',1),(11569,'011931',11569,11569,1,1,'2022-12-30 01:09:47',1),(11570,'011932',11570,11570,1,1,'2022-12-30 01:09:47',1),(11571,'011933',11571,11571,1,1,'2022-12-30 01:09:47',1),(11572,'011934',11572,11572,1,1,'2022-12-30 01:09:47',1),(11573,'011935',11573,11573,1,1,'2022-12-30 01:09:47',1),(11574,'011936',11574,11574,1,1,'2022-12-30 01:09:47',1),(11575,'011937',11575,11575,1,1,'2022-12-30 01:09:47',1),(11576,'011938',11576,11576,1,1,'2022-12-30 01:09:47',1),(11577,'011940',11577,11577,1,1,'2022-12-30 01:09:47',1),(11578,'011941',11578,11578,1,1,'2022-12-30 01:09:47',1),(11579,'011942',11579,11579,1,1,'2022-12-30 01:09:47',1),(11580,'011943',11580,11580,1,1,'2022-12-30 01:09:47',1),(11581,'011944',11581,11581,1,1,'2022-12-30 01:09:47',1),(11582,'011945',11582,11582,1,1,'2022-12-30 01:09:47',1),(11583,'011947',11583,11583,1,1,'2022-12-30 01:09:47',1),(11584,'011948',11584,11584,1,1,'2022-12-30 01:09:47',1),(11585,'011949',11585,11585,1,1,'2022-12-30 01:09:47',1),(11586,'011950',11586,11586,1,1,'2022-12-30 01:09:47',1),(11587,'011951',11587,11587,1,1,'2022-12-30 01:09:47',1),(11588,'011952',11588,11588,1,1,'2022-12-30 01:09:47',1),(11589,'011953',11589,11589,1,1,'2022-12-30 01:09:47',1),(11590,'011955',11590,11590,1,1,'2022-12-30 01:09:47',1),(11591,'011956',11591,11591,1,1,'2022-12-30 01:09:47',1),(11592,'011957',11592,11592,1,1,'2022-12-30 01:09:47',1),(11593,'011958',11593,11593,1,1,'2022-12-30 01:09:47',1),(11594,'011959',11594,11594,1,1,'2022-12-30 01:09:47',1),(11595,'011960',11595,11595,1,1,'2022-12-30 01:09:47',1),(11596,'011961',11596,11596,1,1,'2022-12-30 01:09:47',1),(11597,'011963',11597,11597,1,1,'2022-12-30 01:09:47',1),(11598,'011964',11598,11598,1,1,'2022-12-30 01:09:47',1),(11599,'011965',11599,11599,1,1,'2022-12-30 01:09:47',1),(11600,'011966',11600,11600,1,1,'2022-12-30 01:09:47',1),(11601,'011967',11601,11601,1,1,'2022-12-30 01:09:47',1),(11602,'011969',11602,11602,1,1,'2022-12-30 01:09:47',1),(11603,'011970',11603,11603,1,1,'2022-12-30 01:09:47',1),(11604,'011971',11604,11604,1,1,'2022-12-30 01:09:47',1),(11605,'011972',11605,11605,1,1,'2022-12-30 01:09:47',1),(11606,'011973',11606,11606,1,1,'2022-12-30 01:09:47',1),(11607,'011974',11607,11607,1,1,'2022-12-30 01:09:47',1),(11608,'011975',11608,11608,1,1,'2022-12-30 01:09:47',1),(11609,'011976',11609,11609,1,1,'2022-12-30 01:09:47',1),(11610,'011977',11610,11610,1,1,'2022-12-30 01:09:47',1),(11611,'011979',11611,11611,1,1,'2022-12-30 01:09:47',1),(11612,'011980',11612,11612,1,1,'2022-12-30 01:09:47',1),(11613,'011981',11613,11613,1,1,'2022-12-30 01:09:47',1),(11614,'011982',11614,11614,1,1,'2022-12-30 01:09:47',1),(11615,'011983',11615,11615,1,1,'2022-12-30 01:09:47',1),(11616,'011984',11616,11616,1,1,'2022-12-30 01:09:47',1),(11617,'011985',11617,11617,1,1,'2022-12-30 01:09:47',1),(11618,'011986',11618,11618,1,1,'2022-12-30 01:09:47',1),(11619,'011987',11619,11619,1,1,'2022-12-30 01:09:47',1),(11620,'011988',11620,11620,1,1,'2022-12-30 01:09:47',1),(11621,'011989',11621,11621,1,1,'2022-12-30 01:09:47',1),(11622,'011990',11622,11622,1,1,'2022-12-30 01:09:47',1),(11623,'011991',11623,11623,1,1,'2022-12-30 01:09:47',1),(11624,'011992',11624,11624,1,1,'2022-12-30 01:09:47',1),(11625,'011993',11625,11625,1,1,'2022-12-30 01:09:47',1),(11626,'011994',11626,11626,1,1,'2022-12-30 01:09:47',1),(11627,'011995',11627,11627,1,1,'2022-12-30 01:09:47',1),(11628,'011996',11628,11628,1,1,'2022-12-30 01:09:47',1),(11629,'011997',11629,11629,1,1,'2022-12-30 01:09:47',1),(11630,'011998',11630,11630,1,1,'2022-12-30 01:09:47',1),(11631,'011999',11631,11631,1,1,'2022-12-30 01:09:47',1),(11632,'012000',11632,11632,1,1,'2022-12-30 01:09:47',1),(11633,'012001',11633,11633,1,1,'2022-12-30 01:09:47',1),(11634,'012002',11634,11634,1,1,'2022-12-30 01:09:47',1),(11635,'012003',11635,11635,1,1,'2022-12-30 01:09:47',1),(11636,'012004',11636,11636,1,1,'2022-12-30 01:09:47',1),(11637,'012005',11637,11637,1,1,'2022-12-30 01:09:47',1),(11638,'012006',11638,11638,1,1,'2022-12-30 01:09:47',1),(11639,'012007',11639,11639,1,1,'2022-12-30 01:09:47',1),(11640,'012009',11640,11640,1,1,'2022-12-30 01:09:47',1),(11641,'012010',11641,11641,1,1,'2022-12-30 01:09:47',1),(11642,'012011',11642,11642,1,1,'2022-12-30 01:09:47',1),(11643,'012012',11643,11643,1,1,'2022-12-30 01:09:47',1),(11644,'012013',11644,11644,1,1,'2022-12-30 01:09:47',1),(11645,'012014',11645,11645,1,1,'2022-12-30 01:09:47',1),(11646,'012015',11646,11646,1,1,'2022-12-30 01:09:47',1),(11647,'012016',11647,11647,1,1,'2022-12-30 01:09:47',1),(11648,'012017',11648,11648,1,1,'2022-12-30 01:09:47',1),(11649,'012018',11649,11649,1,1,'2022-12-30 01:09:47',1),(11650,'012019',11650,11650,1,1,'2022-12-30 01:09:47',1),(11651,'012020',11651,11651,1,1,'2022-12-30 01:09:47',1),(11652,'012021',11652,11652,1,1,'2022-12-30 01:09:47',1),(11653,'012022',11653,11653,1,1,'2022-12-30 01:09:47',1),(11654,'012023',11654,11654,1,1,'2022-12-30 01:09:47',1),(11655,'012024',11655,11655,1,1,'2022-12-30 01:09:47',1),(11656,'012026',11656,11656,1,1,'2022-12-30 01:09:47',1),(11657,'012027',11657,11657,1,1,'2022-12-30 01:09:47',1),(11658,'012028',11658,11658,1,1,'2022-12-30 01:09:47',1),(11659,'012029',11659,11659,1,1,'2022-12-30 01:09:47',1),(11660,'012030',11660,11660,1,1,'2022-12-30 01:09:47',1),(11661,'012031',11661,11661,1,1,'2022-12-30 01:09:47',1),(11662,'012032',11662,11662,1,1,'2022-12-30 01:09:47',1),(11663,'012033',11663,11663,1,1,'2022-12-30 01:09:47',1),(11664,'012034',11664,11664,1,1,'2022-12-30 01:09:47',1),(11665,'012035',11665,11665,1,1,'2022-12-30 01:09:47',1),(11666,'012036',11666,11666,1,1,'2022-12-30 01:09:47',1),(11667,'012037',11667,11667,1,1,'2022-12-30 01:09:47',1),(11668,'012038',11668,11668,1,1,'2022-12-30 01:09:47',1),(11669,'012039',11669,11669,1,1,'2022-12-30 01:09:47',1),(11670,'012041',11670,11670,1,1,'2022-12-30 01:09:47',1),(11671,'012042',11671,11671,1,1,'2022-12-30 01:09:47',1),(11672,'012043',11672,11672,1,1,'2022-12-30 01:09:47',1),(11673,'012044',11673,11673,1,1,'2022-12-30 01:09:47',1),(11674,'012045',11674,11674,1,1,'2022-12-30 01:09:47',1),(11675,'012046',11675,11675,1,1,'2022-12-30 01:09:47',1),(11676,'012047',11676,11676,1,1,'2022-12-30 01:09:47',1),(11677,'012048',11677,11677,1,1,'2022-12-30 01:09:47',1),(11678,'012049',11678,11678,1,1,'2022-12-30 01:09:47',1),(11679,'012050',11679,11679,1,1,'2022-12-30 01:09:47',1),(11680,'012051',11680,11680,1,1,'2022-12-30 01:09:47',1),(11681,'012052',11681,11681,1,1,'2022-12-30 01:09:47',1),(11682,'012053',11682,11682,1,1,'2022-12-30 01:09:47',1),(11683,'012054',11683,11683,1,1,'2022-12-30 01:09:47',1),(11684,'012055',11684,11684,1,1,'2022-12-30 01:09:47',1),(11685,'012056',11685,11685,1,1,'2022-12-30 01:09:47',1),(11686,'012057',11686,11686,1,1,'2022-12-30 01:09:47',1),(11687,'012058',11687,11687,1,1,'2022-12-30 01:09:47',1),(11688,'012059',11688,11688,1,1,'2022-12-30 01:09:47',1),(11689,'012060',11689,11689,1,1,'2022-12-30 01:09:47',1),(11690,'012061',11690,11690,1,1,'2022-12-30 01:09:47',1),(11691,'012062',11691,11691,1,1,'2022-12-30 01:09:47',1),(11692,'012064',11692,11692,1,1,'2022-12-30 01:09:47',1),(11693,'012065',11693,11693,1,1,'2022-12-30 01:09:47',1),(11694,'012066',11694,11694,1,1,'2022-12-30 01:09:47',1),(11695,'012067',11695,11695,1,1,'2022-12-30 01:09:47',1),(11696,'012068',11696,11696,1,1,'2022-12-30 01:09:47',1),(11697,'012069',11697,11697,1,1,'2022-12-30 01:09:47',1),(11698,'012070',11698,11698,1,1,'2022-12-30 01:09:47',1),(11699,'012071',11699,11699,1,1,'2022-12-30 01:09:47',1),(11700,'012072',11700,11700,1,1,'2022-12-30 01:09:47',1),(11701,'012073',11701,11701,1,1,'2022-12-30 01:09:47',1),(11702,'012074',11702,11702,1,1,'2022-12-30 01:09:47',1),(11703,'012075',11703,11703,1,1,'2022-12-30 01:09:47',1),(11704,'012076',11704,11704,1,1,'2022-12-30 01:09:47',1),(11705,'012077',11705,11705,1,1,'2022-12-30 01:09:47',1),(11706,'012078',11706,11706,1,1,'2022-12-30 01:09:47',1),(11707,'012079',11707,11707,1,1,'2022-12-30 01:09:47',1),(11708,'012080',11708,11708,1,1,'2022-12-30 01:09:47',1),(11709,'012081',11709,11709,1,1,'2022-12-30 01:09:47',1),(11710,'012082',11710,11710,1,1,'2022-12-30 01:09:47',1),(11711,'012083',11711,11711,1,1,'2022-12-30 01:09:47',1),(11712,'012084',11712,11712,1,1,'2022-12-30 01:09:47',1),(11713,'012085',11713,11713,1,1,'2022-12-30 01:09:47',1),(11714,'012086',11714,11714,1,1,'2022-12-30 01:09:47',1),(11715,'012087',11715,11715,1,1,'2022-12-30 01:09:47',1),(11716,'012088',11716,11716,1,1,'2022-12-30 01:09:47',1),(11717,'012089',11717,11717,1,1,'2022-12-30 01:09:47',1),(11718,'012090',11718,11718,1,1,'2022-12-30 01:09:47',1),(11719,'012091',11719,11719,1,1,'2022-12-30 01:09:47',1),(11720,'012092',11720,11720,1,1,'2022-12-30 01:09:47',1),(11721,'012093',11721,11721,1,1,'2022-12-30 01:09:47',1),(11722,'012094',11722,11722,1,1,'2022-12-30 01:09:47',1),(11723,'012095',11723,11723,1,1,'2022-12-30 01:09:47',1),(11724,'012096',11724,11724,1,1,'2022-12-30 01:09:47',1),(11725,'012097',11725,11725,1,1,'2022-12-30 01:09:47',1),(11726,'012098',11726,11726,1,1,'2022-12-30 01:09:47',1),(11727,'012099',11727,11727,1,1,'2022-12-30 01:09:47',1),(11728,'012100',11728,11728,1,1,'2022-12-30 01:09:47',1),(11729,'012101',11729,11729,1,1,'2022-12-30 01:09:47',1),(11730,'012102',11730,11730,1,1,'2022-12-30 01:09:47',1),(11731,'012103',11731,11731,1,1,'2022-12-30 01:09:47',1),(11732,'012104',11732,11732,1,1,'2022-12-30 01:09:47',1),(11733,'012105',11733,11733,1,1,'2022-12-30 01:09:47',1),(11734,'012106',11734,11734,1,1,'2022-12-30 01:09:47',1),(11735,'012107',11735,11735,1,1,'2022-12-30 01:09:47',1),(11736,'012108',11736,11736,1,1,'2022-12-30 01:09:47',1),(11737,'012109',11737,11737,1,1,'2022-12-30 01:09:47',1),(11738,'012110',11738,11738,1,1,'2022-12-30 01:09:47',1),(11739,'012111',11739,11739,1,1,'2022-12-30 01:09:47',1),(11740,'012112',11740,11740,1,1,'2022-12-30 01:09:47',1),(11741,'012113',11741,11741,1,1,'2022-12-30 01:09:47',1),(11742,'012114',11742,11742,1,1,'2022-12-30 01:09:47',1),(11743,'012115',11743,11743,1,1,'2022-12-30 01:09:47',1),(11744,'012117',11744,11744,1,1,'2022-12-30 01:09:47',1),(11745,'012118',11745,11745,1,1,'2022-12-30 01:09:47',1),(11746,'012119',11746,11746,1,1,'2022-12-30 01:09:47',1),(11747,'012120',11747,11747,1,1,'2022-12-30 01:09:47',1),(11748,'012121',11748,11748,1,1,'2022-12-30 01:09:47',1),(11749,'012122',11749,11749,1,1,'2022-12-30 01:09:47',1),(11750,'012123',11750,11750,1,1,'2022-12-30 01:09:47',1),(11751,'012124',11751,11751,1,1,'2022-12-30 01:09:47',1),(11752,'012125',11752,11752,1,1,'2022-12-30 01:09:47',1),(11753,'012126',11753,11753,1,1,'2022-12-30 01:09:47',1),(11754,'012127',11754,11754,1,1,'2022-12-30 01:09:47',1),(11755,'012128',11755,11755,1,1,'2022-12-30 01:09:47',1),(11756,'012129',11756,11756,1,1,'2022-12-30 01:09:47',1),(11757,'012130',11757,11757,1,1,'2022-12-30 01:09:47',1),(11758,'012132',11758,11758,1,1,'2022-12-30 01:09:47',1),(11759,'012133',11759,11759,1,1,'2022-12-30 01:09:47',1),(11760,'012134',11760,11760,1,1,'2022-12-30 01:09:47',1),(11761,'012135',11761,11761,1,1,'2022-12-30 01:09:47',1),(11762,'012136',11762,11762,1,1,'2022-12-30 01:09:47',1),(11763,'012137',11763,11763,1,1,'2022-12-30 01:09:47',1),(11764,'012138',11764,11764,1,1,'2022-12-30 01:09:47',1),(11765,'012139',11765,11765,1,1,'2022-12-30 01:09:47',1),(11766,'012140',11766,11766,1,1,'2022-12-30 01:09:47',1),(11767,'012141',11767,11767,1,1,'2022-12-30 01:09:47',1),(11768,'012142',11768,11768,1,1,'2022-12-30 01:09:47',1),(11769,'012143',11769,11769,1,1,'2022-12-30 01:09:47',1),(11770,'012144',11770,11770,1,1,'2022-12-30 01:09:47',1),(11771,'012146',11771,11771,1,1,'2022-12-30 01:09:47',1),(11772,'012147',11772,11772,1,1,'2022-12-30 01:09:47',1),(11773,'012148',11773,11773,1,1,'2022-12-30 01:09:47',1),(11774,'012149',11774,11774,1,1,'2022-12-30 01:09:47',1),(11775,'012151',11775,11775,1,1,'2022-12-30 01:09:47',1),(11776,'012152',11776,11776,1,1,'2022-12-30 01:09:47',1),(11777,'012153',11777,11777,1,1,'2022-12-30 01:09:47',1),(11778,'012154',11778,11778,1,1,'2022-12-30 01:09:47',1),(11779,'012155',11779,11779,1,1,'2022-12-30 01:09:47',1),(11780,'012156',11780,11780,1,1,'2022-12-30 01:09:47',1),(11781,'012157',11781,11781,1,1,'2022-12-30 01:09:47',1),(11782,'012158',11782,11782,1,1,'2022-12-30 01:09:47',1),(11783,'012160',11783,11783,1,1,'2022-12-30 01:09:47',1),(11784,'012161',11784,11784,1,1,'2022-12-30 01:09:47',1),(11785,'012162',11785,11785,1,1,'2022-12-30 01:09:47',1),(11786,'012163',11786,11786,1,1,'2022-12-30 01:09:47',1),(11787,'012164',11787,11787,1,1,'2022-12-30 01:09:47',1),(11788,'012166',11788,11788,1,1,'2022-12-30 01:09:47',1),(11789,'012167',11789,11789,1,1,'2022-12-30 01:09:47',1),(11790,'012168',11790,11790,1,1,'2022-12-30 01:09:47',1),(11791,'012169',11791,11791,1,1,'2022-12-30 01:09:47',1),(11792,'012170',11792,11792,1,1,'2022-12-30 01:09:47',1),(11793,'012171',11793,11793,1,1,'2022-12-30 01:09:47',1),(11794,'012172',11794,11794,1,1,'2022-12-30 01:09:47',1),(11795,'012173',11795,11795,1,1,'2022-12-30 01:09:47',1),(11796,'012174',11796,11796,1,1,'2022-12-30 01:09:47',1),(11797,'012175',11797,11797,1,1,'2022-12-30 01:09:47',1),(11798,'012176',11798,11798,1,1,'2022-12-30 01:09:47',1),(11799,'012177',11799,11799,1,1,'2022-12-30 01:09:47',1),(11800,'012178',11800,11800,1,1,'2022-12-30 01:09:47',1),(11801,'012179',11801,11801,1,1,'2022-12-30 01:09:47',1),(11802,'012180',11802,11802,1,1,'2022-12-30 01:09:47',1),(11803,'012181',11803,11803,1,1,'2022-12-30 01:09:47',1),(11804,'012182',11804,11804,1,1,'2022-12-30 01:09:47',1),(11805,'012183',11805,11805,1,1,'2022-12-30 01:09:47',1),(11806,'012184',11806,11806,1,1,'2022-12-30 01:09:47',1),(11807,'012185',11807,11807,1,1,'2022-12-30 01:09:47',1),(11808,'012186',11808,11808,1,1,'2022-12-30 01:09:47',1),(11809,'012187',11809,11809,1,1,'2022-12-30 01:09:47',1),(11810,'012188',11810,11810,1,1,'2022-12-30 01:09:47',1),(11811,'012189',11811,11811,1,1,'2022-12-30 01:09:47',1),(11812,'012190',11812,11812,1,1,'2022-12-30 01:09:47',1),(11813,'012191',11813,11813,1,1,'2022-12-30 01:09:47',1),(11814,'012192',11814,11814,1,1,'2022-12-30 01:09:47',1),(11815,'012193',11815,11815,1,1,'2022-12-30 01:09:47',1),(11816,'012194',11816,11816,1,1,'2022-12-30 01:09:47',1),(11817,'012195',11817,11817,1,1,'2022-12-30 01:09:47',1),(11818,'012196',11818,11818,1,1,'2022-12-30 01:09:47',1),(11819,'012198',11819,11819,1,1,'2022-12-30 01:09:47',1),(11820,'012199',11820,11820,1,1,'2022-12-30 01:09:47',1),(11821,'012200',11821,11821,1,1,'2022-12-30 01:09:47',1),(11822,'012201',11822,11822,1,1,'2022-12-30 01:09:47',1),(11823,'012202',11823,11823,1,1,'2022-12-30 01:09:47',1),(11824,'012203',11824,11824,1,1,'2022-12-30 01:09:47',1),(11825,'012204',11825,11825,1,1,'2022-12-30 01:09:47',1),(11826,'012205',11826,11826,1,1,'2022-12-30 01:09:47',1),(11827,'012206',11827,11827,1,1,'2022-12-30 01:09:47',1),(11828,'012207',11828,11828,1,1,'2022-12-30 01:09:47',1),(11829,'012208',11829,11829,1,1,'2022-12-30 01:09:47',1),(11830,'012209',11830,11830,1,1,'2022-12-30 01:09:47',1),(11831,'012210',11831,11831,1,1,'2022-12-30 01:09:47',1),(11832,'012212',11832,11832,1,1,'2022-12-30 01:09:47',1),(11833,'012213',11833,11833,1,1,'2022-12-30 01:09:47',1),(11834,'012214',11834,11834,1,1,'2022-12-30 01:09:47',1),(11835,'012215',11835,11835,1,1,'2022-12-30 01:09:47',1),(11836,'012216',11836,11836,1,1,'2022-12-30 01:09:47',1),(11837,'012217',11837,11837,1,1,'2022-12-30 01:09:47',1),(11838,'012218',11838,11838,1,1,'2022-12-30 01:09:47',1),(11839,'012219',11839,11839,1,1,'2022-12-30 01:09:47',1),(11840,'012220',11840,11840,1,1,'2022-12-30 01:09:47',1),(11841,'012221',11841,11841,1,1,'2022-12-30 01:09:47',1),(11842,'012222',11842,11842,1,1,'2022-12-30 01:09:47',1),(11843,'012223',11843,11843,1,1,'2022-12-30 01:09:47',1),(11844,'012224',11844,11844,1,1,'2022-12-30 01:09:47',1),(11845,'012225',11845,11845,1,1,'2022-12-30 01:09:47',1),(11846,'012226',11846,11846,1,1,'2022-12-30 01:09:47',1),(11847,'012227',11847,11847,1,1,'2022-12-30 01:09:47',1),(11848,'012228',11848,11848,1,1,'2022-12-30 01:09:47',1),(11849,'012229',11849,11849,1,1,'2022-12-30 01:09:47',1),(11850,'012230',11850,11850,1,1,'2022-12-30 01:09:47',1),(11851,'012231',11851,11851,1,1,'2022-12-30 01:09:47',1),(11852,'012232',11852,11852,1,1,'2022-12-30 01:09:47',1),(11853,'012233',11853,11853,1,1,'2022-12-30 01:09:47',1),(11854,'012234',11854,11854,1,1,'2022-12-30 01:09:47',1),(11855,'012235',11855,11855,1,1,'2022-12-30 01:09:47',1),(11856,'012236',11856,11856,1,1,'2022-12-30 01:09:47',1),(11857,'012237',11857,11857,1,1,'2022-12-30 01:09:47',1),(11858,'012238',11858,11858,1,1,'2022-12-30 01:09:47',1),(11859,'012239',11859,11859,1,1,'2022-12-30 01:09:47',1),(11860,'012241',11860,11860,1,1,'2022-12-30 01:09:47',1),(11861,'012242',11861,11861,1,1,'2022-12-30 01:09:47',1),(11862,'012243',11862,11862,1,1,'2022-12-30 01:09:47',1),(11863,'012244',11863,11863,1,1,'2022-12-30 01:09:47',1),(11864,'012245',11864,11864,1,1,'2022-12-30 01:09:47',1),(11865,'012246',11865,11865,1,1,'2022-12-30 01:09:47',1),(11866,'012247',11866,11866,1,1,'2022-12-30 01:09:47',1),(11867,'012248',11867,11867,1,1,'2022-12-30 01:09:47',1),(11868,'012249',11868,11868,1,1,'2022-12-30 01:09:47',1),(11869,'012250',11869,11869,1,1,'2022-12-30 01:09:47',1),(11870,'012251',11870,11870,1,1,'2022-12-30 01:09:47',1),(11871,'012252',11871,11871,1,1,'2022-12-30 01:09:47',1),(11872,'012253',11872,11872,1,1,'2022-12-30 01:09:47',1),(11873,'012254',11873,11873,1,1,'2022-12-30 01:09:47',1),(11874,'012255',11874,11874,1,1,'2022-12-30 01:09:47',1),(11875,'012256',11875,11875,1,1,'2022-12-30 01:09:47',1),(11876,'012257',11876,11876,1,1,'2022-12-30 01:09:47',1),(11877,'012258',11877,11877,1,1,'2022-12-30 01:09:47',1),(11878,'012259',11878,11878,1,1,'2022-12-30 01:09:47',1),(11879,'012260',11879,11879,1,1,'2022-12-30 01:09:47',1),(11880,'012261',11880,11880,1,1,'2022-12-30 01:09:47',1),(11881,'012262',11881,11881,1,1,'2022-12-30 01:09:47',1),(11882,'012263',11882,11882,1,1,'2022-12-30 01:09:47',1),(11883,'012264',11883,11883,1,1,'2022-12-30 01:09:47',1),(11884,'012265',11884,11884,1,1,'2022-12-30 01:09:47',1),(11885,'012266',11885,11885,1,1,'2022-12-30 01:09:47',1),(11886,'012267',11886,11886,1,1,'2022-12-30 01:09:47',1),(11887,'012268',11887,11887,1,1,'2022-12-30 01:09:47',1),(11888,'012269',11888,11888,1,1,'2022-12-30 01:09:47',1),(11889,'012270',11889,11889,1,1,'2022-12-30 01:09:47',1),(11890,'012271',11890,11890,1,1,'2022-12-30 01:09:47',1),(11891,'012272',11891,11891,1,1,'2022-12-30 01:09:47',1),(11892,'012273',11892,11892,1,1,'2022-12-30 01:09:47',1),(11893,'012274',11893,11893,1,1,'2022-12-30 01:09:47',1),(11894,'012275',11894,11894,1,1,'2022-12-30 01:09:47',1),(11895,'012276',11895,11895,1,1,'2022-12-30 01:09:47',1),(11896,'012277',11896,11896,1,1,'2022-12-30 01:09:47',1),(11897,'012278',11897,11897,1,1,'2022-12-30 01:09:47',1),(11898,'012279',11898,11898,1,1,'2022-12-30 01:09:47',1),(11899,'012280',11899,11899,1,1,'2022-12-30 01:09:47',1),(11900,'012281',11900,11900,1,1,'2022-12-30 01:09:47',1),(11901,'012282',11901,11901,1,1,'2022-12-30 01:09:47',1),(11902,'012284',11902,11902,1,1,'2022-12-30 01:09:47',1),(11903,'012285',11903,11903,1,1,'2022-12-30 01:09:47',1),(11904,'012286',11904,11904,1,1,'2022-12-30 01:09:47',1),(11905,'012287',11905,11905,1,1,'2022-12-30 01:09:47',1),(11906,'012288',11906,11906,1,1,'2022-12-30 01:09:47',1),(11907,'012289',11907,11907,1,1,'2022-12-30 01:09:47',1),(11908,'012290',11908,11908,1,1,'2022-12-30 01:09:47',1),(11909,'012291',11909,11909,1,1,'2022-12-30 01:09:47',1),(11910,'012292',11910,11910,1,1,'2022-12-30 01:09:47',1),(11911,'012293',11911,11911,1,1,'2022-12-30 01:09:47',1),(11912,'012296',11912,11912,1,1,'2022-12-30 01:09:47',1),(11913,'012297',11913,11913,1,1,'2022-12-30 01:09:47',1),(11914,'012298',11914,11914,1,1,'2022-12-30 01:09:47',1),(11915,'012299',11915,11915,1,1,'2022-12-30 01:09:47',1),(11916,'012300',11916,11916,1,1,'2022-12-30 01:09:47',1),(11917,'012301',11917,11917,1,1,'2022-12-30 01:09:47',1),(11918,'012302',11918,11918,1,1,'2022-12-30 01:09:47',1),(11919,'012303',11919,11919,1,1,'2022-12-30 01:09:47',1),(11920,'012304',11920,11920,1,1,'2022-12-30 01:09:47',1),(11921,'012305',11921,11921,1,1,'2022-12-30 01:09:47',1),(11922,'012306',11922,11922,1,1,'2022-12-30 01:09:47',1),(11923,'012307',11923,11923,1,1,'2022-12-30 01:09:47',1),(11924,'012308',11924,11924,1,1,'2022-12-30 01:09:47',1),(11925,'012309',11925,11925,1,1,'2022-12-30 01:09:47',1),(11926,'012310',11926,11926,1,1,'2022-12-30 01:09:47',1),(11927,'012311',11927,11927,1,1,'2022-12-30 01:09:47',1),(11928,'012312',11928,11928,1,1,'2022-12-30 01:09:47',1),(11929,'012313',11929,11929,1,1,'2022-12-30 01:09:47',1),(11930,'012314',11930,11930,1,1,'2022-12-30 01:09:47',1),(11931,'012315',11931,11931,1,1,'2022-12-30 01:09:47',1),(11932,'012316',11932,11932,1,1,'2022-12-30 01:09:47',1),(11933,'012317',11933,11933,1,1,'2022-12-30 01:09:47',1),(11934,'012318',11934,11934,1,1,'2022-12-30 01:09:47',1),(11935,'012319',11935,11935,1,1,'2022-12-30 01:09:47',1),(11936,'012320',11936,11936,1,1,'2022-12-30 01:09:47',1),(11937,'012321',11937,11937,1,1,'2022-12-30 01:09:47',1),(11938,'012322',11938,11938,1,1,'2022-12-30 01:09:47',1),(11939,'012323',11939,11939,1,1,'2022-12-30 01:09:47',1),(11940,'012324',11940,11940,1,1,'2022-12-30 01:09:47',1),(11941,'012326',11941,11941,1,1,'2022-12-30 01:09:47',1),(11942,'012327',11942,11942,1,1,'2022-12-30 01:09:47',1),(11943,'012328',11943,11943,1,1,'2022-12-30 01:09:47',1),(11944,'012329',11944,11944,1,1,'2022-12-30 01:09:47',1),(11945,'012330',11945,11945,1,1,'2022-12-30 01:09:47',1),(11946,'012331',11946,11946,1,1,'2022-12-30 01:09:47',1),(11947,'012332',11947,11947,1,1,'2022-12-30 01:09:47',1),(11948,'012333',11948,11948,1,1,'2022-12-30 01:09:47',1),(11949,'012334',11949,11949,1,1,'2022-12-30 01:09:47',1),(11950,'012335',11950,11950,1,1,'2022-12-30 01:09:47',1),(11951,'012336',11951,11951,1,1,'2022-12-30 01:09:47',1),(11952,'012337',11952,11952,1,1,'2022-12-30 01:09:47',1),(11953,'012338',11953,11953,1,1,'2022-12-30 01:09:47',1),(11954,'012339',11954,11954,1,1,'2022-12-30 01:09:47',1),(11955,'012340',11955,11955,1,1,'2022-12-30 01:09:47',1),(11956,'012341',11956,11956,1,1,'2022-12-30 01:09:47',1),(11957,'012342',11957,11957,1,1,'2022-12-30 01:09:47',1),(11958,'012344',11958,11958,1,1,'2022-12-30 01:09:47',1),(11959,'012345',11959,11959,1,1,'2022-12-30 01:09:47',1),(11960,'012346',11960,11960,1,1,'2022-12-30 01:09:47',1),(11961,'012347',11961,11961,1,1,'2022-12-30 01:09:47',1),(11962,'012348',11962,11962,1,1,'2022-12-30 01:09:47',1),(11963,'012349',11963,11963,1,1,'2022-12-30 01:09:47',1),(11964,'012350',11964,11964,1,1,'2022-12-30 01:09:47',1),(11965,'012351',11965,11965,1,1,'2022-12-30 01:09:47',1),(11966,'012352',11966,11966,1,1,'2022-12-30 01:09:47',1),(11967,'012353',11967,11967,1,1,'2022-12-30 01:09:47',1),(11968,'012354',11968,11968,1,1,'2022-12-30 01:09:47',1),(11969,'012355',11969,11969,1,1,'2022-12-30 01:09:47',1),(11970,'012356',11970,11970,1,1,'2022-12-30 01:09:47',1),(11971,'012357',11971,11971,1,1,'2022-12-30 01:09:47',1),(11972,'012358',11972,11972,1,1,'2022-12-30 01:09:47',1),(11973,'012360',11973,11973,1,1,'2022-12-30 01:09:47',1),(11974,'012361',11974,11974,1,1,'2022-12-30 01:09:47',1),(11975,'012362',11975,11975,1,1,'2022-12-30 01:09:47',1),(11976,'012363',11976,11976,1,1,'2022-12-30 01:09:47',1),(11977,'012364',11977,11977,1,1,'2022-12-30 01:09:47',1),(11978,'012365',11978,11978,1,1,'2022-12-30 01:09:47',1),(11979,'012366',11979,11979,1,1,'2022-12-30 01:09:47',1),(11980,'012367',11980,11980,1,1,'2022-12-30 01:09:47',1),(11981,'012368',11981,11981,1,1,'2022-12-30 01:09:47',1),(11982,'012369',11982,11982,1,1,'2022-12-30 01:09:47',1),(11983,'012370',11983,11983,1,1,'2022-12-30 01:09:47',1),(11984,'012371',11984,11984,1,1,'2022-12-30 01:09:47',1),(11985,'012372',11985,11985,1,1,'2022-12-30 01:09:47',1),(11986,'012373',11986,11986,1,1,'2022-12-30 01:09:47',1),(11987,'012374',11987,11987,1,1,'2022-12-30 01:09:47',1),(11988,'012375',11988,11988,1,1,'2022-12-30 01:09:47',1),(11989,'012376',11989,11989,1,1,'2022-12-30 01:09:47',1),(11990,'012377',11990,11990,1,1,'2022-12-30 01:09:47',1),(11991,'012378',11991,11991,1,1,'2022-12-30 01:09:47',1),(11992,'012379',11992,11992,1,1,'2022-12-30 01:09:47',1),(11993,'012380',11993,11993,1,1,'2022-12-30 01:09:47',1),(11994,'012381',11994,11994,1,1,'2022-12-30 01:09:47',1),(11995,'012382',11995,11995,1,1,'2022-12-30 01:09:47',1),(11996,'012384',11996,11996,1,1,'2022-12-30 01:09:47',1),(11997,'012385',11997,11997,1,1,'2022-12-30 01:09:47',1),(11998,'012386',11998,11998,1,1,'2022-12-30 01:09:47',1),(11999,'012387',11999,11999,1,1,'2022-12-30 01:09:47',1),(12000,'012388',12000,12000,1,1,'2022-12-30 01:09:47',1),(12001,'012389',12001,12001,1,1,'2022-12-30 01:09:47',1),(12002,'012390',12002,12002,1,1,'2022-12-30 01:09:47',1),(12003,'012391',12003,12003,1,1,'2022-12-30 01:09:47',1),(12004,'012392',12004,12004,1,1,'2022-12-30 01:09:47',1),(12005,'012393',12005,12005,1,1,'2022-12-30 01:09:47',1),(12006,'012394',12006,12006,1,1,'2022-12-30 01:09:47',1),(12007,'012395',12007,12007,1,1,'2022-12-30 01:09:47',1),(12008,'012396',12008,12008,1,1,'2022-12-30 01:09:47',1),(12009,'012397',12009,12009,1,1,'2022-12-30 01:09:47',1),(12010,'012398',12010,12010,1,1,'2022-12-30 01:09:47',1),(12011,'012400',12011,12011,1,1,'2022-12-30 01:09:47',1),(12012,'012401',12012,12012,1,1,'2022-12-30 01:09:47',1),(12013,'012402',12013,12013,1,1,'2022-12-30 01:09:47',1),(12014,'012403',12014,12014,1,1,'2022-12-30 01:09:47',1),(12015,'012404',12015,12015,1,1,'2022-12-30 01:09:47',1),(12016,'012405',12016,12016,1,1,'2022-12-30 01:09:47',1),(12017,'012406',12017,12017,1,1,'2022-12-30 01:09:47',1),(12018,'012407',12018,12018,1,1,'2022-12-30 01:09:47',1),(12019,'012408',12019,12019,1,1,'2022-12-30 01:09:47',1),(12020,'012409',12020,12020,1,1,'2022-12-30 01:09:47',1),(12021,'012411',12021,12021,1,1,'2022-12-30 01:09:47',1),(12022,'012412',12022,12022,1,1,'2022-12-30 01:09:47',1),(12023,'012413',12023,12023,1,1,'2022-12-30 01:09:47',1),(12024,'012414',12024,12024,1,1,'2022-12-30 01:09:47',1),(12025,'012415',12025,12025,1,1,'2022-12-30 01:09:47',1),(12026,'012417',12026,12026,1,1,'2022-12-30 01:09:47',1),(12027,'012418',12027,12027,1,1,'2022-12-30 01:09:47',1),(12028,'012419',12028,12028,1,1,'2022-12-30 01:09:47',1),(12029,'012420',12029,12029,1,1,'2022-12-30 01:09:47',1),(12030,'012421',12030,12030,1,1,'2022-12-30 01:09:47',1),(12031,'012422',12031,12031,1,1,'2022-12-30 01:09:47',1),(12032,'012423',12032,12032,1,1,'2022-12-30 01:09:47',1),(12033,'012425',12033,12033,1,1,'2022-12-30 01:09:47',1),(12034,'012426',12034,12034,1,1,'2022-12-30 01:09:47',1),(12035,'012427',12035,12035,1,1,'2022-12-30 01:09:47',1),(12036,'012428',12036,12036,1,1,'2022-12-30 01:09:47',1),(12037,'012429',12037,12037,1,1,'2022-12-30 01:09:47',1),(12038,'012430',12038,12038,1,1,'2022-12-30 01:09:47',1),(12039,'012431',12039,12039,1,1,'2022-12-30 01:09:47',1),(12040,'012432',12040,12040,1,1,'2022-12-30 01:09:47',1),(12041,'012433',12041,12041,1,1,'2022-12-30 01:09:47',1),(12042,'012434',12042,12042,1,1,'2022-12-30 01:09:47',1),(12043,'012435',12043,12043,1,1,'2022-12-30 01:09:47',1),(12044,'012436',12044,12044,1,1,'2022-12-30 01:09:47',1),(12045,'012437',12045,12045,1,1,'2022-12-30 01:09:47',1),(12046,'012438',12046,12046,1,1,'2022-12-30 01:09:47',1),(12047,'012440',12047,12047,1,1,'2022-12-30 01:09:47',1),(12048,'012441',12048,12048,1,1,'2022-12-30 01:09:47',1),(12049,'012442',12049,12049,1,1,'2022-12-30 01:09:47',1),(12050,'012443',12050,12050,1,1,'2022-12-30 01:09:47',1),(12051,'012444',12051,12051,1,1,'2022-12-30 01:09:47',1),(12052,'012445',12052,12052,1,1,'2022-12-30 01:09:47',1),(12053,'012446',12053,12053,1,1,'2022-12-30 01:09:47',1),(12054,'012447',12054,12054,1,1,'2022-12-30 01:09:47',1),(12055,'012448',12055,12055,1,1,'2022-12-30 01:09:47',1),(12056,'012449',12056,12056,1,1,'2022-12-30 01:09:47',1),(12057,'012450',12057,12057,1,1,'2022-12-30 01:09:47',1),(12058,'012451',12058,12058,1,1,'2022-12-30 01:09:47',1),(12059,'012452',12059,12059,1,1,'2022-12-30 01:09:47',1),(12060,'012453',12060,12060,1,1,'2022-12-30 01:09:47',1),(12061,'012454',12061,12061,1,1,'2022-12-30 01:09:47',1),(12062,'012455',12062,12062,1,1,'2022-12-30 01:09:47',1),(12063,'012456',12063,12063,1,1,'2022-12-30 01:09:47',1),(12064,'012457',12064,12064,1,1,'2022-12-30 01:09:47',1),(12065,'012458',12065,12065,1,1,'2022-12-30 01:09:47',1),(12066,'012459',12066,12066,1,1,'2022-12-30 01:09:47',1),(12067,'012460',12067,12067,1,1,'2022-12-30 01:09:47',1),(12068,'012461',12068,12068,1,1,'2022-12-30 01:09:47',1),(12069,'012462',12069,12069,1,1,'2022-12-30 01:09:47',1),(12070,'012463',12070,12070,1,1,'2022-12-30 01:09:47',1),(12071,'012464',12071,12071,1,1,'2022-12-30 01:09:47',1),(12072,'012465',12072,12072,1,1,'2022-12-30 01:09:47',1),(12073,'012466',12073,12073,1,1,'2022-12-30 01:09:47',1),(12074,'012467',12074,12074,1,1,'2022-12-30 01:09:47',1),(12075,'012468',12075,12075,1,1,'2022-12-30 01:09:47',1),(12076,'012469',12076,12076,1,1,'2022-12-30 01:09:47',1),(12077,'012471',12077,12077,1,1,'2022-12-30 01:09:47',1),(12078,'012472',12078,12078,1,1,'2022-12-30 01:09:47',1),(12079,'012473',12079,12079,1,1,'2022-12-30 01:09:47',1),(12080,'012474',12080,12080,1,1,'2022-12-30 01:09:47',1),(12081,'012475',12081,12081,1,1,'2022-12-30 01:09:47',1),(12082,'012476',12082,12082,1,1,'2022-12-30 01:09:47',1),(12083,'012477',12083,12083,1,1,'2022-12-30 01:09:47',1),(12084,'012478',12084,12084,1,1,'2022-12-30 01:09:47',1),(12085,'012479',12085,12085,1,1,'2022-12-30 01:09:47',1),(12086,'012480',12086,12086,1,1,'2022-12-30 01:09:47',1),(12087,'012481',12087,12087,1,1,'2022-12-30 01:09:47',1),(12088,'012482',12088,12088,1,1,'2022-12-30 01:09:47',1),(12089,'012483',12089,12089,1,1,'2022-12-30 01:09:47',1),(12090,'012484',12090,12090,1,1,'2022-12-30 01:09:47',1),(12091,'012485',12091,12091,1,1,'2022-12-30 01:09:47',1),(12092,'012486',12092,12092,1,1,'2022-12-30 01:09:47',1),(12093,'012487',12093,12093,1,1,'2022-12-30 01:09:47',1),(12094,'012488',12094,12094,1,1,'2022-12-30 01:09:47',1),(12095,'012491',12095,12095,1,1,'2022-12-30 01:09:47',1),(12096,'012492',12096,12096,1,1,'2022-12-30 01:09:47',1),(12097,'012493',12097,12097,1,1,'2022-12-30 01:09:47',1),(12098,'012494',12098,12098,1,1,'2022-12-30 01:09:47',1),(12099,'012495',12099,12099,1,1,'2022-12-30 01:09:47',1),(12100,'012496',12100,12100,1,1,'2022-12-30 01:09:47',1),(12101,'012497',12101,12101,1,1,'2022-12-30 01:09:47',1),(12102,'012498',12102,12102,1,1,'2022-12-30 01:09:47',1),(12103,'012499',12103,12103,1,1,'2022-12-30 01:09:47',1),(12104,'012500',12104,12104,1,1,'2022-12-30 01:09:47',1),(12105,'012501',12105,12105,1,1,'2022-12-30 01:09:47',1),(12106,'012502',12106,12106,1,1,'2022-12-30 01:09:47',1),(12107,'012503',12107,12107,1,1,'2022-12-30 01:09:47',1),(12108,'012505',12108,12108,1,1,'2022-12-30 01:09:47',1),(12109,'012506',12109,12109,1,1,'2022-12-30 01:09:47',1),(12110,'012507',12110,12110,1,1,'2022-12-30 01:09:47',1),(12111,'012508',12111,12111,1,1,'2022-12-30 01:09:47',1),(12112,'012509',12112,12112,1,1,'2022-12-30 01:09:47',1),(12113,'012510',12113,12113,1,1,'2022-12-30 01:09:47',1),(12114,'012511',12114,12114,1,1,'2022-12-30 01:09:47',1),(12115,'012512',12115,12115,1,1,'2022-12-30 01:09:47',1),(12116,'012513',12116,12116,1,1,'2022-12-30 01:09:47',1),(12117,'012514',12117,12117,1,1,'2022-12-30 01:09:47',1),(12118,'012515',12118,12118,1,1,'2022-12-30 01:09:47',1),(12119,'012516',12119,12119,1,1,'2022-12-30 01:09:47',1),(12120,'012517',12120,12120,1,1,'2022-12-30 01:09:47',1),(12121,'012518',12121,12121,1,1,'2022-12-30 01:09:47',1),(12122,'012519',12122,12122,1,1,'2022-12-30 01:09:47',1),(12123,'012520',12123,12123,1,1,'2022-12-30 01:09:47',1),(12124,'012521',12124,12124,1,1,'2022-12-30 01:09:47',1),(12125,'012522',12125,12125,1,1,'2022-12-30 01:09:47',1),(12126,'012523',12126,12126,1,1,'2022-12-30 01:09:47',1),(12127,'012524',12127,12127,1,1,'2022-12-30 01:09:47',1),(12128,'012525',12128,12128,1,1,'2022-12-30 01:09:47',1),(12129,'012526',12129,12129,1,1,'2022-12-30 01:09:47',1),(12130,'012527',12130,12130,1,1,'2022-12-30 01:09:47',1),(12131,'012528',12131,12131,1,1,'2022-12-30 01:09:47',1),(12132,'012529',12132,12132,1,1,'2022-12-30 01:09:47',1),(12133,'012530',12133,12133,1,1,'2022-12-30 01:09:47',1),(12134,'012531',12134,12134,1,1,'2022-12-30 01:09:47',1),(12135,'012532',12135,12135,1,1,'2022-12-30 01:09:47',1),(12136,'012533',12136,12136,1,1,'2022-12-30 01:09:47',1),(12137,'012534',12137,12137,1,1,'2022-12-30 01:09:47',1),(12138,'012535',12138,12138,1,1,'2022-12-30 01:09:47',1),(12139,'012536',12139,12139,1,1,'2022-12-30 01:09:47',1),(12140,'012537',12140,12140,1,1,'2022-12-30 01:09:47',1),(12141,'012538',12141,12141,1,1,'2022-12-30 01:09:47',1),(12142,'012539',12142,12142,1,1,'2022-12-30 01:09:47',1),(12143,'012540',12143,12143,1,1,'2022-12-30 01:09:47',1),(12144,'012541',12144,12144,1,1,'2022-12-30 01:09:47',1),(12145,'012542',12145,12145,1,1,'2022-12-30 01:09:47',1),(12146,'012543',12146,12146,1,1,'2022-12-30 01:09:47',1),(12147,'012544',12147,12147,1,1,'2022-12-30 01:09:47',1),(12148,'012545',12148,12148,1,1,'2022-12-30 01:09:47',1),(12149,'012546',12149,12149,1,1,'2022-12-30 01:09:47',1),(12150,'012547',12150,12150,1,1,'2022-12-30 01:09:47',1),(12151,'012548',12151,12151,1,1,'2022-12-30 01:09:47',1),(12152,'012549',12152,12152,1,1,'2022-12-30 01:09:47',1),(12153,'012550',12153,12153,1,1,'2022-12-30 01:09:47',1),(12154,'012551',12154,12154,1,1,'2022-12-30 01:09:47',1),(12155,'012553',12155,12155,1,1,'2022-12-30 01:09:47',1),(12156,'012554',12156,12156,1,1,'2022-12-30 01:09:47',1),(12157,'012555',12157,12157,1,1,'2022-12-30 01:09:47',1),(12158,'012556',12158,12158,1,1,'2022-12-30 01:09:47',1),(12159,'012557',12159,12159,1,1,'2022-12-30 01:09:47',1),(12160,'012558',12160,12160,1,1,'2022-12-30 01:09:47',1),(12161,'012559',12161,12161,1,1,'2022-12-30 01:09:47',1),(12162,'012560',12162,12162,1,1,'2022-12-30 01:09:47',1),(12163,'012561',12163,12163,1,1,'2022-12-30 01:09:47',1),(12164,'012562',12164,12164,1,1,'2022-12-30 01:09:47',1),(12165,'012563',12165,12165,1,1,'2022-12-30 01:09:47',1),(12166,'012564',12166,12166,1,1,'2022-12-30 01:09:47',1),(12167,'012565',12167,12167,1,1,'2022-12-30 01:09:47',1),(12168,'012566',12168,12168,1,1,'2022-12-30 01:09:47',1),(12169,'012567',12169,12169,1,1,'2022-12-30 01:09:47',1),(12170,'012568',12170,12170,1,1,'2022-12-30 01:09:47',1),(12171,'012569',12171,12171,1,1,'2022-12-30 01:09:47',1),(12172,'012570',12172,12172,1,1,'2022-12-30 01:09:47',1),(12173,'012571',12173,12173,1,1,'2022-12-30 01:09:47',1),(12174,'012572',12174,12174,1,1,'2022-12-30 01:09:47',1),(12175,'012573',12175,12175,1,1,'2022-12-30 01:09:47',1),(12176,'012574',12176,12176,1,1,'2022-12-30 01:09:47',1),(12177,'012575',12177,12177,1,1,'2022-12-30 01:09:47',1),(12178,'012576',12178,12178,1,1,'2022-12-30 01:09:47',1),(12179,'012577',12179,12179,1,1,'2022-12-30 01:09:47',1),(12180,'012578',12180,12180,1,1,'2022-12-30 01:09:47',1),(12181,'012579',12181,12181,1,1,'2022-12-30 01:09:47',1),(12182,'012580',12182,12182,1,1,'2022-12-30 01:09:47',1),(12183,'012581',12183,12183,1,1,'2022-12-30 01:09:47',1),(12184,'012582',12184,12184,1,1,'2022-12-30 01:09:47',1),(12185,'012583',12185,12185,1,1,'2022-12-30 01:09:47',1),(12186,'012584',12186,12186,1,1,'2022-12-30 01:09:47',1),(12187,'012585',12187,12187,1,1,'2022-12-30 01:09:47',1),(12188,'012586',12188,12188,1,1,'2022-12-30 01:09:47',1),(12189,'012587',12189,12189,1,1,'2022-12-30 01:09:47',1),(12190,'012588',12190,12190,1,1,'2022-12-30 01:09:47',1),(12191,'012589',12191,12191,1,1,'2022-12-30 01:09:47',1),(12192,'012590',12192,12192,1,1,'2022-12-30 01:09:47',1),(12193,'012592',12193,12193,1,1,'2022-12-30 01:09:47',1),(12194,'012593',12194,12194,1,1,'2022-12-30 01:09:47',1),(12195,'012594',12195,12195,1,1,'2022-12-30 01:09:47',1),(12196,'012595',12196,12196,1,1,'2022-12-30 01:09:47',1),(12197,'012596',12197,12197,1,1,'2022-12-30 01:09:47',1),(12198,'012597',12198,12198,1,1,'2022-12-30 01:09:47',1),(12199,'012598',12199,12199,1,1,'2022-12-30 01:09:47',1),(12200,'012599',12200,12200,1,1,'2022-12-30 01:09:47',1),(12201,'012600',12201,12201,1,1,'2022-12-30 01:09:47',1),(12202,'012601',12202,12202,1,1,'2022-12-30 01:09:47',1),(12203,'012602',12203,12203,1,1,'2022-12-30 01:09:47',1),(12204,'012603',12204,12204,1,1,'2022-12-30 01:09:47',1),(12205,'012604',12205,12205,1,1,'2022-12-30 01:09:47',1),(12206,'012605',12206,12206,1,1,'2022-12-30 01:09:47',1),(12207,'012606',12207,12207,1,1,'2022-12-30 01:09:47',1),(12208,'012607',12208,12208,1,1,'2022-12-30 01:09:47',1),(12209,'012608',12209,12209,1,1,'2022-12-30 01:09:47',1),(12210,'012609',12210,12210,1,1,'2022-12-30 01:09:47',1),(12211,'012610',12211,12211,1,1,'2022-12-30 01:09:47',1),(12212,'012611',12212,12212,1,1,'2022-12-30 01:09:47',1),(12213,'012612',12213,12213,1,1,'2022-12-30 01:09:47',1),(12214,'012613',12214,12214,1,1,'2022-12-30 01:09:47',1),(12215,'012614',12215,12215,1,1,'2022-12-30 01:09:47',1),(12216,'012615',12216,12216,1,1,'2022-12-30 01:09:47',1),(12217,'012617',12217,12217,1,1,'2022-12-30 01:09:47',1),(12218,'012618',12218,12218,1,1,'2022-12-30 01:09:47',1),(12219,'012619',12219,12219,1,1,'2022-12-30 01:09:47',1),(12220,'012620',12220,12220,1,1,'2022-12-30 01:09:47',1),(12221,'012621',12221,12221,1,1,'2022-12-30 01:09:47',1),(12222,'012622',12222,12222,1,1,'2022-12-30 01:09:47',1),(12223,'012624',12223,12223,1,1,'2022-12-30 01:09:47',1),(12224,'012625',12224,12224,1,1,'2022-12-30 01:09:47',1),(12225,'012626',12225,12225,1,1,'2022-12-30 01:09:47',1),(12226,'012627',12226,12226,1,1,'2022-12-30 01:09:47',1),(12227,'012628',12227,12227,1,1,'2022-12-30 01:09:47',1),(12228,'012629',12228,12228,1,1,'2022-12-30 01:09:47',1),(12229,'012630',12229,12229,1,1,'2022-12-30 01:09:47',1),(12230,'012631',12230,12230,1,1,'2022-12-30 01:09:47',1),(12231,'012632',12231,12231,1,1,'2022-12-30 01:09:47',1),(12232,'012633',12232,12232,1,1,'2022-12-30 01:09:47',1),(12233,'012634',12233,12233,1,1,'2022-12-30 01:09:47',1),(12234,'012635',12234,12234,1,1,'2022-12-30 01:09:47',1),(12235,'012636',12235,12235,1,1,'2022-12-30 01:09:47',1),(12236,'012637',12236,12236,1,1,'2022-12-30 01:09:47',1),(12237,'012638',12237,12237,1,1,'2022-12-30 01:09:47',1),(12238,'012640',12238,12238,1,1,'2022-12-30 01:09:47',1),(12239,'012641',12239,12239,1,1,'2022-12-30 01:09:47',1),(12240,'012642',12240,12240,1,1,'2022-12-30 01:09:47',1),(12241,'012643',12241,12241,1,1,'2022-12-30 01:09:47',1),(12242,'012644',12242,12242,1,1,'2022-12-30 01:09:47',1),(12243,'012645',12243,12243,1,1,'2022-12-30 01:09:47',1),(12244,'012646',12244,12244,1,1,'2022-12-30 01:09:47',1),(12245,'012647',12245,12245,1,1,'2022-12-30 01:09:47',1),(12246,'012648',12246,12246,1,1,'2022-12-30 01:09:47',1),(12247,'012649',12247,12247,1,1,'2022-12-30 01:09:47',1),(12248,'012650',12248,12248,1,1,'2022-12-30 01:09:47',1),(12249,'012652',12249,12249,1,1,'2022-12-30 01:09:47',1),(12250,'012653',12250,12250,1,1,'2022-12-30 01:09:47',1),(12251,'012654',12251,12251,1,1,'2022-12-30 01:09:47',1),(12252,'012655',12252,12252,1,1,'2022-12-30 01:09:47',1),(12253,'012656',12253,12253,1,1,'2022-12-30 01:09:47',1),(12254,'012657',12254,12254,1,1,'2022-12-30 01:09:47',1),(12255,'012658',12255,12255,1,1,'2022-12-30 01:09:47',1),(12256,'012660',12256,12256,1,1,'2022-12-30 01:09:47',1),(12257,'012661',12257,12257,1,1,'2022-12-30 01:09:47',1),(12258,'012662',12258,12258,1,1,'2022-12-30 01:09:47',1),(12259,'012663',12259,12259,1,1,'2022-12-30 01:09:47',1),(12260,'012664',12260,12260,1,1,'2022-12-30 01:09:47',1),(12261,'012665',12261,12261,1,1,'2022-12-30 01:09:47',1),(12262,'012666',12262,12262,1,1,'2022-12-30 01:09:47',1),(12263,'012667',12263,12263,1,1,'2022-12-30 01:09:47',1),(12264,'012668',12264,12264,1,1,'2022-12-30 01:09:47',1),(12265,'012669',12265,12265,1,1,'2022-12-30 01:09:47',1),(12266,'012670',12266,12266,1,1,'2022-12-30 01:09:47',1),(12267,'012671',12267,12267,1,1,'2022-12-30 01:09:47',1),(12268,'012672',12268,12268,1,1,'2022-12-30 01:09:47',1),(12269,'012673',12269,12269,1,1,'2022-12-30 01:09:47',1),(12270,'012674',12270,12270,1,1,'2022-12-30 01:09:47',1),(12271,'012675',12271,12271,1,1,'2022-12-30 01:09:47',1),(12272,'012676',12272,12272,1,1,'2022-12-30 01:09:47',1),(12273,'012677',12273,12273,1,1,'2022-12-30 01:09:47',1),(12274,'012678',12274,12274,1,1,'2022-12-30 01:09:47',1),(12275,'012679',12275,12275,1,1,'2022-12-30 01:09:47',1),(12276,'012680',12276,12276,1,1,'2022-12-30 01:09:47',1),(12277,'012681',12277,12277,1,1,'2022-12-30 01:09:47',1),(12278,'012682',12278,12278,1,1,'2022-12-30 01:09:47',1),(12279,'012683',12279,12279,1,1,'2022-12-30 01:09:47',1),(12280,'012684',12280,12280,1,1,'2022-12-30 01:09:47',1),(12281,'012686',12281,12281,1,1,'2022-12-30 01:09:47',1),(12282,'012687',12282,12282,1,1,'2022-12-30 01:09:47',1),(12283,'012688',12283,12283,1,1,'2022-12-30 01:09:47',1),(12284,'012689',12284,12284,1,1,'2022-12-30 01:09:47',1),(12285,'012690',12285,12285,1,1,'2022-12-30 01:09:47',1),(12286,'012691',12286,12286,1,1,'2022-12-30 01:09:47',1),(12287,'012692',12287,12287,1,1,'2022-12-30 01:09:47',1),(12288,'012693',12288,12288,1,1,'2022-12-30 01:09:47',1),(12289,'012694',12289,12289,1,1,'2022-12-30 01:09:47',1),(12290,'012695',12290,12290,1,1,'2022-12-30 01:09:47',1),(12291,'012697',12291,12291,1,1,'2022-12-30 01:09:47',1),(12292,'012698',12292,12292,1,1,'2022-12-30 01:09:47',1),(12293,'012699',12293,12293,1,1,'2022-12-30 01:09:47',1),(12294,'012700',12294,12294,1,1,'2022-12-30 01:09:47',1),(12295,'012701',12295,12295,1,1,'2022-12-30 01:09:47',1),(12296,'012702',12296,12296,1,1,'2022-12-30 01:09:47',1),(12297,'012703',12297,12297,1,1,'2022-12-30 01:09:47',1),(12298,'012704',12298,12298,1,1,'2022-12-30 01:09:47',1),(12299,'012705',12299,12299,1,1,'2022-12-30 01:09:47',1),(12300,'012707',12300,12300,1,1,'2022-12-30 01:09:47',1),(12301,'012708',12301,12301,1,1,'2022-12-30 01:09:47',1),(12302,'012709',12302,12302,1,1,'2022-12-30 01:09:47',1),(12303,'012710',12303,12303,1,1,'2022-12-30 01:09:47',1),(12304,'012711',12304,12304,1,1,'2022-12-30 01:09:47',1),(12305,'012712',12305,12305,1,1,'2022-12-30 01:09:47',1),(12306,'012713',12306,12306,1,1,'2022-12-30 01:09:47',1),(12307,'012714',12307,12307,1,1,'2022-12-30 01:09:47',1),(12308,'012715',12308,12308,1,1,'2022-12-30 01:09:47',1),(12309,'012716',12309,12309,1,1,'2022-12-30 01:09:47',1),(12310,'012717',12310,12310,1,1,'2022-12-30 01:09:47',1),(12311,'012718',12311,12311,1,1,'2022-12-30 01:09:47',1),(12312,'012719',12312,12312,1,1,'2022-12-30 01:09:47',1),(12313,'012720',12313,12313,1,1,'2022-12-30 01:09:47',1),(12314,'012721',12314,12314,1,1,'2022-12-30 01:09:47',1),(12315,'012723',12315,12315,1,1,'2022-12-30 01:09:47',1),(12316,'012724',12316,12316,1,1,'2022-12-30 01:09:47',1),(12317,'012725',12317,12317,1,1,'2022-12-30 01:09:47',1),(12318,'012726',12318,12318,1,1,'2022-12-30 01:09:47',1),(12319,'012727',12319,12319,1,1,'2022-12-30 01:09:47',1),(12320,'012728',12320,12320,1,1,'2022-12-30 01:09:47',1),(12321,'012729',12321,12321,1,1,'2022-12-30 01:09:47',1),(12322,'012730',12322,12322,1,1,'2022-12-30 01:09:47',1),(12323,'012731',12323,12323,1,1,'2022-12-30 01:09:47',1),(12324,'012732',12324,12324,1,1,'2022-12-30 01:09:47',1),(12325,'012734',12325,12325,1,1,'2022-12-30 01:09:47',1),(12326,'012735',12326,12326,1,1,'2022-12-30 01:09:47',1),(12327,'012736',12327,12327,1,1,'2022-12-30 01:09:47',1),(12328,'012737',12328,12328,1,1,'2022-12-30 01:09:47',1),(12329,'012738',12329,12329,1,1,'2022-12-30 01:09:47',1),(12330,'012739',12330,12330,1,1,'2022-12-30 01:09:47',1),(12331,'012740',12331,12331,1,1,'2022-12-30 01:09:47',1),(12332,'012741',12332,12332,1,1,'2022-12-30 01:09:47',1),(12333,'012743',12333,12333,1,1,'2022-12-30 01:09:47',1),(12334,'012744',12334,12334,1,1,'2022-12-30 01:09:47',1),(12335,'012745',12335,12335,1,1,'2022-12-30 01:09:47',1),(12336,'012746',12336,12336,1,1,'2022-12-30 01:09:47',1),(12337,'012747',12337,12337,1,1,'2022-12-30 01:09:47',1),(12338,'012748',12338,12338,1,1,'2022-12-30 01:09:47',1),(12339,'012749',12339,12339,1,1,'2022-12-30 01:09:47',1),(12340,'012750',12340,12340,1,1,'2022-12-30 01:09:47',1),(12341,'012751',12341,12341,1,1,'2022-12-30 01:09:47',1),(12342,'012752',12342,12342,1,1,'2022-12-30 01:09:47',1),(12343,'012753',12343,12343,1,1,'2022-12-30 01:09:47',1),(12344,'012754',12344,12344,1,1,'2022-12-30 01:09:47',1),(12345,'012755',12345,12345,1,1,'2022-12-30 01:09:47',1),(12346,'012756',12346,12346,1,1,'2022-12-30 01:09:47',1),(12347,'012757',12347,12347,1,1,'2022-12-30 01:09:47',1),(12348,'012758',12348,12348,1,1,'2022-12-30 01:09:47',1),(12349,'012759',12349,12349,1,1,'2022-12-30 01:09:47',1),(12350,'012760',12350,12350,1,1,'2022-12-30 01:09:47',1),(12351,'012761',12351,12351,1,1,'2022-12-30 01:09:47',1),(12352,'012762',12352,12352,1,1,'2022-12-30 01:09:47',1),(12353,'012763',12353,12353,1,1,'2022-12-30 01:09:47',1),(12354,'012764',12354,12354,1,1,'2022-12-30 01:09:47',1),(12355,'012765',12355,12355,1,1,'2022-12-30 01:09:47',1),(12356,'012766',12356,12356,1,1,'2022-12-30 01:09:47',1),(12357,'012767',12357,12357,1,1,'2022-12-30 01:09:47',1),(12358,'012768',12358,12358,1,1,'2022-12-30 01:09:47',1),(12359,'012769',12359,12359,1,1,'2022-12-30 01:09:47',1),(12360,'012770',12360,12360,1,1,'2022-12-30 01:09:47',1),(12361,'012771',12361,12361,1,1,'2022-12-30 01:09:47',1),(12362,'012772',12362,12362,1,1,'2022-12-30 01:09:47',1),(12363,'012773',12363,12363,1,1,'2022-12-30 01:09:47',1),(12364,'012774',12364,12364,1,1,'2022-12-30 01:09:47',1),(12365,'012775',12365,12365,1,1,'2022-12-30 01:09:47',1),(12366,'012776',12366,12366,1,1,'2022-12-30 01:09:47',1),(12367,'012777',12367,12367,1,1,'2022-12-30 01:09:47',1),(12368,'012778',12368,12368,1,1,'2022-12-30 01:09:47',1),(12369,'012779',12369,12369,1,1,'2022-12-30 01:09:47',1),(12370,'012780',12370,12370,1,1,'2022-12-30 01:09:47',1),(12371,'012781',12371,12371,1,1,'2022-12-30 01:09:47',1),(12372,'012782',12372,12372,1,1,'2022-12-30 01:09:47',1),(12373,'012783',12373,12373,1,1,'2022-12-30 01:09:47',1),(12374,'012784',12374,12374,1,1,'2022-12-30 01:09:47',1),(12375,'012785',12375,12375,1,1,'2022-12-30 01:09:47',1),(12376,'012786',12376,12376,1,1,'2022-12-30 01:09:47',1),(12377,'012787',12377,12377,1,1,'2022-12-30 01:09:47',1),(12378,'012789',12378,12378,1,1,'2022-12-30 01:09:47',1),(12379,'012790',12379,12379,1,1,'2022-12-30 01:09:47',1),(12380,'012791',12380,12380,1,1,'2022-12-30 01:09:47',1),(12381,'012792',12381,12381,1,1,'2022-12-30 01:09:47',1),(12382,'012793',12382,12382,1,1,'2022-12-30 01:09:47',1),(12383,'012794',12383,12383,1,1,'2022-12-30 01:09:47',1),(12384,'012795',12384,12384,1,1,'2022-12-30 01:09:47',1),(12385,'012796',12385,12385,1,1,'2022-12-30 01:09:47',1),(12386,'012797',12386,12386,1,1,'2022-12-30 01:09:47',1),(12387,'012799',12387,12387,1,1,'2022-12-30 01:09:47',1),(12388,'012800',12388,12388,1,1,'2022-12-30 01:09:47',1),(12389,'012801',12389,12389,1,1,'2022-12-30 01:09:47',1),(12390,'012803',12390,12390,1,1,'2022-12-30 01:09:47',1),(12391,'012804',12391,12391,1,1,'2022-12-30 01:09:47',1),(12392,'012805',12392,12392,1,1,'2022-12-30 01:09:47',1),(12393,'012806',12393,12393,1,1,'2022-12-30 01:09:47',1),(12394,'012807',12394,12394,1,1,'2022-12-30 01:09:47',1),(12395,'012808',12395,12395,1,1,'2022-12-30 01:09:47',1),(12396,'012809',12396,12396,1,1,'2022-12-30 01:09:47',1),(12397,'012810',12397,12397,1,1,'2022-12-30 01:09:47',1),(12398,'012811',12398,12398,1,1,'2022-12-30 01:09:47',1),(12399,'012812',12399,12399,1,1,'2022-12-30 01:09:47',1),(12400,'012813',12400,12400,1,1,'2022-12-30 01:09:47',1),(12401,'012814',12401,12401,1,1,'2022-12-30 01:09:47',1),(12402,'012815',12402,12402,1,1,'2022-12-30 01:09:47',1),(12403,'012816',12403,12403,1,1,'2022-12-30 01:09:47',1),(12404,'012818',12404,12404,1,1,'2022-12-30 01:09:47',1),(12405,'012819',12405,12405,1,1,'2022-12-30 01:09:47',1),(12406,'012820',12406,12406,1,1,'2022-12-30 01:09:47',1),(12407,'012821',12407,12407,1,1,'2022-12-30 01:09:47',1),(12408,'012822',12408,12408,1,1,'2022-12-30 01:09:47',1),(12409,'012823',12409,12409,1,1,'2022-12-30 01:09:47',1),(12410,'012824',12410,12410,1,1,'2022-12-30 01:09:47',1),(12411,'012825',12411,12411,1,1,'2022-12-30 01:09:47',1),(12412,'012826',12412,12412,1,1,'2022-12-30 01:09:47',1),(12413,'012828',12413,12413,1,1,'2022-12-30 01:09:47',1),(12414,'012829',12414,12414,1,1,'2022-12-30 01:09:47',1),(12415,'012830',12415,12415,1,1,'2022-12-30 01:09:47',1),(12416,'012831',12416,12416,1,1,'2022-12-30 01:09:47',1),(12417,'012832',12417,12417,1,1,'2022-12-30 01:09:47',1),(12418,'012833',12418,12418,1,1,'2022-12-30 01:09:47',1),(12419,'012834',12419,12419,1,1,'2022-12-30 01:09:47',1),(12420,'012835',12420,12420,1,1,'2022-12-30 01:09:47',1),(12421,'012836',12421,12421,1,1,'2022-12-30 01:09:47',1),(12422,'012837',12422,12422,1,1,'2022-12-30 01:09:47',1),(12423,'012838',12423,12423,1,1,'2022-12-30 01:09:47',1),(12424,'012839',12424,12424,1,1,'2022-12-30 01:09:47',1),(12425,'012840',12425,12425,1,1,'2022-12-30 01:09:47',1),(12426,'012841',12426,12426,1,1,'2022-12-30 01:09:47',1),(12427,'012842',12427,12427,1,1,'2022-12-30 01:09:47',1),(12428,'012844',12428,12428,1,1,'2022-12-30 01:09:47',1),(12429,'012845',12429,12429,1,1,'2022-12-30 01:09:47',1),(12430,'012846',12430,12430,1,1,'2022-12-30 01:09:47',1),(12431,'012847',12431,12431,1,1,'2022-12-30 01:09:47',1),(12432,'012848',12432,12432,1,1,'2022-12-30 01:09:47',1),(12433,'012849',12433,12433,1,1,'2022-12-30 01:09:47',1),(12434,'012851',12434,12434,1,1,'2022-12-30 01:09:47',1),(12435,'012852',12435,12435,1,1,'2022-12-30 01:09:47',1),(12436,'012854',12436,12436,1,1,'2022-12-30 01:09:47',1),(12437,'012855',12437,12437,1,1,'2022-12-30 01:09:47',1),(12438,'012856',12438,12438,1,1,'2022-12-30 01:09:47',1),(12439,'012857',12439,12439,1,1,'2022-12-30 01:09:47',1),(12440,'012858',12440,12440,1,1,'2022-12-30 01:09:47',1),(12441,'012859',12441,12441,1,1,'2022-12-30 01:09:47',1),(12442,'012861',12442,12442,1,1,'2022-12-30 01:09:47',1),(12443,'012862',12443,12443,1,1,'2022-12-30 01:09:47',1),(12444,'012863',12444,12444,1,1,'2022-12-30 01:09:47',1),(12445,'012864',12445,12445,1,1,'2022-12-30 01:09:47',1),(12446,'012865',12446,12446,1,1,'2022-12-30 01:09:47',1),(12447,'012866',12447,12447,1,1,'2022-12-30 01:09:47',1),(12448,'012867',12448,12448,1,1,'2022-12-30 01:09:47',1),(12449,'012868',12449,12449,1,1,'2022-12-30 01:09:47',1),(12450,'012869',12450,12450,1,1,'2022-12-30 01:09:47',1),(12451,'012870',12451,12451,1,1,'2022-12-30 01:09:47',1),(12452,'012871',12452,12452,1,1,'2022-12-30 01:09:47',1),(12453,'012872',12453,12453,1,1,'2022-12-30 01:09:47',1),(12454,'012873',12454,12454,1,1,'2022-12-30 01:09:47',1),(12455,'012874',12455,12455,1,1,'2022-12-30 01:09:47',1),(12456,'012876',12456,12456,1,1,'2022-12-30 01:09:47',1),(12457,'012877',12457,12457,1,1,'2022-12-30 01:09:47',1),(12458,'012878',12458,12458,1,1,'2022-12-30 01:09:47',1),(12459,'012879',12459,12459,1,1,'2022-12-30 01:09:47',1),(12460,'012880',12460,12460,1,1,'2022-12-30 01:09:47',1),(12461,'012881',12461,12461,1,1,'2022-12-30 01:09:47',1),(12462,'012882',12462,12462,1,1,'2022-12-30 01:09:47',1),(12463,'012883',12463,12463,1,1,'2022-12-30 01:09:47',1),(12464,'012884',12464,12464,1,1,'2022-12-30 01:09:47',1),(12465,'012885',12465,12465,1,1,'2022-12-30 01:09:47',1),(12466,'012886',12466,12466,1,1,'2022-12-30 01:09:47',1),(12467,'012887',12467,12467,1,1,'2022-12-30 01:09:47',1),(12468,'012888',12468,12468,1,1,'2022-12-30 01:09:47',1),(12469,'012889',12469,12469,1,1,'2022-12-30 01:09:47',1),(12470,'012890',12470,12470,1,1,'2022-12-30 01:09:47',1),(12471,'012891',12471,12471,1,1,'2022-12-30 01:09:47',1),(12472,'012892',12472,12472,1,1,'2022-12-30 01:09:47',1),(12473,'012894',12473,12473,1,1,'2022-12-30 01:09:47',1),(12474,'012895',12474,12474,1,1,'2022-12-30 01:09:47',1),(12475,'012896',12475,12475,1,1,'2022-12-30 01:09:47',1),(12476,'012897',12476,12476,1,1,'2022-12-30 01:09:47',1),(12477,'012898',12477,12477,1,1,'2022-12-30 01:09:47',1),(12478,'012899',12478,12478,1,1,'2022-12-30 01:09:47',1),(12479,'012900',12479,12479,1,1,'2022-12-30 01:09:47',1),(12480,'012901',12480,12480,1,1,'2022-12-30 01:09:47',1),(12481,'012902',12481,12481,1,1,'2022-12-30 01:09:47',1),(12482,'012903',12482,12482,1,1,'2022-12-30 01:09:47',1),(12483,'012904',12483,12483,1,1,'2022-12-30 01:09:47',1),(12484,'012905',12484,12484,1,1,'2022-12-30 01:09:47',1),(12485,'012906',12485,12485,1,1,'2022-12-30 01:09:47',1),(12486,'012907',12486,12486,1,1,'2022-12-30 01:09:47',1),(12487,'012908',12487,12487,1,1,'2022-12-30 01:09:47',1),(12488,'012909',12488,12488,1,1,'2022-12-30 01:09:47',1),(12489,'012910',12489,12489,1,1,'2022-12-30 01:09:47',1),(12490,'012911',12490,12490,1,1,'2022-12-30 01:09:47',1),(12491,'012912',12491,12491,1,1,'2022-12-30 01:09:47',1),(12492,'012913',12492,12492,1,1,'2022-12-30 01:09:47',1),(12493,'012914',12493,12493,1,1,'2022-12-30 01:09:47',1),(12494,'012915',12494,12494,1,1,'2022-12-30 01:09:47',1),(12495,'012916',12495,12495,1,1,'2022-12-30 01:09:47',1),(12496,'012918',12496,12496,1,1,'2022-12-30 01:09:47',1),(12497,'012919',12497,12497,1,1,'2022-12-30 01:09:47',1),(12498,'012920',12498,12498,1,1,'2022-12-30 01:09:47',1),(12499,'012921',12499,12499,1,1,'2022-12-30 01:09:47',1),(12500,'012922',12500,12500,1,1,'2022-12-30 01:09:47',1),(12501,'012923',12501,12501,1,1,'2022-12-30 01:09:47',1),(12502,'012924',12502,12502,1,1,'2022-12-30 01:09:47',1),(12503,'012925',12503,12503,1,1,'2022-12-30 01:09:47',1),(12504,'012926',12504,12504,1,1,'2022-12-30 01:09:47',1),(12505,'012927',12505,12505,1,1,'2022-12-30 01:09:47',1),(12506,'012928',12506,12506,1,1,'2022-12-30 01:09:47',1),(12507,'012929',12507,12507,1,1,'2022-12-30 01:09:47',1),(12508,'012930',12508,12508,1,1,'2022-12-30 01:09:47',1),(12509,'012931',12509,12509,1,1,'2022-12-30 01:09:47',1),(12510,'012932',12510,12510,1,1,'2022-12-30 01:09:47',1),(12511,'012933',12511,12511,1,1,'2022-12-30 01:09:47',1),(12512,'012934',12512,12512,1,1,'2022-12-30 01:09:47',1),(12513,'012935',12513,12513,1,1,'2022-12-30 01:09:47',1),(12514,'012936',12514,12514,1,1,'2022-12-30 01:09:47',1),(12515,'012937',12515,12515,1,1,'2022-12-30 01:09:47',1),(12516,'012938',12516,12516,1,1,'2022-12-30 01:09:47',1),(12517,'012939',12517,12517,1,1,'2022-12-30 01:09:47',1),(12518,'012940',12518,12518,1,1,'2022-12-30 01:09:47',1),(12519,'012941',12519,12519,1,1,'2022-12-30 01:09:47',1),(12520,'012942',12520,12520,1,1,'2022-12-30 01:09:47',1),(12521,'012943',12521,12521,1,1,'2022-12-30 01:09:47',1),(12522,'012944',12522,12522,1,1,'2022-12-30 01:09:47',1),(12523,'012945',12523,12523,1,1,'2022-12-30 01:09:47',1),(12524,'012946',12524,12524,1,1,'2022-12-30 01:09:47',1),(12525,'012947',12525,12525,1,1,'2022-12-30 01:09:47',1),(12526,'012948',12526,12526,1,1,'2022-12-30 01:09:47',1),(12527,'012949',12527,12527,1,1,'2022-12-30 01:09:47',1),(12528,'012950',12528,12528,1,1,'2022-12-30 01:09:47',1),(12529,'012951',12529,12529,1,1,'2022-12-30 01:09:47',1),(12530,'012952',12530,12530,1,1,'2022-12-30 01:09:47',1),(12531,'012953',12531,12531,1,1,'2022-12-30 01:09:47',1),(12532,'012954',12532,12532,1,1,'2022-12-30 01:09:47',1),(12533,'012955',12533,12533,1,1,'2022-12-30 01:09:47',1),(12534,'012956',12534,12534,1,1,'2022-12-30 01:09:47',1),(12535,'012957',12535,12535,1,1,'2022-12-30 01:09:47',1),(12536,'012958',12536,12536,1,1,'2022-12-30 01:09:47',1),(12537,'012959',12537,12537,1,1,'2022-12-30 01:09:47',1),(12538,'012960',12538,12538,1,1,'2022-12-30 01:09:47',1),(12539,'012961',12539,12539,1,1,'2022-12-30 01:09:47',1),(12540,'012962',12540,12540,1,1,'2022-12-30 01:09:47',1),(12541,'012963',12541,12541,1,1,'2022-12-30 01:09:47',1),(12542,'012964',12542,12542,1,1,'2022-12-30 01:09:47',1),(12543,'012965',12543,12543,1,1,'2022-12-30 01:09:47',1),(16384,'XXXXXX',16385,16384,1,1,'2023-01-06 06:51:26',1),(16385,'XXXXXX',16386,16385,2,1,'2023-01-06 21:22:10',1),(16386,'XXXXXX',16387,16386,2,1,'2023-01-06 21:24:13',1),(16387,'XXXXXX',16388,16387,2,1,'2023-01-06 21:24:24',1),(16388,'XXXXXX',16389,16389,1,1,'2023-01-06 22:17:19',1),(16389,'XXXXXX',16390,16390,1,1,'2023-01-06 22:20:58',1),(16390,'XXXXXX',16391,16391,1,1,'2023-01-06 22:21:21',1),(16391,'XXXXXX',16392,16392,1,1,'2023-01-06 22:23:03',1),(16392,'XXXXXX',16393,16393,1,1,'2023-01-06 22:23:36',1),(16393,'XXXXXX',16394,16394,1,1,'2023-01-06 22:50:29',1),(16394,'XXXXXX',16395,16395,1,1,'2023-01-06 23:01:52',1),(16395,'XXXXXX',16396,16396,1,1,'2023-01-16 18:56:58',1),(16396,'XXXXXX',16397,16397,1,1,'2023-01-16 21:08:37',1);

--
-- Table structure for table `tpv_clientelistaprecio`
--

CREATE TABLE `tpv_clientelistaprecio` (
  `id` int(11) NOT NULL AUTO_INCREMENT,
  `id_tpv_cliente` int(11) DEFAULT NULL,
  `id_tpv_listaprecio` int(11) DEFAULT NULL,
  `status` int(11) DEFAULT 1,
  PRIMARY KEY (`id`)
) ENGINE=InnoDB AUTO_INCREMENT=2 DEFAULT CHARSET=utf8mb4 COLLATE=utf8mb4_general_ci;

--
-- Dumping data for table `tpv_clientelistaprecio`
--


--
-- Table structure for table `tpv_clienteprecio`
--

CREATE TABLE `tpv_clienteprecio` (
  `id_tpv_cliente` int(11) NOT NULL,
  `id_tpv_precio` int(11) NOT NULL,
  `status` int(11) DEFAULT 1,
  PRIMARY KEY (`id_tpv_cliente`,`id_tpv_precio`)
) ENGINE=InnoDB DEFAULT CHARSET=utf8mb4 COLLATE=utf8mb4_general_ci;

--
-- Dumping data for table `tpv_clienteprecio`
--

INSERT INTO `tpv_clienteprecio` VALUES (17,1,1),(17,2,1);

--
-- Table structure for table `tpv_compra`
--

CREATE TABLE `tpv_compra` (
  `id` int(11) NOT NULL AUTO_INCREMENT,
  `folio` varchar(100) DEFAULT NULL,
  `id_sys_usuario` int(11) DEFAULT NULL,
  `id_tpv_almacen` int(11) DEFAULT NULL,
  `id_tpv_proveedor` int(11) DEFAULT NULL,
  `subtotal` decimal(9,2) DEFAULT NULL,
  `descuento` decimal(9,2) DEFAULT NULL,
  `iva` decimal(9,2) DEFAULT NULL,
  `total` decimal(9,2) DEFAULT NULL,
  `tipocompra` int(11) DEFAULT 1 COMMENT '1::Contado,2::Credito',
  `fecha` date DEFAULT NULL,
  `hora` time DEFAULT NULL,
  `plazo` int(11) DEFAULT NULL,
  `fechalimite` date DEFAULT NULL,
  `folioproveedor` varchar(100) DEFAULT NULL,
  `fechaproveedor` date DEFAULT NULL,
  `observaciones` varchar(255) DEFAULT NULL,
  `timestamp` timestamp NOT NULL DEFAULT current_timestamp() ON UPDATE current_timestamp(),
  `status` int(5) DEFAULT 1,
  PRIMARY KEY (`id`)
) ENGINE=InnoDB AUTO_INCREMENT=12 DEFAULT CHARSET=utf8mb4 COLLATE=utf8mb4_unicode_ci;

--
-- Dumping data for table `tpv_compra`
--

INSERT INTO `tpv_compra` VALUES (1,'ADMINCOMP-5',1,3,1,200.00,0.00,32.00,232.00,1,'2023-02-23','23:59:02',NULL,'0000-00-00','1111','2023-02-15',NULL,'2023-02-24 05:59:02',1),(2,'ADMINCOMP-6',1,3,1,300.00,0.00,48.00,348.00,1,'2023-02-24','00:01:02',NULL,'0000-00-00','3333','2023-02-07',NULL,'2023-02-24 06:01:02',1),(3,'ADMINCOMP-7',1,3,1,200.00,0.00,32.00,232.00,1,'2023-02-24','00:02:26',NULL,'0000-00-00','222','2023-02-06',NULL,'2023-02-24 06:02:26',1),(4,'TONCOMP-1',4,3,1,1198.33,0.00,94.00,1292.33,1,'2023-02-24','00:22:36',NULL,'0000-00-00','XXXXXXX','2023-02-24','Prueba de compra al proveedor','2023-02-24 06:22:36',1),(5,'TONCOMP-2',4,3,1,1486.10,0.00,0.00,1486.10,1,'2023-02-24','00:31:49',NULL,'0000-00-00','MMMMM','2023-02-24','Prueba de compra al proveedor','2023-02-24 06:31:49',1),(6,'TONCOMP-3',4,3,1,9511.04,0.00,512.00,10023.04,1,'2023-02-24','02:07:15',NULL,'0000-00-00','333','2023-02-09',NULL,'2023-02-24 08:07:15',1),(7,'MTUXCOMP-1',2,1,1,811.57,0.00,0.00,811.57,1,'2023-02-24','08:51:35',NULL,'0000-00-00','XXXXXXX','2023-02-24','Ejemplo de compra','2023-02-24 14:51:35',1),(8,'MTUXCOMP-2',2,1,1,5619.38,0.00,643.00,6262.38,1,'2023-02-24','10:37:36',NULL,'0000-00-00','xxxxxxx','2023-02-18','Se ingreso la compra','2023-02-24 16:37:36',1),(11,'MTUXCOMP-3',2,1,1,696.35,0.00,111.42,807.77,1,'2023-02-28','13:59:49',NULL,'0000-00-00','XXXXX','2023-02-28','Ejemplo','2023-02-28 19:59:49',1);

--
-- Table structure for table `tpv_compradetalle`
--

CREATE TABLE `tpv_compradetalle` (
  `id` int(11) NOT NULL AUTO_INCREMENT,
  `id_tpv_compra` int(11) DEFAULT NULL,
  `id_tpv_articulo` int(11) DEFAULT NULL,
  `costo` decimal(9,2) DEFAULT NULL,
  `cantidad` decimal(9,2) DEFAULT NULL,
  `subtotal` decimal(9,2) DEFAULT NULL,
  `descuento` decimal(9,2) DEFAULT NULL,
  `iva` decimal(9,2) DEFAULT NULL,
  `total` decimal(9,2) DEFAULT NULL,
  `timestamp` timestamp NOT NULL DEFAULT current_timestamp() ON UPDATE current_timestamp(),
  `status` int(5) DEFAULT 1,
  PRIMARY KEY (`id`)
) ENGINE=InnoDB AUTO_INCREMENT=15 DEFAULT CHARSET=utf8mb4 COLLATE=utf8mb4_unicode_ci;

--
-- Dumping data for table `tpv_compradetalle`
--

INSERT INTO `tpv_compradetalle` VALUES (1,1,5458,200.00,1.00,200.00,0.00,32.00,232.00,'2023-02-24 05:51:29',1),(2,2,5458,300.00,1.00,300.00,0.00,48.00,348.00,'2023-02-24 06:00:53',1),(3,3,5458,200.00,1.00,200.00,0.00,32.00,232.00,'2023-02-24 06:02:19',1),(4,4,5458,297.22,4.00,1188.88,0.00,92.00,1280.88,'2023-02-24 06:19:50',1),(6,4,5624,9.45,1.00,9.45,0.00,2.00,11.45,'2023-02-24 06:22:17',1),(7,5,5458,297.22,5.00,1486.10,0.00,0.00,1486.10,'2023-02-24 06:29:36',1),(8,6,5458,297.22,32.00,9511.04,0.00,512.00,10023.04,'2023-02-24 08:07:10',1),(9,7,5458,135.27,6.00,811.57,0.00,0.00,811.57,'2023-02-24 14:51:07',1),(10,8,5458,140.27,40.00,5610.80,0.00,640.00,6250.80,'2023-02-24 16:36:49',1),(11,8,5459,2.86,3.00,8.58,0.00,3.00,11.58,'2023-02-24 16:37:11',1),(14,11,5458,139.27,5.00,696.35,0.00,111.42,807.77,'2023-02-28 19:59:21',1);

--
-- Table structure for table `tpv_cortecaja`
--

CREATE TABLE `tpv_cortecaja` (
  `id` int(11) NOT NULL AUTO_INCREMENT,
  `id_tpv_caja` int(11) DEFAULT NULL COMMENT 'EL id del cierre',
  `id_cat_tiporegistrocorte` int(11) DEFAULT NULL,
  `id_tpv_pedido` int(11) DEFAULT NULL,
  `id_sat_metodopago` int(11) DEFAULT NULL,
  `fecha` date DEFAULT NULL,
  `hora` time DEFAULT NULL,
  `serie` varchar(100) DEFAULT NULL,
  `folio` int(11) DEFAULT NULL,
  `id_tpv_cliente` int(11) DEFAULT NULL,
  `cliente` varchar(800) DEFAULT NULL,
  `id_tpv_vendedor` int(11) DEFAULT NULL,
  `vendedor` varchar(800) DEFAULT NULL,
  `factura` varchar(100) DEFAULT NULL,
  `uuid` varchar(200) DEFAULT NULL,
  `total` decimal(9,2) DEFAULT NULL,
  `id_cat_banco` int(11) DEFAULT NULL,
  `status` int(11) DEFAULT 1,
  PRIMARY KEY (`id`)
) ENGINE=InnoDB DEFAULT CHARSET=utf8mb4 COLLATE=utf8mb4_general_ci;

--
-- Dumping data for table `tpv_cortecaja`
--


--
-- Table structure for table `tpv_cortecajaformapago`
--

CREATE TABLE `tpv_cortecajaformapago` (
  `id` int(11) NOT NULL AUTO_INCREMENT,
  `id_tpv_cortecaja` int(11) DEFAULT NULL,
  `id_sat_formapago` int(11) DEFAULT NULL,
  `fecha` date DEFAULT NULL,
  `hora` time DEFAULT NULL,
  `monto` decimal(9,2) DEFAULT NULL,
  `status` int(11) DEFAULT 1,
  PRIMARY KEY (`id`)
) ENGINE=InnoDB DEFAULT CHARSET=utf8mb4 COLLATE=utf8mb4_general_ci;

--
-- Dumping data for table `tpv_cortecajaformapago`
--


--
-- Table structure for table `tpv_documento`
--

CREATE TABLE `tpv_documento` (
  `folio` int(11) NOT NULL AUTO_INCREMENT,
  `serie` varchar(10) DEFAULT NULL,
  `sello` text DEFAULT NULL,
  `formaDePago` varchar(100) DEFAULT 'PAGO EN UNA SOLA EXHIBICION',
  `noCertificado` varchar(100) DEFAULT NULL,
  `certificado` text DEFAULT NULL,
  `subtotal` decimal(10,2) DEFAULT NULL,
  `descuento` decimal(10,2) DEFAULT NULL,
  `total` decimal(10,2) DEFAULT NULL,
  `tipoDeComprobante` varchar(100) DEFAULT 'ingreso',
  `metodoDePago` varchar(100) DEFAULT 'NO IDENTIFICADO',
  `condicionesDePago` varchar(100) DEFAULT NULL,
  `LugarExpedicion` varchar(100) DEFAULT NULL,
  `TipoCambio` float DEFAULT NULL,
  `Moneda` varchar(100) DEFAULT 'PESOS',
  `regimen` varchar(200) DEFAULT NULL,
  `cliente` int(11) DEFAULT NULL,
  `idventa` int(11) DEFAULT NULL,
  `fecha` date DEFAULT NULL,
  `hora` time DEFAULT NULL,
  `impuesto` varchar(100) DEFAULT 'IVA',
  `tasa` float DEFAULT 16,
  `importe` decimal(10,2) DEFAULT NULL,
  `status` int(11) DEFAULT NULL,
  `fec_cancelacion` date DEFAULT NULL,
  `usuario` varchar(100) DEFAULT NULL,
  `no_cuenta` varchar(100) DEFAULT NULL,
  `UUID` varchar(200) DEFAULT NULL,
  `NoCertificadoSAT` varchar(100) DEFAULT NULL,
  `FechaSAT` varchar(100) DEFAULT NULL,
  `SelloSAT` text DEFAULT NULL,
  `SelloCFD` text DEFAULT NULL,
  `leyenda` varchar(100) DEFAULT NULL,
  `usocfdi` varchar(50) DEFAULT NULL,
  PRIMARY KEY (`folio`)
) ENGINE=InnoDB AUTO_INCREMENT=140 DEFAULT CHARSET=latin1 COLLATE=latin1_swedish_ci;

--
-- Dumping data for table `tpv_documento`
--


--
-- Table structure for table `tpv_factura`
--

CREATE TABLE `tpv_factura` (
  `folio` int(11) NOT NULL AUTO_INCREMENT,
  `serie` varchar(10) DEFAULT NULL,
  `sello` text DEFAULT NULL,
  `formaDePago` varchar(100) DEFAULT 'PAGO EN UNA SOLA EXHIBICION',
  `noCertificado` varchar(100) DEFAULT NULL,
  `certificado` text DEFAULT NULL,
  `subtotal` decimal(10,2) DEFAULT NULL,
  `descuento` decimal(10,2) DEFAULT NULL,
  `total` decimal(10,2) DEFAULT NULL,
  `tipoDeComprobante` varchar(100) DEFAULT 'ingreso',
  `metodoDePago` varchar(100) DEFAULT 'NO IDENTIFICADO',
  `condicionesDePago` varchar(100) DEFAULT NULL,
  `LugarExpedicion` varchar(100) DEFAULT NULL,
  `TipoCambio` float DEFAULT NULL,
  `Moneda` varchar(100) DEFAULT 'PESOS',
  `regimen` varchar(200) DEFAULT NULL,
  `cliente` int(11) DEFAULT NULL,
  `idventa` int(11) DEFAULT NULL,
  `fecha` date DEFAULT NULL,
  `hora` time DEFAULT NULL,
  `impuesto` varchar(100) DEFAULT 'IVA',
  `tasa` float DEFAULT 16,
  `importe` decimal(10,2) DEFAULT NULL,
  `status` int(11) DEFAULT NULL,
  `fec_cancelacion` date DEFAULT NULL,
  `usuario` varchar(100) DEFAULT NULL,
  `no_cuenta` varchar(100) DEFAULT NULL,
  `UUID` varchar(200) DEFAULT NULL,
  `NoCertificadoSAT` varchar(100) DEFAULT NULL,
  `FechaSAT` varchar(100) DEFAULT NULL,
  `SelloSAT` text DEFAULT NULL,
  `SelloCFD` text DEFAULT NULL,
  `leyenda` varchar(100) DEFAULT NULL,
  `usocfdi` varchar(50) DEFAULT NULL,
  PRIMARY KEY (`folio`)
) ENGINE=InnoDB AUTO_INCREMENT=143 DEFAULT CHARSET=latin1 COLLATE=latin1_swedish_ci;

--
-- Dumping data for table `tpv_factura`
--

INSERT INTO `tpv_factura` VALUES (1,'A',NULL,'PUE','00001000000508148253',NULL,6980.16,0.00,8096.99,'ingreso','03','CONTADO','TUXTLA GUTIERREZ, CHIAPAS. MEXICO',1,'PESOS','PERSONA FISICA CON ACTIVIDAD EMPRESARIAL Y PROFESIONAL',214,1,'2021-07-29','12:12:06','IVA',16,1116.83,1,NULL,'admin','','B323527E-2555-4D1C-8D66-FB2C261388AD','00001000000504204441','2021-07-29T14:12:06','WXIlwXD03iXMYBGDL1maxnkccz4J7tXtrqdAcT aQRpL5xSKb9Su yIMRU XCDIh4ggqYRrdyF9M19Nz0zJM0nudGi9lStp6NSpYj3YLzjAdkQatgwzY9UdW60LauFo0N40BpHyM5Y9Vc3D4BjzV qf06Eo5bB5BX6YxBnMIX97xDeVEpw36YMBs4OEoC5 wTTfoKYKQ7OXFht7VdOyb EheIFopIyJz8z 1Ab gJZ9yFi4ohn4zQJabyqam47emi8V3uud3NCfzzrZ1awVRfco00dDuDocFx0Uo5LG1Hb9QQIPFsyfIJsXlpiI6kAaHyDr26A6O3IqSg31V7   4g==','gp6dSf/vf4T1RbQDE/YxetuWedL3MAub5WcfC2BeTbHFOvs0b o54cC i6NwLGQyO8/WkzKAHdDTazsNXPf80mpjMdDiheroYYXcRnkdZfJOTgktV xK6AyRxRbh0PokxV7NvVE1LBz6jADl91rBQJzv6aHnIOVsqQTq1C1GcsZIUbyv1KxWQrHjUF4kkM6x64Dsom52C1ydKvun3618DnV7bzkwfhZOfsvXbgnaITNwwlNlnhz SF6wgaaONce9W1yn9sc6LBe8Kw5URk1wMmoqsn B1hz6l8w5oZa PrewSkl5GIIKNmBpdyhpoF3yxunCOkEykIB8SLqd JJJGg==','','G03'),(2,'A',NULL,'PUE','00001000000508148253',NULL,4934.48,0.00,5724.00,'ingreso','03','CONTADO','TUXTLA GUTIERREZ, CHIAPAS. MEXICO',1,'PESOS','PERSONA FISICA CON ACTIVIDAD EMPRESARIAL Y PROFESIONAL',214,5,'2021-08-23','10:06:45','IVA',16,789.52,1,NULL,'admin','','5F1BFE32-BC5D-4E33-A851-A533FA77A76B','00001000000504204441','2021-08-23T12:06:45','dtKw8/b76Oq1PACImc94G/yaV4rlS eyvSEhId44AoeTJ476D3ZOLoJX5 UYhdhBnONxmQllZQs/L2wNXv4ND1lgYpxLbq48U7SQod1yq8beta84GvXmWwmLOnlTlBP8GMFrsokCo4kzVKl76CluwS1SkY4nARg7gdORoztNtiHvkBH9i1 G XKQCc1H8Y0 6SUpqPE8r4 VDSpl9VDL4wma05 ZcA0AFQ4PkzJ5/4P4cMWgGTShCwbZcJVcp9loX8Lv8IHcZaN4Ah9aVSWgCXVRUlLzEelgu4raJgaaSDSsFxaPkIUopNd5vOdF1EU Aj4WfEFvS281jPH19rSdiQ==','OFtwE0u3tICyRuoEP74vprXbjZLr3hXlNOuvglij2R21BMnK8SZz6/LLn1eTjIUt5nvxuP5sfi2QSwf40jWBGdoJQDtB7REQaMXtfzeGVpfK6q4qFOVEPh/6fk8WTbGyvDL lVY43vdwHTgLVKNPDDICOUmGJRhoJ3CEJmXYuId2jg3e3opZ4VZg9L76kMN9RH0akzksW2lI7VBs0bQD9Gee7Jr bb2kiiUprn066gy8rSSxyv74ZWNlJwavDpvPGW7eN7sg2xUgHFXvqp2kjjoctL2sz6G31e2prcE8OX22S4slj991z2SaUJOn8WJk9NFELDe93lip6HerXq5Dtw==','','G03'),(3,'A',NULL,'PUE','00001000000508148253',NULL,4500.00,0.00,5220.00,'ingreso','03','CONTADO','TUXTLA GUTIERREZ, CHIAPAS. MEXICO',1,'PESOS','PERSONA FISICA CON ACTIVIDAD EMPRESARIAL Y PROFESIONAL',221,9,'2021-08-31','15:03:00','IVA',16,720.00,1,NULL,'admin','','DE86158A-3F63-4004-8351-AD1E2E6FD0A5','00001000000504204441','2021-08-31T17:03:00','gXm7Gzv2vJe7XatF9grw2YNjCGsIqdO6m9s4xoGQy /UpymY8fAgmwlwXMOvuL5wt0Fg552NK btvqOgp0gb7ky8Sh3XlVfUrWdvBSzPPmH8gJONMEocxkxtSwsWLSq1lxOobsFEY/kJhxYN2uTFD64V4q1vew/U0VPWFfco2RF grSDf9avsJsImzjDuaNs9MSRxkUEOXl2cQvdx63SxeC1XlzWsnO3Dltms JQ kRoZ9vFYX/4zS135wVOxXGHup6JS5VhkRvV8Xu4jM6Za4vWeA8RRmw/n6xjSk8t/0bHE232iGL6J 177qGNHbE/MEYVNuF9S4iQSgYo4y1Tvw==','HSf5DrH3torgOb85FJQlZ36F0mGuljLOaI1ep37Qpzpt0/xOtGmahQT1g1U QV/1eJ9HYoA8JHhdOzUQ6XO8FtnHIppmJViNH1SP5qjxGmuH7GTEv4GW2oiaU8f2lTWoAbyuxhqWCAua31yCIr450AgFQlT0DP8G6VUP7j9oiE202QApPeD0uQSz2js oj8B79iluE2rJhMp2J2N9GejJTHt/JXT74Jq64FJr7hFqYEmemY2sBl77Iquh1ef6i8 qaqgX5RMWSmYYfpFviiDJmRayufIIvAPLk9ZGYMzjWyx44XirtbzCBds N67BFMPZv7Zy9rmiaZ4nX5TEiWJiw==','','G03'),(4,'A',NULL,'PPD','00001000000508148253',NULL,4500.00,0.00,5220.00,'ingreso','99','CREDITO','TUXTLA GUTIERREZ, CHIAPAS. MEXICO',1,'PESOS','PERSONA FISICA CON ACTIVIDAD EMPRESARIAL Y PROFESIONAL',221,10,'2021-09-02','15:47:02','IVA',16,720.00,1,NULL,'admin','','CBE2A1BD-C411-4A54-887F-B037A525C4E7','00001000000504204441','2021-09-02T17:47:02','CCXhWK93peyyCrxNvV2Ayc vV63B5HmT6caPtU9i93 4ClrPXa8PyIwglnDXT9X/A8qPNKY u/5cQ C5eNaEt4b ebpr9VLOzj5/zWO5GW uZ 0JlifexmfbX 76mMYmp4SHK0a WEL1/5dwfsWvteVI/Z2FNZuaK4h5UKyD4LnRB4VvCTV0L13oYWmCRKvOgbLp8stcOMlRDFiS4Mo6cGqM9uq3kmn7lEL2xoq b4mrVNCe9HoBS0tGB0WXoas48kkRow5OV7nM5SaZAIfdUjZDQd7W/4XgZiIOPWDwHUoxUuTFwxorLisLi0pkbx0x oFfY4/3ZXRXsyOOTjIg2w==','mk76VtPG5WF7il0a9HXUYyBefT4iVQwbC13 6U AKQzoE3CyWoH7/J6/nXXjOQbfgWQYdiyCxOglCccJzsyuNOv1hpPmPErcRH06IfybMNEsGa9kNWLmJlzzzqIUrb/Bua60o2delxVIu u12XxXbItNc1pzfmgV6W0cUbDgftjoIwqII9oDfW0pUoB7IISCXrm5Jvcc4kLVOB3kA7HWja5mSCsJn52h4QENJdfgDhIph/SpMfKpXbIPtbBAeh3hqKE5M7SjHBd4pR5xMd8MDjnYoAOEnNtDfAIkcYnpwKWfdHEldbr2XmxCn9adg95RuySfB3vSml52cxeEV9hLwA==','','G03'),(5,'A',NULL,'PUE','00001000000508148253',NULL,3456.90,0.00,4010.00,'ingreso','03','CONTADO','TUXTLA GUTIERREZ, CHIAPAS. MEXICO',1,'PESOS','PERSONA FISICA CON ACTIVIDAD EMPRESARIAL Y PROFESIONAL',217,11,'2021-09-07','15:38:08','IVA',16,553.10,1,NULL,'admin','','7ECC863E-7302-42A8-8B9B-EECC86E18CBE','00001000000504204441','2021-09-07T17:38:07','RhQexfvOVbqPyaj6 rTEbD8O/P4bqzZ6qvskg/rdXgQiVINxNObzWflp zJa2HqLytyc4tHiAw REEaKfqKj0A4IdS1BDc0et90c5xfeS0s0RMMLExW3DzQ1GCrXDrVUXRkIx55 7Z6GkpR6jca9iXGZLfajy/9m7/FXvHuPRVc46BFtCLhhr4zAmdbn msHP6blMuo6KpaHhHdkI46ycY3oEe tFIexw ixc9OAe10olP8JrT/STUjoz/5zTeNnFq5z/S5RDZ vGFL10TWGNu6jE4MQx429gVbDNThw BDc88SCjkXICfnaZHk1w/fgfIXQlCraaecd1yyknpcMCw==','dXoGCh WYVZbLjDGKRZl3708YI7j50tEAuKV7VN6WjSMsE 69/ecZN/atPGlgTcU4B6T uSTA8A9gMpcXavI7ItaUGL d0sECjHju6ngd/1IkXuTkc1yoE7l5GssNCP1s3gc22p5a/ZEDkiKTJ6j2a1 AjYNCoN40bnw5bVmyiXV15V5PS50hTMuA3/fRaDwp0nLOeZqDhmhwrYX pnenT/aKv4Qj7idXVkFaPQORMX/qOU0hjzN5rD9jYj19vq4PHT 1ctqxVYE98IEuFjGWNfHHLuUmloqMsqpTlqHlW9ar4RViuqdo5y4UCCdywDgy Lq426THUZEQt MGsoPwQ==','','G03'),(6,'A',NULL,'PUE','00001000000508148253',NULL,4500.00,0.00,5220.00,'ingreso','03','CONTADO','TUXTLA GUTIERREZ, CHIAPAS. MEXICO',1,'PESOS','PERSONA FISICA CON ACTIVIDAD EMPRESARIAL Y PROFESIONAL',221,21,'2021-09-22','07:45:44','IVA',16,720.00,1,NULL,'admin','','FCA48856-79CE-4448-8A6C-7BFDAA991E30','00001000000504204441','2021-09-22T09:45:44','JpWC727Q0MYNaVfQPGHGIMzrCnOCv8mYv5LFbvufTCxgVpAy7mfqtKOQoof4zUitDS5 sMUvYfOh2YsgnRy98n0aR2ZzwYQtzsedYF bB2TosNP44JKEpjJ9q/eNe/ga8GwF9 CpsjNnizuercwwV9C/a8CKXn7vuGHcTwolE/7AX IIazMbuPBby2ZWmIA7H3D BE6P/1hL7RNLmwx SHQkeTQZUWIG1NLyLeqDrBg2Hy79PZNjxeykdk9z1hOzntLe9xEHuVgAHtNGAA7JScD4JtsQsvRpVyQa/JgTPJTjXfCGbF7VXgqT1hZOyaK2zEAEzaWRxvx6ewJ WxBpgA==','ZnldPSzChC5yCaDulLpJAu0FLdSbQMzQl62d5cKZMabt/f8ZoWt5OYe7YQyoyKiIQdwimfM0TiCuAi uBoAcJFlx3l WguDVwwLPMCSAEkl0Q8Q40tkDaVzXjEkzqiPOtr4mGCQqao7bScFLcDfkQYbjKtSBM50xHWCWHW0Euzvw6pbkxV4b6PiTKcUfOcPWjRMoTdQUEenHKvynYyxzpceswrpinzu1Elm2sKHTsJK18BwHgGK/P1MtBfe4TPvnLFwHbgYgVOF5Np8vwFJbab0GWoo1dE2uWOVYf22Vf8t3NFknETgLoMP/mR7 Mq F 6rNyBQgzNOl6oYpFrdv g==','','G03'),(7,'A',NULL,'PUE','00001000000508148253',NULL,1293.10,0.00,1500.00,'ingreso','03','CONTADO','TUXTLA GUTIERREZ, CHIAPAS. MEXICO',1,'PESOS','PERSONA FISICA CON ACTIVIDAD EMPRESARIAL Y PROFESIONAL',103,32,'2021-10-01','10:37:35','IVA',16,206.90,1,NULL,'admin','','EB9D1FCF-435A-4FB4-B297-0CDA7EE4BA8E','00001000000504204441','2021-10-01T12:37:35','YK2R9F8De/pV2Lhgaf QVO7HVMHafBvD0SMVLt6QSXDazSrMETOeVAiLpzf6xOXCT9vf w5Pio2i2a9O9lXrS5dsFvRrUjR3FyhJ58C 4ka259iEXFJumC7KOcEEuOzksY BSi5czBoIlQ0Mebl5LQGghkooP2IOqlTkctgVpPjik9k73VHgNKH9He9/2wWZB9f5ECgEqllpeA6MZ51xsjhCt2H7pnHsCmKcVKwD5miXnU9vgVGrmEMNN8LKXOVkOqHBR8yB6sZb 0Mamyl6 kuQ1Wl2g2lf6h9U2xjnsUsddHYz58WyC2knzUDeGQBqp6v8/O Ne BwfrlwGah3Ig==','Y5AYoDCei27qFAmhT2lACfkMbhdRXW4rKifQNd6ubewVCHSacwHl8/koZx50Td9V/3ucWidRsvfs9rdjqXbvFMLJZKn/8AKr8OCx8A5uP/W93K47tCbI2nB jgetDvfsmX7HHWR0/6n9pAdUYcN153zs0Y6ER7qWl4bGZ2MZ7kr8ohDzNRTunuIUAyAm3pz9zrGNF7 Dph2 6D6RGGx3cE6GGu5YYtSdhIZabmwHPFGuFdj1Z93xe/xtA3i/f79CiUDUPUfJZg4cdzJtnSm3jPWuoxjPbGo7aJbs08iWpsNoOf10NpuF4M4YAZcB2xFEODwnHAu76ZlwOEUYUt//rw==','','G03'),(8,'A',NULL,'PUE','00001000000508148253',NULL,1293.10,0.00,1500.00,'ingreso','03','CONTADO','TUXTLA GUTIERREZ, CHIAPAS. MEXICO',1,'PESOS','PERSONA FISICA CON ACTIVIDAD EMPRESARIAL Y PROFESIONAL',202,33,'2021-10-01','10:38:03','IVA',16,206.90,1,NULL,'admin','','E1B095E0-218E-4B5D-B519-33F2A2333F98','00001000000504204441','2021-10-01T12:38:03','uXLduJADwINEyhtPXhG1kbTyjkmELWowl/4fIYOW1YXkYzXZ4sL0kz/EAKrpqGd5vlRhK/AmHj1cGSIRqQ5AOCL6Y0jgLHbKVYqHFStvipf SE50BMzrUIYETwZGUmq7C5LeQ2XAeSVllr1Hk4YM9w2JUCrxQykICt6dsBsIOtq8OavhxP0zXgWQ5hyrEBWjKxGInvxo yr8 CE8aVgT1CPU2GwxcffMLOqrYU72weftMlH8FsomNeqri/CcXbC4Wjc/ZsdxdGeR04S9CzWSDKT4BCj65FT62eTvORtC/ER4ODM/dcAoVQmMbEnVFKS5Hey8gWK asU6np9zn/ou7g==','CfoIM1bR/PIDfI4v59r bUkPc2XUNgdfrUtREOM7vZDPmcQO4b59oFHupb7BBwzhu3FLMBlmxKzpgru7cEDuIm5lK3u7b0ni6aJjuWdRbGocnqvif8Sns688KsL2Ee atdG/Bq2n0RU czoRGaeiKjTBbdO9Zpog4gLFnQml4R/E3lOq3AfvmZ75Y5q83/RcgHckc1VmbOq4 84tNJOUGqqPxeOUtGg5jii7mprbBaLiYNSONyWNs562mdVFtEHB9Kk1ye4cI2Vlw6al0Myb75ljpxoDJaM67TaNRr3gECWsmE9HxIwxh8uKAtD1aOzMIV5FRDr7raj7o5 b0sKhkQ==','','G03'),(9,'A',NULL,'PUE','00001000000508148253',NULL,1293.10,0.00,1500.00,'ingreso','03','CONTADO','TUXTLA GUTIERREZ, CHIAPAS. MEXICO',1,'PESOS','PERSONA FISICA CON ACTIVIDAD EMPRESARIAL Y PROFESIONAL',103,34,'2021-10-01','10:40:02','IVA',16,206.90,1,NULL,'admin','','60B277CF-F251-474F-A63F-5AFE03CA8079','00001000000504204441','2021-10-01T12:40:02','NvU60UpO4cgyR5B7wZV1MjQJckfKhyHRRPoS3OzpyiY3OJa1p9bEPL/0TkXtKaHSwe0fBqpfipLuIQP5VdoY4jkGvDTskDh45axP c9owY7 wB387Uyogke0ZmRcVzlUAj5rhJT2H4wCCagceAP TSJL8JO7cg4Sf9aJUUEjP8tfyTp2GeCFZUc msTBpc7guLA6Ba6Qh4DWwhb9Nq qZeTJIV9Im08OJ5WX/vw8UPDJ8UgsthXhg28GQXZtnTzAF5PWqrnKaC9VYZnXXavEZHDZH3CQymcUplNmpSenYAgd3ROTCvOBwObityWhAR/xmO9KVNxqzNiRgVJDVY6hQA==','FeR/isseI2SF92yYtXLO9BnIH9nzvMEI9QTzo4ideCTd7sXR1r5QBA p FOTZ7Y2sy/9X1aePsoy2/8FhomaTzTf5DkkgScjq31nASd4hMTvVnd5SypchXHzxmOkmFIWhCriBOlRwfuRlfAqlYsNlrFlg3PZAktkaGifmO/AddVNwKFmvnQzQ Upd9cr eItDmIr1dyLcTz5VKKmrcYxEkt7cTuapDLG 0yyk/ftPB69EhZxuODVrVCeDy357vKtGi3Bgr/V3 SL5aITcynkkwQqotzdCFgKZQ5 SYI2lSSFJ6 wwftfie7isu7 LXpFNbPRcRYH8FiRoGxuTQgu3g==','','G03'),(10,'A',NULL,'PUE','00001000000508148253',NULL,1293.10,0.00,1500.00,'ingreso','03','CONTADO','TUXTLA GUTIERREZ, CHIAPAS. MEXICO',1,'PESOS','PERSONA FISICA CON ACTIVIDAD EMPRESARIAL Y PROFESIONAL',103,35,'2021-10-01','10:41:01','IVA',16,206.90,1,NULL,'admin','','38240745-D4A2-4E33-8798-CA7A0AD6B2EA','00001000000504204441','2021-10-01T12:41:00','MlVBp2zYM/uniRmPrHglnLPML i2pd9 sBXT9j4BsCqG3x2sW gpniyNOuszX1mGQi8DRFaPe5b3Z3b481la 5wWWdXKFn0nzsiDUdwmOcJFjGRME9xVSDLl9RSk9 isfblncNOFDBx6PamHWZApz94WYo97oEEAdU7gepOOf0PTE 744d8kp0grKHj5PL2lWLSdd5M5uIR2OYtkYcaj AFH648oPDnQTcx bSrpqwdpj/shCNDPue9PTqXN2eITnI fRRGUKjzil5/IeR/CtJRvwE3dsz7nUOTE0VIcZjLuP8ThBXIdCUbMq2Jr7JvGR4seUr0 2mfdydGgy4A0Vw==','XNYXQrUdBcZ7D6jmE WOAp4ga2Vv8LSYbZ w/AxlFxk5eHTZKRkVsEQfJB37fco3VURohk3sZkIndAkGAaxyRWDuxsKPWNQk/8ZP0j3ywu1mILC0i9gzVbceL9xoo0Zq7PCuOnBVvfbiZcgE8SavbIztay5ycBXxBlGnz5fTbxwsFBTvegmvlMjxZz6tV5ox3CvkjCr7KDeoXIMhUspOtvyswP7UWtbvurT/97ZXw2osykx6BjPKSlTF3Jjsi5YXhuy1Teo6CmDVi7lhE25UW/GIwrjnnyadCuZ6hRmB4WxHYpQGPEcQCcTtsMCsieQx330D8iuNE32mPUBIDDtV9A==','','G03'),(11,'A',NULL,'PUE','00001000000508148253',NULL,1293.10,0.00,1500.00,'ingreso','03','CONTADO','TUXTLA GUTIERREZ, CHIAPAS. MEXICO',1,'PESOS','PERSONA FISICA CON ACTIVIDAD EMPRESARIAL Y PROFESIONAL',202,36,'2021-10-01','10:42:44','IVA',16,206.90,1,NULL,'admin','','9E722F3F-0D3F-4759-B764-C6E09109BEB0','00001000000504204441','2021-10-01T12:42:44','Uqyb42jkGv0LbPZmYsv021aadeaer8FqovtQMpwS6SGGVJcGbmKnTYFOuB3J/4ruRy7uENZe50LHpXMyn7SVbo4ObLtDwjgsHAa6pnZos/GYsFgWJ0lcxczHhDyD6Y7918t7hzy7HwIDTbp3w9mDm4ZvmF4B8lznopEgt8suk1elRRK795c3gxWrpKMl1TAlJ0y3s49HBDN2xIIefaPgrlTYcqlTdzHBC5bjuHGDeKXR5LbeSFuJWXUX1WDuDc7OBrs8Xz G/ioZIvjrdVWeeZ1LLqSjOZW451dsnMLg878BOspG76tR3WsRdnj/M7ty9lXg098gku4HdphVpwPcdA==','CHqjilojPWTQ1TdoTOA2vePYAHoCdIwTArCRw oPTOtpzn2AtxaodhstCe2V7kOBGRdy3fsBB8CDcH68dfDvIx0bIBRY2nZNzs1dIWyOsEYBu2VzO4eKG5IeyEXEsiHyvSJUWk09bfrQ7EhAaP072lrqgzyJLZrpdnCmiKr4qgwuHQP9la14bkgnh/KCezWVG5hHlWEsXkmp3/GG J0gBWnoFYM66H CnOBlnGmsDJbAHpLjDDMkSUD2BQMxFKQv16EBe0RLIoosVEVEKJmfa/DIF3rleEEGFT5w6dn9h4fgTFdbYQTA4QWFT5ffCx3S6lVWgaOpa3uIIjbTGvkn2Q==','','G03'),(12,'A',NULL,'PUE','00001000000508148253',NULL,1293.10,0.00,1500.00,'ingreso','03','CONTADO','TUXTLA GUTIERREZ, CHIAPAS. MEXICO',1,'PESOS','PERSONA FISICA CON ACTIVIDAD EMPRESARIAL Y PROFESIONAL',201,37,'2021-10-01','10:56:48','IVA',16,206.90,1,NULL,'admin','','7A95BD9C-C236-4200-AA60-55820097167F','00001000000504204441','2021-10-01T12:56:47','dcNldrELfvAVGqaosbA241am9djANH2Dt2 C7MQDD5CTMUKfYZmfnCu57jfesrdgXv6hEAU4TFIIGZ j4yCnICt1sa/JLZmx5V RIELyl2SzNmfXTKLtCu0k7X/KjR1AQhVNyF55K1raDa5IK2F1/w0lC1 8YkD7XKZh3F708AxDtdYNXj0/sLICnG6fMjZg0kxCVCPg0W3MU1wEEyzCscnQpa9kIOZGyE7mUBAYty5D/Z8gs3POi1J7nfX0pSH3S75oYi gySslaVMla6seEPwAnTYfaF4k/Dm8U0Gpc41MaF1yoSeXfqb3RnkPSTdoz9OuVmyAryxUt511hyyipQ==','lvC2cPUjJXWPr9//AnWrd3kxf52dj5fqFGU7Z/pwOrTF7G5v9bOH147xyqBfB7NMX3Kcrkj8RhQMDrdbvEMmME 71qaeH gNZNL7xmREQAmehW4EFbi9MhskPsHrA8ZHQsFcOChYKONj1Ia 19Ivj18hokbr75fYwnIn5xrBvyJKRG IQX7l/ kk9 CYCGLURn2l5qDWGqbpSAD8RKaDCYrt 3Rma6wBKOrO3P53E70um3qlEEnojknqYoc ymLNNxHCpaxdg3y2l2vLBNCdp3TTW7xrjbbsv7xHrPoxtkv4fe6YmPQZU9YprdLZaxNc8RL9/8BgTSk7WOm3DcykzA==','','G03'),(13,'A',NULL,'PUE','00001000000508148253',NULL,1293.10,0.00,1500.00,'ingreso','03','CONTADO','TUXTLA GUTIERREZ, CHIAPAS. MEXICO',1,'PESOS','PERSONA FISICA CON ACTIVIDAD EMPRESARIAL Y PROFESIONAL',201,38,'2021-10-01','10:57:24','IVA',16,206.90,1,NULL,'admin','','2C8E6120-DD78-4798-8412-C938790DBF2F','00001000000504204441','2021-10-01T12:57:24','kY91IjhKXZk2itDBduNzxr0jywxzIeMTpDzFvtHdRKDJuAkv9SzjsrZCoeb3iPuF/lyPjphKcKj rfI4qWOwrZXzLVEB/9wFT7wTDexb/MU8LjrhmR5hrc/gk/VLRa9pZbtdYA333mzUkvqxeFXIFrPO FxtH1b 2/N EZ23lU5w9XUBFBA6T63ZrdwptgTMQvGc3wfvKIP7LoicjTyj3dfqzDwtvJcnhFTyMexh6h6gYey44 tKazMBpbS0q nm1AIA1JB/cNQorzU6Zb1jm40PP22qN16/Wm2UTgTWoTgzejmnuh4zvuuFYzTkUuU4nwICITpuZysQ3H6LxZqnOQ==','iaVrah1D1mma8coR94zZK6KLYbui8ElTPxOhOJEYv4B0vfXhKvMSkIXZipQwRJnHfNO4MfbEC2EM00bXJKusZjxf4PSPxVLyNNUn7Z3s9QWxFxKgOMiO8nK9VOIDWagW4npKTh/IhVL0BxPTgr1rL8JOAvm/lNmUFPWH4AoDOnZHJQN5h1sPUIQAP74tdoV/0V4G sU8/xkMYFCUusVS YemFldM78spawkO83q8vgjM16dy65cm91nE6iWVTSftJIHiwB ZGTuI5o4O/ktXShDo1T/B/pgVMHovZfTL44Bvo6ckYroM7 5pxrKpIpOEdHqs9aoSOrONEguZ3VcXyQ==','','G03'),(14,'A',NULL,'PUE','00001000000508148253',NULL,1293.10,0.00,1500.00,'ingreso','03','CONTADO','TUXTLA GUTIERREZ, CHIAPAS. MEXICO',1,'PESOS','PERSONA FISICA CON ACTIVIDAD EMPRESARIAL Y PROFESIONAL',201,39,'2021-10-01','10:58:00','IVA',16,206.90,1,NULL,'admin','','908D97BC-4498-4ABD-8A14-A3E151082124','00001000000504204441','2021-10-01T12:58:00','zIvmy6GGXWuHW1a7hjmsfq8PZGlC9UyLcQwwEiE5C3DtaLdw3qwpUWWNuvJrq/XIJaWHmiYM0KUfgD15gFFjz3zBhWAdTSBTLrI6tpohk2yVVq9aOFUB afuxQOB2Z6pN9S7 MmG6E5toVSuxGDjO57lvTpE /p49 AyeyZYjyCGWkuubgsEM9mD3CocvgfR76p70uhYgvt3Ww7l8G4XnGq6wAyIEcEJgqCoDTZ3mXM5gCG vj9AFHu42T1cR0MrYqgw4 gbDzt59EUB6 dy3ZuDl3aN9EVOnuAyGLiu/NFJSFY5x3ow6L2svH0kLCLIuo/Y6DW7LB99ewXZppHY7w==','fIJ9BteC4bFBYblWMR65scNJj09sooErIk3Noi0fVylJEEeRGnpz7ME4N93rfPDA8spBUk9RA5256TJSNZQvMOqx3idtIwyG46CSDGGFcjlPCb2/oRaOJNhVGJV1bzFT6uso6nFbrEF2E33F61vUjw0WmudkaJJyFhYtkHKY9LSZ9CItQ8CfvvqiC70YOp7tNZb1hbgkQq0Iu17xXTGN9hFclNjYCN3jhDE/0QqfeJJKnVbk3BH  Di9lV5aH3zXvO//oDkDE0jdiWJ/2UZWw2k4YM3O2TAKm9RPVcxR/GU4H8ACL3JPxFZmCEMxZDIhTwqAEq9qNO3XvblE6lLMyA==','','G03'),(15,'A',NULL,'PUE','00001000000508148253',NULL,1293.10,0.00,1500.00,'ingreso','03','CONTADO','TUXTLA GUTIERREZ, CHIAPAS. MEXICO',1,'PESOS','PERSONA FISICA CON ACTIVIDAD EMPRESARIAL Y PROFESIONAL',102,40,'2021-10-01','10:59:02','IVA',16,206.90,1,NULL,'admin','','829ABF49-51AA-42A0-81E8-F9937C981749','00001000000504204441','2021-10-01T12:59:02','AqLbFKGGRgzbs106kgLtll7MfbYOjXer06L9SBKfWaKwGJTgfXceYyidEadxSYwlxT dlcrwYidEal1lOEPPhTvpTBWyoF1A01o1zdcHvK1hOkOH/xC4tm1DGpQvgkgTK3eN hzHisHiaPWvznKDSO1NtVeB/jcO9O0MBI8Nw5g69YL 5aFkj2NwmUHwfVgwS/fC0f09BtKkjRKyVpqEiOwCeO/m62 9mhwbl3ZMY1SggetjMbocUxt7IKQXf7c3wAII 1W6isn0/XPT5W2QEOZdMR4KKFYg TBbyquWtzfWYVXFcqmNvlGd7UrdxJyTlsaJWaElyZu1DMKsxnRbVA==','G5Gu8rgrjLNMXoM4aPuLWuEXn8Nu9Ial1XITSVMCmyRDEzj7Fe3IEBK7ggaqSaI w0Xb V0d6ukw4E2ViTGtunh7xqBH8ANXMavVcJ8Bl2dhEgeZlUP1Ld5G1opJEMDSRnRuy4HiDJHPOZruPrLwgcFBG89J0bfUg3p cewNEe/CEA/Qv8nA7MparFG22xY47jNVweZg/Aaknsh5u12QTfWFg57lK0mI9/hdjT5lrlIzARzk6U o4eOFnCoKghhVEdIARhBHRETivPwrQPL0NtrdEA80NXxUH1XtxoUM8 qpZszlEaBSliEmvI4KT9QqtIw4PJP lNndod Kk2ofIQ==','','G03'),(16,'A',NULL,'PUE','00001000000508148253',NULL,3481.03,0.00,4038.00,'ingreso','03','CONTADO','TUXTLA GUTIERREZ, CHIAPAS. MEXICO',1,'PESOS','PERSONA FISICA CON ACTIVIDAD EMPRESARIAL Y PROFESIONAL',214,42,'2021-10-05','07:44:15','IVA',16,556.97,1,NULL,'admin','','9BF36C09-21DB-4463-A5B5-17A5ADF6B67A','00001000000504204441','2021-10-05T09:44:15','CyVXouCkjBzXh gEQZiRlVelwO9nYVBtPkGyAk9X1pveLC5DHa9E9dj ZMd3fku4ITY2w0qmGBPexDD9nZoN1VW1DBKe4xaTbaVTmYHiinnV7Lh6eQ6pkCS/rvoBASw3Sn rIfiFeZRQTDNsh0/7tcIULCKkatQVfRjGpzh3LhAoghGX4kGzSeYtqRPln/Eev2nPpEQzxHPStKo46J6tGzSgFCg5BJxruB2zRJVBcIka9/ap/HA9zMt0tYeQFaxsdXAljbgvGjIyJP1dMIEavFRWKOqHNWKDRw2xXTx8lDC0saWb22hjg86nNSuKPY3nfPwxzJRQcz4AL5VmGo685g==','lBFtXh0m9P3XW3TXUXlQqK12Ziur/CNYfrkGIb8x18rGDYGE7BAuOdL7Fy/kw1NkzAT1xoc2NTa C2cfPc3jKucHlQW7TbQ96NTG1yIkwSoFBYfp12RRGS/hFTDi2yFSWFQmIgGAih5YCanc6lIWx90rp/3RxhbOPvtD3qWz37y2wK5psJHAHzryn1bWdPhA6alFggD8 tUL9vEKBHUBurs1dCSLMCQa9Lw0vGUvPhSLtv5fHIJ4LpeuH4CXZugIOeVfmCa1jOXGyn5/hzKfiACP0xKD5g4tuGNty9taiunCASjkQe0mCQ Rw1c6SnFsWHm2cGfeAwd6bdm0Yb9XDQ==','','G03'),(17,'A',NULL,'PUE','00001000000508148253',NULL,7844.83,0.00,9100.00,'ingreso','03','CONTADO','TUXTLA GUTIERREZ, CHIAPAS. MEXICO',1,'PESOS','PERSONA FISICA CON ACTIVIDAD EMPRESARIAL Y PROFESIONAL',214,43,'2021-10-21','17:33:09','IVA',16,1255.17,1,NULL,'admin','','FF8F765C-E6A8-4FDA-8EB0-6C44DE41AFF6','00001000000504204441','2021-10-21T19:33:08','eZy8CAYxwVfN7nZ2g6K7T9eHzRW EktDD84r2N3ScvsBeTP8anlWqXnlYQO73Db1tt2eJLFZ4gRaXRJisgg54aJJuThvctD2AmKJMVvqrD52rcXsaDcEFYuccMnntSkdC7AiYOMzmb3YyGBFKsIcGWHJmz8vaSHxf0dchUDpgjMl33qPiE8inU8EJ/eEIJNIuT3MoBFlW85qX2QnZRUNP3WVAjGIo3z8pnO8xeTMxhJSuNVmqrk7ADASKqqSHeli4hiq1N5f2rFLjdOipqLcSEAgRu2V/ksQKd5ozlQ/KDr7gnJGflnsRVTw2dzYCoyYyhMqv8nTYQBzoHTOJIPe9Q==','Iv/sLlVnxjx207fgq10m4vJHCrPR5Cvk0nua9ueMj7CKTL5Cl17v92QvLcOeEl YIzHvrv7bkUH9HUnLgNFXDz0D8IkEU7tZKvs07udKHKj8HEknWmJTN/Rg QUKPRFknNq11mxhX6m5Olhx5pE9NzCiSEwsEfXolVcIpgYARPBo0NMttDZopexOHsaVJJyVNubkIKMty9sdNu3uOieUFDuwHg 91swleTna2aNj1pe9k6k2IP/AdXoxkpGBCD8UOpFtIXBUIs0p c4Bl1VAQ4khOM6fDP2LrJKFoqvKcyz1hDoWvz2apksHwbOA5gqI3eavuFHcrBRwSNkfdfJ1iQ==','','G03'),(18,'A',NULL,'PUE','00001000000508148253',NULL,4252.50,0.00,4932.90,'ingreso','03','CONTADO','TUXTLA GUTIERREZ, CHIAPAS. MEXICO',1,'PESOS','PERSONA FISICA CON ACTIVIDAD EMPRESARIAL Y PROFESIONAL',221,45,'2021-10-30','14:00:00','IVA',16,680.40,1,NULL,'admin','','3F9CA529-763B-4269-917F-E5726F8E6661','00001000000504204441','2021-10-30T16:00:00','TeBhZHTnRxdTu/8/yL8WvkisYL8wrshVPheVbs2VAw2kcbYFXMM/fExtp/N9IdADL0qsDIt4zfo1GmrUc2p/ALEtpHNxMfUXC2zCywwK7/RJg6cySSC2d/6YrReR0Y1awKg5jaPHscvXfxqBamwjJ0JwGMTADFRnWWFT2kMk 9O9fhIOdLpHuVdoFVTzya2Y1PFgxjYojh0PXD8mCySDskwLe0 ygycckloFhOS9y0YdzZNyLbO51z6beDgL1o412MUhK3qrvSA940pLyv757e8nH7Ozt9 6l3VCeghCwInbIC/38eNZeEDtJ6DyO0xEZ/FrTNJEr3JGi9jOiXN4IA==','lYvNgnsJZ3ZvBVUHbCS8An4ETs6pc8VQYOAMLqg1xtHIOwbGF4oJhM SHDczoGhUvK1FivxOuD6R7l7PsXZOljCEcAkR9ex2YNYzaDtR5XAg8//Xtp5lkF2gxPl2HTvZCSOQGlBYOgiCdHWxQSdPNgiWxF 5d8BKHmPUwhdGJAH57i2sk5Rx/JBkcZSAR euUuky7vLB3SS2eyOLYnSz/g 3hHm3MS9yxrwlDY8diex0We/DZVQm2cpEI9jA3VsPaP7D49oX5PIsdBiY1FycbVI5tgkiJGRZ02zVyrezSgsktt AMQSiSDqvQ27QGgTxC6gRazx7ifVIW0VOxxr WA==','','G03'),(19,'A',NULL,'PUE','00001000000508148253',NULL,2370.69,0.00,2750.00,'ingreso','03','CONTADO','TUXTLA GUTIERREZ, CHIAPAS. MEXICO',1,'PESOS','PERSONA FISICA CON ACTIVIDAD EMPRESARIAL Y PROFESIONAL',214,46,'2021-11-08','11:47:22','IVA',16,379.31,1,NULL,'admin','','63D4C22C-D04E-43F6-B74B-681567938EE5','00001000000504204441','2021-11-08T12:47:22','umD7Mc3VINuUj8DodxzSC/qJaFKnEEGKZZGQjJBOOvCs1uuLeBXvQOT2qymHrqe0UAU/s64GVZHOU7ezWbQHYryZch28kyV5gcsWJg8uFVMgl/FOA5xID51KSSNn1zf8g0lb/mlGuqHzZt0zo5JUniYf4A/V/YfinqglRv61eVi/qMZVUA9FaMU2pKTz/1i9pXuI1WTaoMISBteEG9RUQrkwEatH3XOP2tkghEB1D0sLD7O8TK6EnNtGJMqY4heZT/B48F0G5g/XgCBASH5WDICWnRiaZqPCB5Cs/cSQzrxJJpLssM8ns3xmMvpszwE5KQo73z7JCD1b4bfl0 wimg==','I6QvStljlU1KnjOzHTnabx8yddbYOzfPrMS1IZ9myU5Xf/P5m4z3CU/q7sOky/gfjr6UN/O5SBO2GWntXNig9t0ERef1ZbrmOwAhPFE0tLquUZGWlTHs93ghEyuuGX/H r6pUI4g8ZYMVVw1wfHxVg04I BR0hyf6qyFCHlIqgwfH9y2ppxkaitUihRIXLwfYprCRhhh1xc5kWvqfHjQodF2hNxcgXebAuzLaJeauhEhjB2Ze6pw6bcC8FazoPM0C4RAUabuRmAkd0H1uUxHo6/72IHaKLNxzaVxXfr7WPuNvpuZvEEWS5ooqY2I23kxky3Fco3lXHA4TpTtp SdRA==','','G03'),(20,'A',NULL,'PUE','00001000000508148253',NULL,9573.27,0.00,11105.00,'ingreso','03','CONTADO','TUXTLA GUTIERREZ, CHIAPAS. MEXICO',1,'PESOS','PERSONA FISICA CON ACTIVIDAD EMPRESARIAL Y PROFESIONAL',214,50,'2021-11-24','18:43:03','IVA',16,1531.73,1,NULL,'admin','','99D0F5C6-97A0-407C-A677-4653C7372DC0','00001000000504204441','2021-11-24T19:43:03','GTneP24YTfu8iWX0W79Rs Fb1Am3gJZJXbbcdVOtdOr08Rr4cv96DRSltvcXlZkLhvE 932dlj/5c5J5DRJqYVKwp6YfyCZfm4hPeZNZF9d48zIsQSh7Bt1CmFxflmJIuG 4mlG/iXKvbBWXHW dYuiBd61q47tFBTYWWOftO4RLxhDgprdRG/twb7WHiMBu5TTtPva4pMki5lpu1Q4CmGZBTjrzd9LhlfgJH/h4Akm4y0iWVacuqNFFx0zR GyOLeyXYQMmBHm4pKUggGHlpj9iiHn7TmyDJvy9MjybjFgltkiyOs3Z1wvqiLthPdCLBETbvRhncGACFWGlTbhIfA==','GARqpwmCPxrYbvZjyuJA2COQbEnsynMvsfw2TklYC/77VnXgqTXvsLGJZ2UHsrhogVZzmnt52GVtZ82K4UUpPtsMx0/8IhhT7mwlLjAXV5l4EA5lejYCqErcBXDq AYMmXxGhuwb5HknWDGIJzN/2HAhrYRwK0C2oRKPujYUBJVJ1YrGllxYuDi/lXHfVNrXpLBYNFbj0bt8mgDqhmoSkjXzBh0T/08313hWi0PrYHs3kTV236COCecc8N56Yk3X18MCddyxcxTkhY8ElZYPGs093bvsYI9NRFEakl750ikHSb293Lxobd5fRqQBbFFSCCSy/Cz97og2eEShxx81Uw==','','G03'),(21,'A',NULL,'PUE','00001000000508148253',NULL,9000.00,0.00,10440.00,'ingreso','03','CONTADO','TUXTLA GUTIERREZ, CHIAPAS. MEXICO',1,'PESOS','PERSONA FISICA CON ACTIVIDAD EMPRESARIAL Y PROFESIONAL',221,51,'2021-11-24','20:28:17','IVA',16,1440.00,1,NULL,'admin','','F6299306-7D41-47D4-B1CE-6094BE522C4D','00001000000504204441','2021-11-24T21:28:16','mOG 8glC7SckHQPWngvSJkfzODyswcmp4l0l80W fJhOoyft7bOxLo6F212XPG kY 9lFLd6a8FWgo1VNWp5b8nKCsxZCgJp9sFP6uRuoRZfcnNA8S7SvaUuVhFnJSsAmBm HKbhEPbMzLU917pFs69TYAgmSLhgcdX1Tn5I/A/aYcQh/Q1dLT54kBACei37eGjCAcli9p15W Pfslv/8IeZNYvsIavhXjgNqLXdknPivN4Kg4IheoK4i6Av9QCSwe/xanrlRTbkEBFaqOICJzjBI1Pew0OlNaDbzkx0tm 3k8/YWIyl57LSwFX0QP8pLsc6UzPbY2xE63t8lMHQtg==','EgwTjQGXJ0tXueaXOJlp7SGBuqf0Fl pPGSbYqJAD zwBcjSgpvSVmUCypFP afSs8nl/qB3/NpFxovI6qkVAuKtPoQKl2AiBpv9lge2Qm27kSeBGyxK8Co4UzD2h7zS3VkrS8oloyfeo4/LE 8sH2BEryNtNpFo461VspUlfradTC15LWFCTgjbkaV2 Vw8Zwp9F 9LyxkFWfYEEqK4XgvyPxHIULow2ZpXAHNaXin4oW unsdQnuuApB8QanuYZgiNba6sK1zYSd oFjX2JUFvYhvdSaRaA4a51OdW39mmcOzRk51YIpHXnms0zy9qQPExYacGILGFD09mBYEPzw==','','G03'),(22,'A',NULL,'PUE','00001000000508148253',NULL,14612.07,0.00,16950.00,'ingreso','03','CONTADO','TUXTLA GUTIERREZ, CHIAPAS. MEXICO',1,'PESOS','PERSONA FISICA CON ACTIVIDAD EMPRESARIAL Y PROFESIONAL',214,52,'2021-11-26','18:52:43','IVA',16,2337.93,1,NULL,'admin','','2CC9F8D4-2794-42BF-B7E1-A74A6D0EA56C','00001000000504204441','2021-11-26T19:52:43','i0D tmoqe7ptZ8W x1rWENvwocXdHhuFENLOsUr9rvwMi4xCGdt9tb F5xUxoxlxBTBYR TyYVfSNstRnpUSTNqvYoflTcw1J/KIX/8Fn fsucBfAVvYCIN47bpVZ/8C9ygjPV1H0dm64f5i3LuPmWy2CtEHL8e4K3Ol2Ugcp Xqz2AT9GIXraecfZWnTRokarFUnrs6oDU7Zou22u/PYT0Alhd/EWdFKAFhWZDakqbcoNKrCTWcH3gkR7taFMnRRdwNBU5IUzJOSf3nEN08zUlXWP60xilFh40XVNkSl0wVmHhajmfE1vBJ  /rGwA6TviGUf42N3qHOsAvVB8Azw==','kiVb8LmDsYuoUDRZ861LuAygjT2rezs3HrWwKFBTKvhuXWB4Zkw3430D5appEnAbMhLEy/YEsZIXyddjKAGRyQ3R CLF7WrM0fnfi3djLIx8HsOde3QQL1NueG9QR6f2TNPad3FcjN9dvOWWWI5fKNBNwDyIUni1yisUVl/vCyfap06xBMC50zzfQMxoApeB9e7V9B000If LvdGkB8uPaTS5UdV200ktXePo3o3pHqCNzZ7 823XCA123Psrtik odwesp7emEXsJq0oxVZp5XDir1Fu/fMOLYjY DCwsUZXFkgWxwLHT V8863ke5gMQwz/pHv9WfYXG7GY3yjpw==','','G03'),(23,'A',NULL,'PUE','00001000000508148253',NULL,19137.93,0.00,22200.00,'ingreso','03','CONTADO','TUXTLA GUTIERREZ, CHIAPAS. MEXICO',1,'PESOS','PERSONA FISICA CON ACTIVIDAD EMPRESARIAL Y PROFESIONAL',214,55,'2021-12-02','08:11:36','IVA',16,3062.07,1,NULL,'admin','','673B057C-0FCF-4347-82C5-DB975F180CB4','00001000000504204441','2021-12-02T09:11:36','uSIxXeT C5zyz9S5hjngRej6fpAbdwGCd73Wfw7oGgXs7ZCKVxy1EPBIkoTWNCO/Cht1TYNatHJwpwJyaXdih08v6Ol9OzTjNTp/rRhuqxQivOFsuG9ms/7sM Fo hSL3RprdSatsevY7XIbUoZNcUgffqUUz4P9abPfYhsyIMb7LXdq4OOkZUeddpP0JsHPDA9B6c0 i5PD64Z3wtHS4QWE/qcsR1yxqsPgRzb /HRYYpWJ9778mr5f1AHeOFa3zsjhplXG4aFqzvt79n87LNdyhT0js0W5XwNq 6y6YUE49DRna4DJzwX1jRU5L5lAJCYnJbPjzKknN0fVA4ZUTw==','KpeVJMAFC6IgM7/3z1Ot9fV8vylwLlbPxwRbRwegiuik/zghEdpZYHt/ooQ8lyIZH6TnoK OqdIPi8XCp1Prb3byg1Y7Gmwh4N7HzRf9sxn/wBIZKlRet68qDicS1gIS/R1fb55/Hl099Q1yldYBNUAcGpDIjOOjBGKmVg4ciBIEB3l6yYTq/e4iCMp3CNiw8RnPUScBpzGLGngM8nWSj1/smc710QfZfR8NVp0PfQiRV25Z1cSI0D1U671uHSF7KaM MPe5JQBifBMiGJZHcTx5i9pPIn1kq79KU0  j8TMDv9vgasq0i/ge4MsnQxptkde37R46kBWuq8FqjIjNw==','','G03'),(24,'A',NULL,'PPD','00001000000508148253',NULL,9000.00,0.00,10440.00,'ingreso','99','CREDITO','TUXTLA GUTIERREZ, CHIAPAS. MEXICO',1,'PESOS','PERSONA FISICA CON ACTIVIDAD EMPRESARIAL Y PROFESIONAL',221,56,'2021-12-08','08:35:41','IVA',16,1440.00,1,NULL,'admin','','C93CC8B1-5D7B-4417-9B9E-CE5CEADE80DB','00001000000504204441','2021-12-08T09:35:38','fO26Xpm5wZguJM9AiXE17wEnQYbQwdJ9mpjuELF3n4xasr5B4FT381SCtiPv9XspW44jRWLIcU6cGP2nCyvsJ48uA EY30DrkMMPAD0r7oDK5ceqrzZBBfrSF7TIETd tpwMEWpOpIXgeTMoKC6PtaFz1ClYkPj9zebquC4ye0L/VL92ID/TlXt6GQcxywUc5Db 4PpAvJLGt8Uep1hrpE/C4wQEBVEcoSfoeHehuWyfO6IyxQxKc7LHO/CMy4PxudKGg0SYsS0NTnAtZ9Y8ZiNfmR8giBAjYP LAFC53kiJP PV5NyJquPphQeZ9SNlbSIuSwktKQIzCKx0nU62yA==','FfljQlfQlz IILFzJox3Z3EYWKK8Kri8PTxrMbyBONQYfFjmUAmXlpoaX0VcLEfqsbKhawJ6oSVKVmRkuN/qIl1tas/eVfzn9Qyqb9GzH2DLbsC0XRzrN0wWMyMNKzY2aO6yqIMP/AklIycRX6HAS1pVm4RJDgHDq0RxOsIdFXz5rtknpf9jef9Z9vloWRZsxvrirjfLEDePs 0xEeUhFw2PANOLKIA wfo61v3K9BJios3OgN7T3Gmdqi40TJQKUAqNx7o60tLrOKg66kDH6oRq0BSv Ogu4iWm8Ni1bhUzDLflTvGVTl0s8emQ4/xeglRr9GwwL//wNvCrhTIiEw==','','G03'),(25,'A',NULL,'PPD','00001000000508148253',NULL,4500.00,0.00,5220.00,'ingreso','99','CREDITO','TUXTLA GUTIERREZ, CHIAPAS. MEXICO',1,'PESOS','PERSONA FISICA CON ACTIVIDAD EMPRESARIAL Y PROFESIONAL',221,57,'2021-12-08','08:45:33','IVA',16,720.00,1,NULL,'admin','','5C807175-51C9-41ED-9806-A9467F5D5A71','00001000000504204441','2021-12-08T09:45:29','NeFStH42rsPjHOmHAWvzX51emAEWX9F/y9Z/Ouc94SIoDPLB7YHk1FPTn7koc45pZr59p9Avmk4OnIPts/eOBo shhhD/xZywWnepPv/gxYQ1LoICrtAblMjDAjSteXR288/bBzd7Uky79bwRgtroVqYsDvKZPCtMUYTAZjt9NjcgNj4z3nqJsK37  3tw1eEqIgYjyFkLtPLJxehGU4wSfrImj6L46cpA6GsP8KjO9ijB2 xW4MJ00l8hRHhEtOySWr6vMXdopy7qt1TKUxla2Dxop9yILYFSSeGCFZEZFeURK20fgel6UFXSHOUNbxp4Lax6 G 6lv1fZfrObpAA==','HfuXjSj8i25 YDdlR8MoIhcPStemT/Paq03u9FoUlXQYYJMsAV3ITrwQYUi0xMutVXBXOS3ITcp/g1mdoKCUXOfDcEuAbTUo/zILZGrCW1KxfpwCLNcynLj93a01BtLXU2kR1EQF9FfGCZ2maHIwMFWMiky wnZd5qobLAyTxQFX Gi9hU8LgvtpMnzkohkKUL6iuuRphulbTQ7QHamEiuLvLg8EoKOHLgnHZcG8epMHKIy7Xig2OZ6BcSXlktnU5FF3MRQpoBiAid/m6mMMpV8OFQfHrpYFimgo 7TO9c58iHtD4GL/xPwdUGmr e/gC9ugHMgxfLy6t5 BGrtRlA==','','G03'),(26,'A',NULL,'PPD','00001000000508148253',NULL,4252.50,0.00,4932.90,'ingreso','99','CREDITO','TUXTLA GUTIERREZ, CHIAPAS. MEXICO',1,'PESOS','PERSONA FISICA CON ACTIVIDAD EMPRESARIAL Y PROFESIONAL',221,58,'2021-12-17','15:46:03','IVA',16,680.40,1,NULL,'admin','','43ECE4F6-A216-4F88-96FD-83BC3F96793A','00001000000504204441','2021-12-17T16:46:03','ugzL RH5w85zdj8FeAdmbSFJKWUaudc43o4xrM1IAy6LS4kDefIMrY1H7RRrFzBcREIXH4jxMKbOAzPeau5 TA4GB0Ey2HDqxNCfhaUNSUuNr8S7uv2JmhrgUsJX/173hfEw52DDpN9ZdqG47PUm33K9KdrC7UNGzlNOCRaCLzWxWETbs49xq/KgEpcJH6XzrDE6KyxZTaVtaLAZf9hetkqMezJffdGSMOfM2Qf9eLciOABKn28mKqB BjsdVzGE/NAsw3PPX5IIY1G81cqPxMX3peqFwsIPAcVn4rMulHqFmhDgvfMtmcA4CpYRpWHVrEjqYnDzTcZ51sPQppTfUA==','GR8zRLfzPA2bVvkhpvvbtFYSGkCk5A8hC4RJW2CX2Z5b9Sr/XuA0 m8Jolqrqt/1uwgdGRWWI7AA1XnqImmlwZwBLCFqkGM7iG1gQf7Bs0wvjW5gGXdN4aGIoHDU9GK/Xk8bL NpY1 rlX2Gsyh2D9DiIXdoMrFZ5D8Gl4VlQ4dy0g0ed4dufE84dlsrGn/ThVfd4T84Tdl 3sAHZa/0V88yKxv uOBwm9Qen62IiqiyWXUH/rsUKWCToCguag AGjmSkfoa9qmNtb3JCAM5vvHqUODyieCkCsOKSiHCKyHecH3P32IBQvym5kB5oSaXVv78ZsLuI5tL/XFsjM0PVA==','','G03'),(27,'A',NULL,'PPD','00001000000508148253',NULL,4500.00,0.00,5220.00,'ingreso','99','CREDITO','TUXTLA GUTIERREZ, CHIAPAS. MEXICO',1,'PESOS','PERSONA FISICA CON ACTIVIDAD EMPRESARIAL Y PROFESIONAL',221,59,'2021-12-17','15:47:11','IVA',16,720.00,1,NULL,'admin','','948494A9-D800-483A-93AF-8F347DC5FD1F','00001000000504204441','2021-12-17T16:47:10','xmv4PnUuChh abshpXIcyFyu9SCrgwMLiTeH4MYUXJaDHhLd1E/a0DBF fqlM9tZ6L40Z7 4EBnc gpOvdSh3TIWFqNXXpov81wU10aP3iIPmTkrJCtiCdHkKlCUORvX65vk7d7ouvPz68WzaUtw4BBKWtOM98Mj1W6NZEKvgyguw26duk5RmmrYt r3EbQIyrWh7d43UfLwpDzJqkXxsQQbZRtEFciEySTftwPi0Xf5A8x/K3tgZua QNsniWvpqZ3e/yltjWJ8SROot25X/EaWL23m4T2SVhNPKicxyIZ8/o6kP5BYga4Wxll5VClxAoRwaXZwt9bBF0/aehWDTw==','V6P2/Vh947OE5vMEOl6E0RuQCbb5IHJo2bRI KcFT88Axp95PajUAOm vd0RH4FrELGKn whVmFtJSk9V1eyeeDDg Vn0UITlj13frHPZ2Myh/ASbzKvOe6Dk3GKww/ifKwLMuJnOAX4a79MZ0zazGMyHK9bUL8yP5SbQWx6peevGSYNOB6AKZ98YN9ytYzwZPplw1rp8tFkMMIcgR0hqgPZV/x3ulI1ZpHw8KrguaDW7Q1E2R1H LyGnf5nR36Sq3 haar4wWPldRsnVakbvUvXO7jEPf7l owuqdEOurxqWzebWWzLTER/YAmMJ7LQLlqEbDWuVJm6Af07cjH1PQ==','','G03'),(28,'A',NULL,'PUE','00001000000508148253',NULL,4252.50,0.00,4932.90,'ingreso','03','CONTADO','TUXTLA GUTIERREZ, CHIAPAS. MEXICO',1,'PESOS','PERSONA FISICA CON ACTIVIDAD EMPRESARIAL Y PROFESIONAL',221,60,'2021-12-21','09:47:18','IVA',16,680.40,1,NULL,'admin','','B40F6EC0-06AC-4964-8C06-32E4F914896F','00001000000504204441','2021-12-21T10:47:18','YUPKkXKlyv6nFDs2 PKNGtAepMnb c5VbQLV/0DN W4uQvq3JGUIpssV5kGd1fglRtINuFgspyKW6geXWB9KrlW/ m7EznSsTW3UZ/ rcdLx6UASkew1xPtc7fvp/fyZzTSvlFUkP9cU69b3Akg521Ijsek2XUkHmop/GffLnXlcFplEUj1E6EFm 76rNhpxEbP16XYbIyevYMZ JnjDtVi6 kjLU4Yjx1KWH6nYHNBokp4W2t nQkvM0LvqkCpQpJWXBCH1YEURqk6O6U6BtkGgE74DgMNQtz/bAsBopvs0Gcf7khZmqyPuLRXBwv eXOH30uj0FC eGGzBrrOsUA==','Ft9ZOtL8CCreb1Z6m1AKs40l9RxbmxbIXJlYj/dtrSETEWdyenhtcyTV9w0V lx8FXl1VO2AOsvs9Nrau/KTKTkCj/xov8KxBBeCNZB8dyNoi4aUu1AJ gfFbiSqbDdnA/amUpIEEkn34We3TAkfhT1jNuJCRrBAKaxdu6qfF ueWSD6FFcJTFl9ZYfA2EfAnYKxSreR5T3kda93dk8UdbpkGUj2s5dsvB1kuVlzAa6mHUPTFuot bePMjaG4eC/POofS36lXbI3BArjjh2OcYhsSxWLluUm4u4p8sUEz5roLtJlPSsWr7VNACuOoX0rMXv2udyxgz5P4voH9ecK3A==','','G03'),(29,'A',NULL,'PUE','00001000000508148253',NULL,4500.00,0.00,5220.00,'ingreso','03','CONTADO','TUXTLA GUTIERREZ, CHIAPAS. MEXICO',1,'PESOS','PERSONA FISICA CON ACTIVIDAD EMPRESARIAL Y PROFESIONAL',221,61,'2021-12-21','09:48:18','IVA',16,720.00,1,NULL,'admin','','A4C62BE3-C3F3-41AE-B5DB-CA3FFED8959A','00001000000504204441','2021-12-21T10:48:18','Ke wKWYtpgbrG5dXSQosdeFB0L9FsLUfC1UUNhZ3MYAnMVhZjoCkmqp4hP XvkTtL4AhNHBPsdVWgPcVt18T8/cxIYscz/FBTvlR1jmbrLfyV9qVwbHoaYQyIALiREQpXf43l045QnrG6w2CXtSAjE3bhZe5M8IjuppRklvw8/FGlEoNzayyN68UjleGOp7DRJGNvD3luqVAWEwNF174Q8YNmJlqXMXxmNj271rZb1UHyc o9oII6FcEl/RzRcaLxrBBnKqmF4S3n64Hrsuqyfeyqz6m9kwrzwSDzjsgfU3XSUX2vyBLybtK1iZA zVTFKV0vZ3EJxbNUXmC4yZICw==','Yu9MDlTIjXCjF7BPr/5//zI6k 0CGdAjPd0liCeR UVbhNFxMNf5X9szWRbzAcqsrMpuEITCwc0UqTPCuOyzXENjKYkc1SqbLKVzGzwvYkAo3Rpv50pIFeSXWwaxo2veAFUrB63jQVnChfxAO7DW2IQprlSKr2ZNO3JDZ6t030H/shP6JX/kPveUb4z PRDbrrgci92P1bh82/9Y86VCNcMZEbrGMXrW4V9aDbY/fwvZyMcHWe4JSUJFJiM7osAvQtShUI/eZ699ZK7x7I8sKT/mXaBjWg1BWIYrHDBZ/mWUAI3NCXhB HzJqG84w/HFk6MinRuB9cqvCG8qFkE8fw==','','G03'),(30,'A',NULL,'PUE','00001000000508148253',NULL,34482.76,0.00,40000.00,'ingreso','03','CONTADO','TUXTLA GUTIERREZ, CHIAPAS. MEXICO',1,'PESOS','PERSONA FISICA CON ACTIVIDAD EMPRESARIAL Y PROFESIONAL',105,62,'2021-12-29','20:38:48','IVA',16,5517.24,1,NULL,'admin','','DFDD90F0-83D9-4E1A-BF11-26F53962DF61','00001000000504204441','2021-12-29T21:38:47','Gyv0seKCkqVm6/St/WvOHTErC3so8jnhUpXWad3Bf3ncWxJFQUzZF4PF6lNJcZMaZVGfGdT6pRI5CCKLRP5ixyeWW5p/bfaq04HuOlsm/OASE jDu8MXRIuHRcuv0M1tD1ayrA9JwkPXJ98XNf8xn4f64GVGkTEHveYK4Thk1LqPpXC/ksKcRW5W5n6xOXAjfInulsEr07Mr3stEzOJZWqqNgr G7sRsAOkM8J38Z9jU9uF6LA1gf5uzDWOhRVSNcnHv94 iNJPBRWIgn8l4SYvQ70jPgvgHpdpThIdk 3SA9m/0NgZppz2W6HqgPW8Jq1JBhlcByvvuXzc/9o9i1g==','RKO2cDbLd979 EuK2ymGk2SzpHjqZk8ySqSKWjOhHT2TlN ZGpVR5Yxl/GR/u4T80O7Dv2O4OFK9uqijfH69S5MM4FXgiKNJ9ujVl/t2E3vpFgGIZzt4ydcX7SBJSYYFFRTAIXRcOuBND/5fDIYa127B0dVLHEvNevjKW/tWWGcTZS ogOo09XdSeNo K/e0lFbCM7vSbtSNopC F8C2jt74VJ5 eA4YVdho4USMHJGR30XIDJsYpUOh5KUr1XbZ9memvhuiUth2fZmJ7wH8hT7EkVijq/H1NCqkOca0 YlJAY51YfoVyOxCn0gPzrwfSsFxThGOfQAXrIbK85r5hQ==','','G03'),(31,'A',NULL,'PUE','00001000000508148253',NULL,13297.41,0.00,15425.00,'ingreso','03','CONTADO','TUXTLA GUTIERREZ, CHIAPAS. MEXICO',1,'PESOS','PERSONA FISICA CON ACTIVIDAD EMPRESARIAL Y PROFESIONAL',105,63,'2021-12-29','20:41:39','IVA',16,2127.59,1,NULL,'admin','','792C96AF-34C7-4BFA-AE80-CC4403F54773','00001000000504204441','2021-12-29T21:41:39','yjFTvHPMqNC CFi87lkaZg5 UofNinh5B0gNjuj9 wP3F0bFq31UkzY8iayPPdgPrj ZDqC2qXphr35YUTD0qTxuy08LOY4og5OFN4/VQ D8syfO2gc7zQgtuPB/9MYN9BTGq93Y6hyvuS6i0Dc3BRRX4Lw9ByWg80AJ9YsRg ckLlBknTC WKs dpeHjRZk7Q b5q5oXFUMA11NT nbbdhlMkd0M6hg78vqCmyrKILPNx17icBEV6Cq2ltlbws7yPDqWmxePHNg3UZ6t LmnPGqEsWGXFNj3Ham1PkgoIlzDRH2Pv3iHHNiT6u2BYi2XBLuNV  /lTbg1YDFXMy6w==','dbx05XiqoU9ST3uOp/mcTq8t5Psm0YMq2bKT9wPYVNIotXJTqZtOE8fvifAGwAB0wzyMLK/D4iVrBEBB39FyPFCF12fBk5K11QkpH Om H qilH8edyuHdG5M5fGM1H7KMmePyY3PBFkPmYE7gkqGpyVVBcKATFBHvevSIwBAZU5 V6CH/lFWDH4evaFA21mWXZg7kEagJYeejJRgmNWoNme0WZfn3ciFjYMyfrgz09HohyMHdzItS4Oxwze3N2haphkTLsKH091m69bJAv3///XMTrLhAPaulFUENMtV8eOR d9f2YteFey2bqvd8XmAvYKRVheJyIQvFHC7N21HA==','','G03'),(32,'A',NULL,'PUE','00001000000508148253',NULL,7775.86,0.00,9020.00,'ingreso','03','CONTADO','TUXTLA GUTIERREZ, CHIAPAS. MEXICO',1,'PESOS','PERSONA FISICA CON ACTIVIDAD EMPRESARIAL Y PROFESIONAL',105,64,'2021-12-29','20:55:37','IVA',16,1244.14,1,NULL,'admin','','ED1228FA-7E89-4EBB-8BDC-6189C5D573B1','00001000000504204441','2021-12-29T21:55:36','EIg/96wXZ4yKGwDttT5R6f0hDinBDoAMQ61Sx 2wAHpzbU PXXgJcW3tTK3owoYIzc7jzCRTR6De9bJYz1m/Zu9KhuXfaK/7wJpPGyjTlyDZOiAOZ9qLEJEmKvA6Gj wFiq0qvf9seoAXYkM9beT2e HoHQ /FABaGW2lEIsHcbtylr/59AAILoXRRDd66g5Ilwt9YoqJrMpwiX VCI9z IHAA1CYjdWxKdrUHHo97Oro9hLiI7Qv0qR2JzNChXqMcc5b55fq5rbO6j0vUNiIvGJ DUzNgX/ga2KQvgG1tVjbltGdopp3PrzRQ/UP3YA1dqXOz1djGUcBsU9I9xKrw==','NEFAnH8pGXoTtGHMB8PkgV4vEBt/EU1Eru4hD/LYY3pwlQmalCFMLLFzQcuC5nY2cEXL/zE1dFb/LRWn05TYNKlYJbsHU8U0lL8ksvJxspki3xLCa04/mFcA4uRcDcTy05xIpsw2k6JwFJZynMnriYczHRk5m xsQF X/3JYABTq1ZGUZwwh6Lvl1NZZ7 AjjdJcjG0xb4KIx6blWg6MX/3iJ390jeLzVFw9B5yXUQ8UWgbmkkN2X8LYYa dgKPAo 5KszqrBmOJvscmdpGfcSLlVsZ5lTTKE0IFtRdX7tGeV30HtdT8LUiMRB9TwYJ9oguoBzvY csUdWENQ6aKag==','','G03'),(33,'A',NULL,'PUE','00001000000508148253',NULL,9771.55,0.00,11335.00,'ingreso','03','CONTADO','TUXTLA GUTIERREZ, CHIAPAS. MEXICO',1,'PESOS','PERSONA FISICA CON ACTIVIDAD EMPRESARIAL Y PROFESIONAL',105,65,'2021-12-29','21:02:01','IVA',16,1563.45,1,NULL,'admin','','FCFC0122-FE77-41BB-AFD4-D2077F726EE6','00001000000504204441','2021-12-29T22:02:00','bjDDKP/H/yvz8wq4DhHMY2f/pn25pE/ZvNwtTUFaCnzJ3a3vRrU9QQoQrNADrJdu/faKeGEVhdQuTfz1MEshLAPwZW1lf5EQKOoD0jAgag8b3pDT4AjXvr5O3Rro5erq3fMzkeVuoPvKilGbBLZFgQ2e9TYcmrZVzvb73oO/wLhbzVG7ZKkWrwJnWYxeb5wNo2EwO4eRHdHhzm5r3H KhYLQSqWzaMzTIRbMPbpfJaIhY/I0uZ/VOClsOr8Ok2vKQC75Uv5W1gogqftaLntIvbTyyW5YEQgvPqySpJy5OO0f xc7 guPYY97jLOq4qFuLx13jj/mVLpwFh aDRjTDw==','Fn2wLK0ZBvwd6TjwmaLgbEmEAJL96h301OIU NbsRASihm30LnO9gyRiqxnS4rlA9aO9q2nTPHU3FoPLIOoH40O hbxfUD9QjTd2QJ2glrjDNbmQT2cDowZtTt9C3SnWSrFDhSvEv47JGeyu6/ZLpHGIVEUTEv8hhsNA4Cq1JA/Q1TY9Bnq9wC8BZghaYAopjTb2XISq wspBGw8NPizTdmim6tKgGo fHdvpYBYmNIWUyy/1tws4Y/sre7oj12zVfaNtyI 71lNW163eeburHDJGYYnEWxOw6IuyYVrrogCzZYV5wdEiDJepzG rWuQE2xP76PnRYBbwmbXFwiq7g==','','G03'),(34,'A',NULL,'PUE','00001000000508148253',NULL,60051.72,0.00,69660.00,'ingreso','03','CONTADO','TUXTLA GUTIERREZ, CHIAPAS. MEXICO',1,'PESOS','PERSONA FISICA CON ACTIVIDAD EMPRESARIAL Y PROFESIONAL',105,66,'2021-12-29','21:53:38','IVA',16,9608.28,1,NULL,'admin','','0B5F4C30-599D-4FDC-A6D2-4F66F8DD8C44','00001000000504204441','2021-12-29T22:53:37','Dykx8HuUf4vfIoa6noNgLumF44v Al2NZFfje4LuIWLCoTT9vCkkvOncn9ee1LhTRi4e2QUCb8k6KZnCNH7DjDSGQIyqC4FpKfkM6pVXriz tKlXnsJGHxj1AVSrLRT JfClLl4d4na0/Xscuxh4R6xCt7ZzLnbEjvMELjTPR6Yol3bTVKBQIF8of0EqTwr4EOaRilNeqqbMs6 AFEMI3FI8mm/uFjloJwBt4tRCLrcYKCBM4j8nOKP9ubrzU9qPQgAdrCfUJiXn1X7n9u1scW0 s0SMCyKhGGq9N0cbGE0jY o5h0uPiVytRqp pUZSb9TF84dAH43TTnmvDXt5Ow==','k1dCis7nhdnA2HUQyhpPAq6rCRUj6K8lILsM BAdra1JcsThuuhErd3799uE3YSVXfIFq1 0v1dESkGIgPxit2DZq0I0YlvltcGeCv6yJ6rNWGNU939/sT7k37Hm03Xf5QsmARIkuBCdk4Y82M/vvVJwSX8S51UdOVNrBFF3FY2WjICFiP1GSu2LJF5Vd0CYp9zOIgZT/NrpLWh2Vak0b57/VhSVehyvUeYYkXwTnVHJhvGkbEkz1HV62Cw9EID/z62mFtDZHh87ngdJzgOyZ0ypWKwrD8DX5AAQPrGepO2fJlGy5tm4Bq4L/SslhI6/2FNUEhyBcfZ3cJoPxD2mfA==','','G03'),(35,'A',NULL,'PUE','00001000000508148253',NULL,1293.10,0.00,1500.00,'ingreso','03','CONTADO','TUXTLA GUTIERREZ, CHIAPAS. MEXICO',1,'PESOS','PERSONA FISICA CON ACTIVIDAD EMPRESARIAL Y PROFESIONAL',103,67,'2022-01-03','21:35:43','IVA',16,206.90,1,NULL,'admin','','3E3F3411-179E-413B-A6CF-30703D77F53D','00001000000504204441','2022-01-03T22:35:43','tqhN5w QkjlWTdW/2ozREqGj0TgIvU8IGDK5kfgzATkBmjDwqZJu33TXrUOzbzgQXgDOBnFOZU7BbHn8Xar0yQMyLuqGOuDYjXM17YocCGHaQ7A8zK Lrq/sGQmqH3OmlTmQ d5xohz0VHGwOnqPwi7LTanSjdycHRgjBwuTSGzq0n0ve1tLVIA7fX16qsMsKD i5FfwwlvLal2uczsD5RZ ny1mVtMwqSNpJOSQ/Fnz9KRKwtcSVyrxEj6WUbyyTfSuj7y4LWq2NXiix8qKxHLrlEpNHwGEB4oZ7K2pcl7rtTYn6azzr6swtgwR1U3ufHA10C3jdC942dGUeQvyjg==','cJgsPunlOCXTttc 57tcXZr S2snT/mIgnCR4fE0IOGoMbUjl3I5Niqny1L5VHTs3mRQxtOIpp6dB1ZfvKnb7b9AHRrarLB6RTw7iDUSepKBg958zJhxbTZ AgucQIPhdyd/To2ntWuuUhAx8zTBBNwhq/VLFyrGz5TbqL7d3dLQt aNS97Qr5jOWVdxaz0BtgZlGJTGbLkfsZ/ Wahd7IFs6MZsQKuttLdDa0l1gyttcsR8QFEJBaB3hYNKbDeXubFwJ4Ej6a9mnYqfi6oxIjegZX R/Zp35wB01rYtnhtJ2EGj4Svu VD57mtz8ouDT9h7ZNv27Nhv2bmGM25zQw==','','G03'),(36,'A',NULL,'PUE','00001000000508148253',NULL,1293.10,0.00,1500.00,'ingreso','03','CONTADO','TUXTLA GUTIERREZ, CHIAPAS. MEXICO',1,'PESOS','PERSONA FISICA CON ACTIVIDAD EMPRESARIAL Y PROFESIONAL',202,68,'2022-01-03','21:38:25','IVA',16,206.90,1,NULL,'admin','','3BB6187A-D1DE-411C-8C05-7FE1EF1239E1','00001000000504204441','2022-01-03T22:38:25','sRk 49fHzBAopagCfZZTNdXvhQoP0W2 v7yjLTpMMWeOAnBL/N1mi1hvCpTMD/0wa4xAtmf5prwDYaLDnfkuTU93RgYrtMKbO8cRgb1oYhTiyZ35  WB6mf2rt9HpYXjJO7ufUSWOm7LwVy2oAikHehTYfYDcMQ6lM2drzkQsmlNp3tQWB5Lm1 SLJCCOgynzmv6Nv8TDeY9lxntX1Td6N g7sR4Q/cj5ThZ9iKdbKluzNVQMqRljQNWvWg4ru1aiFKgMOvrmU2s0QbzTHXwhfrDMlYlv14mdWklzvqYKDGovux nAyaysYUq4KHpGiBfmiUFCxeBKLE4 kWSXea8g==','ZWmhABW5OZrLo65V1hKBdyHIuQRs/a6YVWLYFzG9CW1nIfC spAYk3mxnyqrXeG7WbhlGk2w9JirXxlVb/61GkKO4FlxVvSyvrjZu4khNnrdSLe1Ws93V oTRmBLfC50zzr6KgpSE2uhZZRXi5wOs50/fYc4Tb1ChkzDkvZrpujDihcGaTX/PHQ3Y05K84B8ni8NSKstNJpfuc1YybgbIdNvCx/vsL1Cs709KulqX6hwxA8fmaQSRnpCZs8awVi6kYUCfsUuGjNoGx MdathlyvaoSTmBzpLpax0txcoSrKRH 4WGy03WQQ4ehgWlaBwz8ndgizDAdLA1FXdWOPPsg==','','G03'),(37,'A',NULL,'PUE','00001000000508148253',NULL,1293.10,0.00,1500.00,'ingreso','03','CONTADO','TUXTLA GUTIERREZ, CHIAPAS. MEXICO',1,'PESOS','PERSONA FISICA CON ACTIVIDAD EMPRESARIAL Y PROFESIONAL',202,69,'2022-01-03','21:39:45','IVA',16,206.90,1,NULL,'admin','','D40313F7-BA6D-414A-BDF1-8C555E260A80','00001000000504204441','2022-01-03T22:39:44','RDGEW 0398UUAPD517Mej/7DwVcmxC7EuQ8Jidv6CKZhPO307hHsZXFN2ahjVCx/vPbVIQIGIBni1gF0zaS6Q NUrRNfLaDgKKYzzc9g/67HPFneznOI5JptgXMZJgMOqfK0ehRiR/tZvOkYfe6sNZDl lL/GuCuo0 TnUxjUG958MK9NcFdW1ShniVbnvbNj/shPOM8njVgkZKd3AfH6WQppw67EAjxJLAW1/svfSN9C78oxqwee4hHlrEqBMLk8qd6s45qCd5nQjjT5Dwe8nxqGyAHZ9EA3a56fd60zcLMfCFWRUuh7TKQa7TXuH9OfVHDpR/pZ81 nO6KmSSvVw==','Eq4xm0q/0CcB/OySDh/2vY86/685YYNaCvTSmNAaJcOcvKfrB37/wlN6YzGpLoLlC0djECzwFssqWqL8yyEdwOTmSIWSa70PH7nSi0LWy3JcGKfE469niSbiEveGoxg/T8YcmxnHULchOhYNNTLFkNUqMraseJ8t5b vIbgJT4EXc0CLstNXypACDDIk0PaZ80r75QBA01BKVACFD8/i w/vw096z0JTzk2xJAGMcOXj9wDOdw4wsxiA6EwBOdidVIPU6RQ/MMpsajalaDSLjAbbUdXx3E7X/iLXU0dxvWrWzgGYUYjwGfNiI41OTitF2HuUUP92Xq89pJ8LoDx88Q==','','G03'),(38,'A',NULL,'PUE','00001000000508148253',NULL,1293.10,0.00,1500.00,'ingreso','03','CONTADO','TUXTLA GUTIERREZ, CHIAPAS. MEXICO',1,'PESOS','PERSONA FISICA CON ACTIVIDAD EMPRESARIAL Y PROFESIONAL',201,70,'2022-01-03','21:40:51','IVA',16,206.90,1,NULL,'admin','','11D1F0A9-65C5-40F4-B3B6-6CEDC9AEA91D','00001000000504204441','2022-01-03T22:40:51','wM8L/Ddx2hkaCt5PagNS8g2yvuVAulq5bumtECa6faKSw6RZU3EBTuFjKedeM/um5 cNSnZ T5kl4RZGbExo7EqHi025s8RLAPWT88zls3LYmYn9zj0mjdiY3JCxc/Z6RkX6iWP0x2KfLXsyQVXY079n0vMbQEeZ6dVL31/MNSdGoKP16LRs85xKNevPC9hhZuGHPClQXCX3W/Rp2wuIBT0g71j/o7FAivFl16jUJRV AufGES/ZLeYFy 1j6HxzL/8bWK1U/qXzeoE8xtqrU4HOCq4ttpVbF I 6XrEHclHJKESCm9916IjrzNL66HzcVTHi5u4rRxHoqlv9XyXXQ==','oDcsUnwzG11LCy1THRm0lxxH4o3yNodb24xC4F0ZvSRs5Dtg7H6yf6rWeuDoS5k/jj6EfyI4te48TA7VvsqN6TIlkx5fLWltPAp80MIKy7jyS0M0qV0SFNsRV3FhEi/InoDZz3iV FKaeuPHtwVmxEo5/9LpKZA2Xi3975LI9O1Ys3CujiENgAET1gVLCBGb7CVp6a0z xPK0C /f9X46L/wZ0ozw1iQfkHFcy5Vx1YNPxgqvqglFv5nGd2y5f2uXY0fVaMdgpXlDzpFwyTHaqZ4PJO YnMYkv b0eGJ2DBPorcw3TRboVMiS4DHhVtEqwRy1L4 yQ1FnlvdQxgKIQ==','','G03'),(39,'A',NULL,'PUE','00001000000508148253',NULL,1293.10,0.00,1500.00,'ingreso','03','CONTADO','TUXTLA GUTIERREZ, CHIAPAS. MEXICO',1,'PESOS','PERSONA FISICA CON ACTIVIDAD EMPRESARIAL Y PROFESIONAL',201,71,'2022-01-03','21:41:36','IVA',16,206.90,1,NULL,'admin','','F5E3572B-684B-410E-91C7-0E43858A47DD','00001000000504204441','2022-01-03T22:41:35','NOB4ixgglych2rxzus1n TAiaOYvR3oYL7Z6WkFlaKXDdRArVp5L6zlXxi0BtwDaqbwNGmrX2q0QK4bmfCKayTSfC5kiKvFveh6h3wAfl8hxFXb2p4JkkGZb0x XfZ6CoKu 1oAEg/i/3cObbPsb0ObIo9PmgstG0k7TJbrLCfNpNIM/9uZX4p4Su249xjYobT2CIsdgvwEmIkAZ44d1SVQzi4T/i SZ53LeFAFTdTsRDfXQsj9ZcaTqErBzizxhOBY9Zs710TMzmE4y/2Xu0zUR7JA5R9XMt7JzduBQr6OrpsWNQKhrWyLhFevnZEXTbI/CLBMQPehq/eEQ/obFbw==','PHVaQYLQu6dFShjw/nZJfdCocgVRJajOd8s orPaLo/PGyfrJJtKRAGm7muuLmNbIGjuQrXmFAu9o9fAeBvOnqU6QM7 lNO8weKAUXrSq4n04TxRzzuAGdT3ScXDjryluSgojbmPlfg95BL7iEr1c3w5I3a0NCwXbC9wLqFnSIQWkLEm490I/y/EJy7pk9yRFXmFivHQFJJfYzwp2m5OgYiUa6ytnqvro7jwUe4UZJboMg3oyD/x01fPGVlDkdaDY6A5t6UAdXrXChgCaeeYnh5cVx66ubObvfXM8as1HcaSDCgrlbdB89/2rzyNa9UQkhjpElEjMKFGUM9GVmu9CQ==','','G03'),(40,'A',NULL,'PUE','00001000000508148253',NULL,1293.10,0.00,1500.00,'ingreso','03','CONTADO','TUXTLA GUTIERREZ, CHIAPAS. MEXICO',1,'PESOS','PERSONA FISICA CON ACTIVIDAD EMPRESARIAL Y PROFESIONAL',201,72,'2022-01-03','21:42:08','IVA',16,206.90,1,NULL,'admin','','2A049A00-EADB-43A1-A38F-57AE9598F73C','00001000000504204441','2022-01-03T22:42:08','QMJOeMD/naNHcLMLPU66BJNDZbB5SCBAAQbBOdyKyDea0QaEhiaXCO5yMlD7XpuwwJhkfvJTdqZibc/wrjlB7uVn7ZbfgXWT/89ovr6Fk68pZPsxlhKS1nQCA60Y9BOAxY1dH2VniTcUBihDC6Y3jfQNtSHRJWod8YzYKeTsfrQZmEPgKeeCM6o/5Dy1pbTXB15uEKAm4OSpI0Rsw57DZhCAdK Zr9aNtMMCECsZxNV1kjJtRZ6I824kHEHgJhFMhfV9n8B BMCACnsjDNJC9/BILeyPuj3PsECAi62iyHHRSVLQzBn2L7PTBDvCCSJaBEhJK2LPHCBDdc5 mzT Zw==','h9n0jSq4opL0dKxvXS/HAxeDGf4ZvnkUmXYdTxYIHfztYLBIXOPUMy9VEDkB8mjvy0x/bEMYbrQG3OQLWdZc9LZyDMPcJm0UOsXUQEoyJAWdRhLRMZ/xmxepjGHSjQkskL4Xcu7T2g77YeYVV7MmKjvi0ydwU/RSu1VCfw2FyqugyB1YDTqz8w0 wHQzTMNXM4Erg33bSeQWMi4Y4jISdm0IhfijXegBhap3ncB3kHu0oqS2mSDZTyxI0JFuiZG4XAdomsiRDPBabrMNJjxG8O1Rc2TjYKR1ug4Avrt2d6BUCjo1jWXrCY/cIbe/tXEGociF8eA bELesv4OpdxtaQ==','','G03'),(41,'A',NULL,'PUE','00001000000508148253',NULL,1293.10,0.00,1500.00,'ingreso','03','CONTADO','TUXTLA GUTIERREZ, CHIAPAS. MEXICO',1,'PESOS','PERSONA FISICA CON ACTIVIDAD EMPRESARIAL Y PROFESIONAL',201,73,'2022-01-03','21:42:44','IVA',16,206.90,1,NULL,'admin','','EF91616D-E971-41AE-8A8A-F77855F4C0C9','00001000000504204441','2022-01-03T22:42:43','lxlLZBS8B/EYt/jma0lQgiyLe/zwDIuBJtGhsnuysBXv8BwF99kBoEb3YcF0/wwfL7Fx/aBRKsoeRsaSsjkX2AA9Ao0gDlzHrtjexHDJwWE88v 2KJVRdW4Sc8JqBZPmvFKcar3a/b3EFmgicDZYSsEZU YPwJGVG5jMhvuwlDuSAKjVI9X3YhombOGIdGt5KXaE5 ekzXOZ9ydq4OTIswk4/lUsgLrqWe5wPh9tJ9prUNTU1E7mB1Hjq72CFcAKHCdkGvPq6j DPlgnfZptQe7yKke1bqwYJXwEIRnnmDxxn5TpDbXyTAI63j4SEOBJHJX/ykj0ck2rdN8947AN6w==','hcEi9lNHc9AwH/pYJsbY1j4tLmqCCqy6Qh7zc3IzP7qZ0mv2wD/ LZZN h3yDVXCFedXNqSaM6Z2tU8OHrGv8/6l5M5JhTbPoMTNupQunYMwPndL3Xf4wo4HYpPMR1USRYWGsbWy814i5pej5xFxv9GAX3F73loEHLTNSqw OeM9se7iK/yE9PfEMxweAtlk/dFgzWS wsg/VpEeXlZ9DxJuvGpKB9yjb 1hTcEzClhevIUOUWoEaj1FfBDAfSZGEez9ufbgXSUZmcth7IyJjLPs6qnCUTmA1K9eKf7b/KoqQl4Ri17ZROx1Tv7k9ugf1ckbYl 8Lc74CVNF4uGcVw==','','G03'),(42,'A',NULL,'PUE','00001000000508148253',NULL,1293.10,0.00,1500.00,'ingreso','03','CONTADO','TUXTLA GUTIERREZ, CHIAPAS. MEXICO',1,'PESOS','PERSONA FISICA CON ACTIVIDAD EMPRESARIAL Y PROFESIONAL',102,74,'2022-01-03','21:43:41','IVA',16,206.90,1,NULL,'admin','','DFCED897-E0C0-4350-83D2-4A313B3BDD67','00001000000504204441','2022-01-03T22:43:41','Jm/mFYwYRpZ8omjy8lsie5w 3yQKmTV1mwxygwJ2VXa89ZNV4ZPVGjYb3XsxU9fkwiVdWHc tQTcm9dAqyc6CQEt60YEp9mQMI6rMi5Zn8vHZrQCLX1zqtuBmEaSxIIza3PEEhhBad/D yvWV2Lmr34JV1EkapLS7gg/VlORgoKE5YpdIJOPz9jmQerVRgjXUUMb9txgQ10443499wnEetuI5ojBBX8QVc4eCPQ0ttmT6dHM/0NT4WVCNLEQaEUek3df4c40WnhIjfF5JvxOJlDyr C66R3LWTXIWk4QczYlP/Wie4YNXXt hvO0n0MIRYO9V5egZv2lmCHWBivwRQ==','favYewDObco9eCG1ux3KZcNjYxVhLENKrLsk9F5/CTBBwbdga0D0mzzXTC/1JcWpb0Tug35W8eSbpnVB1nKMt3Uc Oyo4sKMXy21/ZtAWHKw5DyepqhlZ5J4dHZ4zP2ff pnJH3Ra/UgbPSiKaQ5LriH4jB56goiggyFxOmRUtSzDNas8qhe oEKDtjI0ct65VDW8My2tivf9hb/Jw3jY7E5wavG7HTMGTA3Cp5QtJ4YBRnidNEO00BsBTr0MwK6cpFBg6it ewG3bpxteZhHHxZNqeEw35f3d9/RXAdTaito5EcWT/K4phGH 245izG11vrq/AOoabUDLqUhrPOqw==','','G03'),(43,'A',NULL,'PUE','00001000000508148253',NULL,4500.00,0.00,5220.00,'ingreso','03','CONTADO','TUXTLA GUTIERREZ, CHIAPAS. MEXICO',1,'PESOS','PERSONA FISICA CON ACTIVIDAD EMPRESARIAL Y PROFESIONAL',221,78,'2022-01-27','12:30:36','IVA',16,720.00,1,NULL,'admin','','B6689604-A8B4-489D-B29A-EDC8BFEAB608','00001000000504204441','2022-01-27T13:30:36','JT0OdTryGvwOq1mq5yIUd9lZNamwc293j jzI w8wtjNCzJFA4sTSOD5OVWoJasbhwba6VjJWCTv0W/YK7ZDM0qMHz4GMLx1v68faWBNwGi0MBDI0kSoa2Mzwi1XATnjmlScV3g8sdcHesOCKvGDjXPN07 Aof1PEI1tS3z/Cy/fRVHOK6JxUthRUzg0rcEGW863 6LqIiG/R1a0azTVD/taJX5tKtypcN 4qxeVi5A8NawdeeE1P2YxKqvu3ZQ9NZO1hQgsftOtPCsL xFRLlQngQV9g0exCKEkTVJnnCDF3XDGQOzoLXqLwyQKEPro3Ee2QIeaCxoknGViMpsDVQ==','ZiPsIe4OOepvVDO3L7DhI7cKwwAkUhKk35j7D0rSJwXi5jzNB1zdueTUM XsOlS0XtKe7RqkCgf9qHlx4EXOl/4 hFennfGITurK3eRM06u9r0YJ4a8m3GBur5xISDwsXw9gELX7CoUCqIPcddzOTz2yMmHVidv66h3VgSNh8L48/ tYz/hje7XX02tnwl4v J5SwM0gyjHsAtq22mWHP7N4vzWk6rtFczQBdXysEAyOSjlahQoLnveZV4e6ah5x kbuC2Od5PED7M3H V/JyfNjkxaWUq0CuB/b tFy94MCiYrzXCO81V2loZXRfmtpKr 9oCv p5eKLFS4DyiN Q==','','G03'),(44,'A',NULL,'PUE','00001000000508148253',NULL,4050.00,0.00,4698.00,'ingreso','03','CONTADO','TUXTLA GUTIERREZ, CHIAPAS. MEXICO',1,'PESOS','PERSONA FISICA CON ACTIVIDAD EMPRESARIAL Y PROFESIONAL',221,79,'2022-01-27','12:32:54','IVA',16,648.00,1,NULL,'admin','','047A735F-8BB7-4B65-B9A1-D69D19ECA5B1','00001000000504204441','2022-01-27T13:32:54','NZwXj8vffr6UjxuWPbuSRiF2Tk5jGZLbej3d7kKl15M0OFIcujSCNuqIlyHJlrfaxRt6j5eAlFvac44D8jN6tDhJ09PsfVU8YQ/kpOWMlwKkMaCx9p6AWqzUmAXE4kFholN6M0ZZnCebJLrPOwRRh6ncpN 7Gq63yLMoewIQCxlNiKiqHgYskpR7RdRljuZtgNJ9i041O5Wak3r81P5A5ldBwh4S4HfXcWoyRAsqFBZUGIpyuz6L12jP5afDAnAkZ1Q2ESW6UWtLHb6X6Ao3i huZQpmW8cAT2z3N72ovOTbJ7yyi/s5tiMoyr4MOBQrmJz7 bWvxD t BaoHXtf7A==','jbqLfm7fvvG3AUR7ZlEnEv5WoIvERhjxragXEqzBSjvQBcFIxiWMdjPKxcoumCruJC6I0RzqKcaqO5Yv4p5jv8RZHpOUFqRYu5fTI8eqlJonc4FXjUE8cqazaF3cmM58uYARUw9gCR55Mo rrq7/sXu/bxmr/uNjeqjoBdLizi/YJOv8sl1uIIfEw2KLNSbOA3 oN 5a9HfwFj2RqbvAJMkWzE Nhap4XT264oNZdNJh1fiNNHWyziWmlbmgLOG8g0xSLE5dgqMSP7/kZ8CAJme7sUHUzYwfsfGiQqwZ/DmRm2 gEYyyUUsk6FhV0CXzSyJ7YZsyDiGSKOKbBBFsUw==','','G03'),(45,'A',NULL,'PPD','00001000000508148253',NULL,2053.23,0.00,2381.75,'ingreso','99','CREDITO','TUXTLA GUTIERREZ, CHIAPAS. MEXICO',1,'PESOS','PERSONA FISICA CON ACTIVIDAD EMPRESARIAL Y PROFESIONAL',221,80,'2022-02-01','12:38:56','IVA',16,328.52,1,NULL,'admin','','D9816BA2-A315-41DD-86A5-18C26A1B93A0','00001000000504204441','2022-02-01T13:38:56','rWzOs53cz7uXsCF11tHtAjC9MLcD4q4rg6c6wnzKnM24smCG21DDBBw2ax84YXwwz7yraA1jn4g0udeCvFbzcGQZAnX2dD9EwI7oXFKGuqVHlcM/n4utm4qGF0zGQS6u 6A AhjKjEGwtHnq94gLoIO0Mv7q8pp9D8ScZovpU5Lmp2BwgDysm5jTtT3/zw3Uzl227fdD3TdSkFWxBJ6f ij0H0R5QIO1J6vA8yQ1HHC5X2R/1c86TujwHPRCUnSljajhuUsp3jmZ16X5n0WJEFqYKxvR7ieiAtVdL8j5iS60qh5lCCmAtyJqACqvx5Ltck5TaRfUFk0BiolFR770pg==','nfXVs6brqHTFhUofrAinLgRZFYn8hOqcoL3/eT5QaZs1NwAFfp4QaNcElg98/l5v9o9GHosVi4n/aewzeUiZymFrjr0SXJDcnF6RGiFCoapNkBiUDzQKRXHSDQV8Y7Fzn2LWRjodJD4auCQJRy2linGm/kQaKZj9f/ZILsuZ2LHEtyeNqgB3mXNbcQCzkK31U4QUwhBiOr89C51FNkf7FZhMQZlaOV7MIE2gs5la8E5beEemNQVVbFKb7f5NDNGQYoE48jOzc 3J9ZlsI9NmdIQEdnnzQ2KLM9QDUAF4AnyeX7QJOdhj2DYmqtEG6bRsXYryUbkquD56UGV2sjIX4w==','','G03'),(46,'A',NULL,'PUE','00001000000508148253',NULL,10344.83,0.00,12000.00,'ingreso','03','CONTADO','TUXTLA GUTIERREZ, CHIAPAS. MEXICO',1,'PESOS','PERSONA FISICA CON ACTIVIDAD EMPRESARIAL Y PROFESIONAL',102,83,'2022-03-14','16:42:29','IVA',16,1655.17,1,NULL,'admin','','5F788C52-FD58-4F09-8C35-98DBDD0FA667','00001000000504204441','2022-03-14T17:42:29','AmW6LNPpwSSfJLyiP7wzgYeKp/FHaAebIn9z wa/eKJ0 yyo j8G04tRpfBuUZ9Hb9lwU4I49z/HkG3S7Tmsmx0ldiUL8zIegDfVW0giwghLtoE4KfpZZLwSJ3pWLntxg6vbZ8KGmvxASAaajFQJ9uZ963i5ZGaAaT1kkdDf3KdQpD6/al5BUfDXj PO85CXDOY 8JBPH8JpeXJrlOOOR47KD1K/DGAxGmrXVXLO1LnVFQmF/JwGAiPq6K7kdEA/Zlu4ClAhQ0aN59kP3AKflU5ESK1yqPxO5GOdQ8NtwMX0uhEOLYiG5dOx/8YBh9ZJhvjm39tspgRp8vGPDLFx/Q==','CHk0m/ivDcb0QpSXBFSkcZpg/6V qhbyX5EESLgnXksQCiSwNpCN c0aedZdzz6T6uTyW9h2hKAtMBzyC YSEe9R43WGtaT269xv5enqGvdfC8xivACFiNrzwdWaGWI5BjvGGXrELQHX4y4 sxFDmWqneji57Ha/G49L2l7jTdSYIQbIGZ0iLVIW323N/5xDcNsvy7Uoc63l2d9AuIMNhJVLI9WpoFvJiyjkc3HXmrnd6fe96TwE9SGSNE8hSMhGTVwmqy353SlUSi81SR5VM  QLZrhL8AdrnAO/F/RDIBsM2Cj9EiqUiyl9h3s17cM4fUbttW2fTpVSLSYkNeWOg==','','G03'),(47,'A',NULL,'PUE','00001000000508148253',NULL,21551.72,0.00,25000.00,'ingreso','03','CONTADO','TUXTLA GUTIERREZ, CHIAPAS. MEXICO',1,'PESOS','PERSONA FISICA CON ACTIVIDAD EMPRESARIAL Y PROFESIONAL',223,84,'2022-03-22','09:43:37','IVA',16,3448.28,1,NULL,'admin','','B24874B7-A5AF-47B2-BAF2-8240CB39DBD9','00001000000504204441','2022-03-22T10:43:37','GuPV G8VP93GY1ZSCFB3hEfa6NkqcaFyY8EswgmZCBeCsjJHSv6jG8 xyWqc421nwfhvSzBIkNmj4oZu sDM5IkpuuEXo58YWeRMg1xdnYNFYVLyzNhu3/jKKec3QbWDbWWgY4YL6VSrvYPHJ0hPfeBzqt7oXzkm3xtV9oL6BBlk1 OQZOi GUHmfsSiRqSHybbEs202Ek//Bs11fZkmPGYyz3338GUM/Df1uDjhRmUSYaX96GLKwNnWom99EOq QALRteGYt p9j1GNHaEhqYDnkQAYhkjBCaC0r9k/JWh3fWWoisYn7OUXqo9EGHq8GP49wYvnrPIxAjiUw//47w==','ku8 nBeQ8siDMQREQSrQ2rHz7d1Ra80lTxEBLxfD8LJ9kKj/YT7ks/r869RiM9qbfnaXDf5b6SgfM/Omom rHMmJFNA/9TmlFvNDxV9AzDagwlTh xJONLPXM/RuTsBnNZWqE3iuJ/lNG1w7Gyl6LjpNZrlMFLlQKATPgzMteQR8kU9M5nptmYdYhPHCggbCM8dmcCTuaISyOSUE3J4b/XUG3QU2gBlS/ccbGgFUlaUXo0JFGa4cgUUnBPgo5urkM 9dDdzKE3ar4d1b7WeFGtJon 62W7B6eIyYcm2imIdm1W5 MUFwfumbO/vb IE3dLSVq37Bpmvl5inDaLk5MQ==','','G03'),(48,'A',NULL,'PUE','00001000000508148253',NULL,21551.72,0.00,25000.00,'ingreso','03','CONTADO','TUXTLA GUTIERREZ, CHIAPAS. MEXICO',1,'PESOS','PERSONA FISICA CON ACTIVIDAD EMPRESARIAL Y PROFESIONAL',223,85,'2022-03-22','09:50:17','IVA',16,3448.28,99,'2022-03-22','admin','','FB227E01-FF13-4699-918C-F8E5E22AE57C','00001000000504204441','2022-03-22T10:50:17','fUWKZE7zUNKt6yPPZHaUZfj6xayHauV5eum8esuWzWigC 8Wc0rs3v9ex2aQ0WYDaIRnvwYQ rPAyrsJF9hniNkWbIDA6V C4Zc0BpkeyeFyOMOJ525ertoduvcLl2n04ZGtrSw8RWJ/ JexJagStzgFMMwp3FDa9kzeZXiZjtZ v5ZfKyywROi445axqt2GmnL3lWvux/nCCtwN4EtUU SnG5ABMsN452n8pfz1B27/SRrOJHlJTvwM0ucEwDLovDMGoFIiRiY4x6dFCD5MHWWMA61tV9gwBhbu7pguiBj3CAgCwucw2YJlOkaGcTRArR4z5h7 fXTuOyz/T9pjpA==','Xdwk8xLwACqzx8SEgoO9Yke8HF7ZDCzdXv/a/FJp3bJoELDX34O8KmlkDkWNuleMcv7oXT5Tu91RQlxNNtfcRUZaEyI9zCpPi3zrQqVM2lpJOhP cPdgR/GGlPieMTg9iRFVpHqDEVebRCdWRNLTS/VsQg3VwJ562DGI0ONHbWEKZEAp9fACj J/M wE4SaOYBC0WckW1W8dvpb0fOVKCxKXPTCocjTUl7M/KZ 3m cFBKAkOUwe8v0hWyK7TH4iXNzDgH3Q LQZMlJO5PEpHq7auwxVrPSxo6IizEkDVfXSrhp/9JAqqH/L40pWoPTwQP3Uu7AYUV 4CHPveJvAOQ==','','P01'),(49,'A',NULL,'PUE','00001000000508148253',NULL,1724.14,0.00,2000.00,'ingreso','03','CONTADO','TUXTLA GUTIERREZ, CHIAPAS. MEXICO',1,'PESOS','PERSONA FISICA CON ACTIVIDAD EMPRESARIAL Y PROFESIONAL',104,86,'2022-03-28','21:17:29','IVA',16,275.86,1,NULL,'admin','','481B55A7-A5D2-400A-BF79-7BA8FB616F92','00001000000504204441','2022-03-28T22:17:28','lVkyOSxihpNElGYSiVFz3AAhgfiPVGPfvhObsVpM/XJzzPlcxJ7TAKxET/IjC/VgZGCNjswbhKOpsuo7Qv7wuyJ2JM3VcnqRj9XPochjrZRxJCVLaKOPDb8BdPiXNtW5v6BIlssNuQJlWfuDY /M9fPHFpl2k/eE3BhRENLiuhBfHAbAqYOWkNJfeJn4OBQpJ6SW4iv79ikEquo8bYSYPJovm HAUvklE7UkFthIx5QwBFPGcYFaOQ/4Xk9gyyez493Alsq2GzYaR/nmj0f7NpGltV9E7UmI6dtQwP64Tjx09TtoMYp6WNjueReG9i3B1SkHu2ADSHHsVheNHS9ouw==','PSEeyaxFmGfXOzv4xbX8GGGU9xxK42Tjf1nVem1ZIwZnAoQYmsNcbvuheGaZ2GL0fp8vPRzN9StdQRbJvqPFhDUUL4dUyIsOlywGVn8H/YCwJr2Q8KzVh t5XhP1SLrJyKcI1PVUkpRHwv9HmDXQtdWtcvZgQ1tnZyzcQ7GOhWJW1Tp1qCBrsulc1xb/vxUECqL6dDuO55eaBAWvJO6avTKlh7tXs9xC8R6dmoaRBB4Ev sJYO tCjFweK0zgQHtO7VQVCUZcoR4db7lHRuEVco5Kw  nC499Nlp5e9D/u6BGLhSLTm5XVAmfR2auNCxvk1Ns6oMbJd0GGlsCJsBBQ==','','G03'),(50,'A',NULL,'PUE','00001000000508148253',NULL,1724.14,0.00,2000.00,'ingreso','03','CONTADO','TUXTLA GUTIERREZ, CHIAPAS. MEXICO',1,'PESOS','PERSONA FISICA CON ACTIVIDAD EMPRESARIAL Y PROFESIONAL',104,87,'2022-03-28','21:19:18','IVA',16,275.86,1,NULL,'admin','','3259E486-6965-428A-A9B6-26EFEF3651A8','00001000000504204441','2022-03-28T22:19:17','h2X4ye9bQJEBBRXttummnYrxVUyrAVlvpn0hd4ThmSVUPR/kD6fu2qcUQK3UfrDd3T9KEkIQxpQsR2JBXL5tbi8A/ uGarooYEKbDol75yv0ogKCNrwv5MinAmAAGg3zFOSnWQqpZKCLVKIqSc56HtUixsqBF8DZKS9Ok/5hpKYM1Yo8g6UHJxh9T3lBBsa9LN9K4L0 3ZP6eFRkcqMspmzIEzO/zuJZUcrj8WyE3HYyacMg44ogubAEdL4VAxxNbU1C9DXoFdWY9VxmU3X/EdmbqekKs73z50Qjn6i9 u5u3qCP4u0A4KhLJSun3OkUVL iMvMzi2Twy/W3C/hEtg==','TDUPf2AqnT7JIfT6FNFgWtiRZIkEj5vvMaPDFy/6sarKCvNEAbBnuB8JwNNHYuIWABRptLDgFqbwNXh4T1ENaIs2iD7tFBMctjAKXKXK7 JfSQP6AWH81Kb5w0GFTjpkbBRaHkDL96qeAPCIsLri LfdKBYEoFyoLOdm Dnd/uwcirpVNN8qt0veviiK9fERLDRaqujUMhcXiJsP0GACNPWLhqlGpAHL4qAk5xfZbzhzndZjKwNHLa B2XBmwFONcgWf3KUvxV6V9ZrhrTQYMjhCjs5f5JjuxcJ4myNOPy5MviwNhK5kUU3OaOIlyDOijkvWnyc84RGEWmwV2BHgxQ==','','G03'),(51,'A',NULL,'PPD','00001000000508148253',NULL,4500.00,0.00,5220.00,'ingreso','99','CREDITO','TUXTLA GUTIERREZ, CHIAPAS. MEXICO',1,'PESOS','PERSONA FISICA CON ACTIVIDAD EMPRESARIAL Y PROFESIONAL',221,88,'2022-03-28','21:33:27','IVA',16,720.00,1,NULL,'admin','','256C4847-ADEF-49A5-86EA-48A724F4B473','00001000000504204441','2022-03-28T22:33:26','e 6CAwrajfAZQJ 8XEQ66/2wWVyRliCTCOie/qiNtbiNBpNnE9CNfGSPAJvR SkXWQQIgDVYaA1i7R  iMDjN5BB7qoirqjEEoTlNyvqMQPs6l8ICuSGQXsUCLEsSPxJ3gGw1xisgInwrFPGVki3Qe7WMAsHUBTi WyXVcySlNcCRvSzk0BrnXpDOqVMiHAqb22auezphbPZ9ozBIVlL33tGGRNWr2hWSsHpRqn0gXVy0/bUz2l lvLya5taJi8DCy E2GfX1R0gD001LHL5Mmos Nzx0g c8ruefo0TNF5ypX1L1rqe5qZO/J6xYsZ7n7VybJx8OXPkDS6RZAbrZQ==','hhEfn06yWw3N MAJwBWnpNPS0fidqwMRwpYxpk 4xtvn MIPTNhJl ckLYrlINDBe7WecU7QqLTDR9g5Pt1YU9eXq5sgezPtsKtxSeeKV8D3aODzFQE1 kPPYqpeVfObnL3uncg/VQhP0wFrMnPpWX1z3Y/n/4qfZbxmq7FGTUXyjq ldyrs3xDfU504/UhrFf3XfQbVCHvhn071Rfy9rbFZ6uRVRFtrFkTnsHliHvRlXGLHEIqd7UkJr/sHMT8aRvvf/COiJoRvrXQBQJvY/fpzHIiyaiLfqBVuJYbOXW7YGxQTP9j3AxdvA4hY 15qqWY77P6P87qegQMoZMKAcw==','','G03'),(52,'A',NULL,'PUE','00001000000508148253',NULL,10344.83,0.00,12000.00,'ingreso','03','CONTADO','TUXTLA GUTIERREZ, CHIAPAS. MEXICO',1,'PESOS','PERSONA FISICA CON ACTIVIDAD EMPRESARIAL Y PROFESIONAL',102,90,'2022-04-01','09:46:48','IVA',16,1655.17,1,NULL,'admin','','C98B8167-72BD-43A7-8F1A-079A0FDBD7B4','00001000000504204441','2022-04-01T10:46:48','m5waI7YuqMXpAN88PncFywxppioFpgQBRmxHc/I4RluA1bcDLiUOqtG9lc2NQ9Qm3mU3Scz MhLF4PPnpwg6cMtfoq5P32/aQQpfv5cZJ3vkn0HiDwwEZORDfbpXt9NgrJEK3lxHo8PbhV1uxAvLGBEZ9NLALpKNzyCP7HKm9lZhF5dnDnwC3QQsLvotIq85xyENt70jOz9GahBspZrHo1bVlSfpx5XY a5aFfIxdOGBOECfx09ZSc3DwgMpi/nrpWQ6uANuG fupw25wpaJVGpX05 SMa6YNvJK5ehpH0vgmZ95Wc8VevJGuIzKvCS Q5222d0U hXtZwY/kLnNLw==','dxDXxZBKXLcPRCMeGkqWhJgLFIzpl56wLd7PbdisGHjfq//8fHPagAZWhaVlwY P3vkrpZlr S9X 0uwDuCf59Xe8LqU6lXC5ANjSCf2HXwiz3oUizlqqUCEVhyLYx2zU1XJY4zmeEPmUzNTvelE5wt2Hx7kJ2owQ4GPNzRZ3Y4wKVMriCRsuMOC8a5IvJKALCDXFShOlW142NGxr3gZ8gTF yT9bmqABAW6tUx5k7wAKn0Zv/8 LbrfanEfFmersaVC0axL8MkhjNd5U089zRJOv0QgXT2jCEINFFV5zYonAr1wgcXnYgWj5uMy1/ rFbQIrZEJWhj5oEsNIFzh4g==','','G03'),(53,'A',NULL,'PUE','00001000000508148253',NULL,1293.10,0.00,1500.00,'ingreso','03','CONTADO','TUXTLA GUTIERREZ, CHIAPAS. MEXICO',1,'PESOS','PERSONA FISICA CON ACTIVIDAD EMPRESARIAL Y PROFESIONAL',103,91,'2022-04-01','12:08:32','IVA',16,206.90,1,NULL,'admin','','DB4C4714-144E-4C56-AD66-86F288DCE6C2','00001000000504204441','2022-04-01T13:08:32','pRY1MVmjvb EJV8wlex UNpeW/L5 qRyu6lXGhYFOdkFhLP/usx1Ge5T9u3gbYMRo/pbkxmHuCJkd9dAtdImRpulKyx5sLu00iLIrhjlk2eoEBLRwsChPdTam8kGfsVauE9whUFE F4bF9/rObvZfrFCIbHkxva/f8ppRPr32MsX0I6RABpaPiF2Rg9eQMXheHNE1jdjZDyOiR02TWvW4mOWD4znWOy3cEQQgWCcPJ8PxNI1t0NBL9Wmy1HbfTVoBFwZb1Vhv zYDbwqsIG1VAbRGy1frsTdVBp2d8kpj79M21DYuiIO3QlXYnWvclnVGGMUmuDjdvvacal4ZsmKsg==','fdx1sA2SZsmEXALZVSXXFT7fZXW12Q31EW2CvUprRi80siV3uA1Gjs5BQuYs2R5sW4RAD6F94DLjloQ8qS18e/pOiVrW/yj8UgY5iY/pFtkSC3SwqZvQvLs1sWyyyi4 1XEknjv4uDSlTQ6bqKIEXfVcpdBz256kRsINjes0cHUWrEeq4JV/0PyVSqq1 S6I13a6tLFO8yFPlg hQCuZDZlCQvuR055AjfYA3lM81Qf0Q6qsqWNyR3rOK3t99E3yJxGix79QzuAswjyOSCrDu5vLpDz0Nck9qm3MJf1lkARNUEqCKKZXlcXMUU3gSa/ooCqUobkme4S3ani1y0R44Q==','','G03'),(54,'A',NULL,'PUE','00001000000508148253',NULL,1293.10,0.00,1500.00,'ingreso','03','CONTADO','TUXTLA GUTIERREZ, CHIAPAS. MEXICO',1,'PESOS','PERSONA FISICA CON ACTIVIDAD EMPRESARIAL Y PROFESIONAL',103,92,'2022-04-01','12:10:51','IVA',16,206.90,1,NULL,'admin','','B9D4C264-05A8-41A0-8627-BD575943C184','00001000000504204441','2022-04-01T13:10:51','Bywd1DhJzat 36N8IWo6oRtAWBMqi4cfPWhBE0RHkEpFDVmuv0VMTKPnOlAj3c9ft/zaOdviTt9TnfdsTZIsRz8XXLGqc1bhFcW2y/swji7QThr0Fo4wyRXie4IGCkdrUTfs0YwZ79fB0mDo1ww4YWU1iK6/Ap6MngUziRl9YTIFbXz8GtY6 /RxzAQUfCLYwJxh1ULd6i1aZWUtIkeFw0kh4ro/KlWkyHLoaumJWzBrZ4PrlBH35JlNoBZuk2n44g2ag2kxS43OTGp0CjllOmXsDAL50ezljhFQtgpap8N9L7iEmP43Uq5PF50npTsm lRr4HOiUDC6XgsYcUvuCQ==','C3qx8LGeLnAUKTj0V0QJYHxIhLz2WfwMeeaeLZhB841Cack8dshw2Kz5KH4QJHmyh5MSLSKKfM/z7dbquxjxxRjZcajbUbQQyXZmTtjt02Ig/qEzdTExTOdLhllpztZQybX/pjVrnXFHcEmYdECyD2JdjJtn1TA2jJrDEZVgwYQ tdwA6KTjOyN99P 2DK2hRpg80iYl1 GLR3kF25guenP5TbWK7CDAHjLxWLkG/hl9bxQduls/FRKCixnexdgVYuyZfD/BUpkPCZ6kHFQbDWzkKzYRrU2nfLwBJU5tlDtDaAtJ84KacCXLEPCvXbqZaaEwy6u0U66U9ckQEd43Ig==','','G03'),(55,'A',NULL,'PUE','00001000000508148253',NULL,1293.10,0.00,1500.00,'ingreso','03','CONTADO','TUXTLA GUTIERREZ, CHIAPAS. MEXICO',1,'PESOS','PERSONA FISICA CON ACTIVIDAD EMPRESARIAL Y PROFESIONAL',103,93,'2022-04-01','12:11:27','IVA',16,206.90,1,NULL,'admin','','3F6F02F8-1BB6-4FF3-8B8F-4B8F2E4669AF','00001000000504204441','2022-04-01T13:11:27','C1a4 JDL78hwBSTmLg0XeN1QFeEFY8Py74ULmk/NRMCExCloRw3sOBIOPXVp1E/3PVWa5JySD4hd5ayUpFXwrONgB3zF9yl0hP5mDfmf  xBhbbv2MNUq8bIaTlEWD0tVICrasgDsF8Fnlt7oBMvR368PB9r0RcIU4MEYQVVmBkLJy5bdhwjUEH 5FnzvkW53Rqs izEin2ZpcBMOKrHxaePnqY63 MtimHfpEOAh1n/FbPwXFZ8EwYM4t0zdiP1Qv6lten7t0TtAOkexvyXnKRNX cSjIe597OG7/AIcdJPsZ5Ome06cisbhDivJ6M/JzRVBzLc04B0Q26KyNGdZw==','d7OXhZa7oa7 928CWMy1NfDJrWqWI83CMjPUOOHyyJ4KUcZm4MPM53xIxxtlhJHie5oI5JzlDqTPtPVCKlhqkuI7/Xdn89cDUQzmHuhl6p57kEOCPjycq/cyP1XaK6tGtKLGGTwz KgIVLPuREiyHcsT5I EDZPokBfCVAGe7TYtWppxcZDa0fvRtEhvZf2zOrKjdZ0mPYkPumw DJMWGuEZRijH94o/n7fBtxR/LW LQupKWWSu57mYjJm9lJaWEu4st3No73MtrQ70VoT0/DdZW70YKIQ oibiW81QvMKF5FDRu0PLsQNNcNNDUAlqUkqpiwvIJ4kv9WNBbl/1zw==','','G03'),(56,'A',NULL,'PUE','00001000000508148253',NULL,1293.10,0.00,1500.00,'ingreso','03','CONTADO','TUXTLA GUTIERREZ, CHIAPAS. MEXICO',1,'PESOS','PERSONA FISICA CON ACTIVIDAD EMPRESARIAL Y PROFESIONAL',202,94,'2022-04-01','12:13:04','IVA',16,206.90,1,NULL,'admin','','23EE10B0-7FBA-4AA8-AF28-96CC1E779556','00001000000504204441','2022-04-01T13:13:04','kY6SeyXXGrx0So6dWekckHhDpAE0fTP0cNH2gQGWza3iSHXfs/LTQtY4II9mzoxcc7yJPPelG/fhtfUAa7Ai0RaxPf0gFVfR91t9hOT2ezVayU9nDlB7bjUVXroKfgU9cEzAOjEjCoz/RLIWG0sCx9/De1v8SWJ9mrskRAIg50yzXGn8RFB7TMzWWJvOQOIx2UcUSAMJi2T2gJ1fzx SXNGm01RlLLV6LwwqQJV6d71X8XrKirxZ1kJvtw4lkxRYIyjDyFlufABziYNxtElDADV2GYG6kd0LShB2WnnBibwfvd456KVA6gvhf5p3Vx7XGdDECUeA3EBr0EB8027jqg==','cUuFM/UimwGojwPiA04ODo0rN6ryOKyJcaePCkK/4HwpjSVCoFZv3boP2nEKO4IegL2Yz6xkW8Fo19kvSRriHyceJz3Ffqn4X9CCDkifufNb/S1hBaScrpGCx3yef7eOulhFf26zVBvQcP1lXO50We/4kvXbsVUqDIo QI6yD4ZZkdQRyN8aPfCzBsA7gzWxT9NJc4ioGeYMMuxlIlTeDMvYBZe7EfVbzhqgMlUhmJweGTYiXAq4L6YZhWyZm6XX8NXEOyet9HOJvNl 3fmmSZvvIVSjVDmmKboMKpLTJzvihrb eksAjvLnAWuszqpHRf1k4TklQnTYo2FfK0iegQ==','','G03'),(57,'A',NULL,'PUE','00001000000508148253',NULL,1293.10,0.00,1500.00,'ingreso','03','CONTADO','TUXTLA GUTIERREZ, CHIAPAS. MEXICO',1,'PESOS','PERSONA FISICA CON ACTIVIDAD EMPRESARIAL Y PROFESIONAL',202,95,'2022-04-01','12:13:30','IVA',16,206.90,1,NULL,'admin','','CCC4064B-A9D7-4A43-A0C5-CC56D125ECDE','00001000000504204441','2022-04-01T13:13:29','cCNVVSNLa ZTtcun DLYND06k4cptuJY2DRCjBEgmwCIhmwHwvrX eQMuDgYxMsi5yJcnXTdUflyF8yIeIiN2x3WwvRxh4YuaZDQIRV4SKep3Dgt7xViLP9tsQ7ASSpVFEKFvM/tCq7u1KZS4GrMq0ZqfkxXSkpca9L272554RmZWw4TFM6tQYrQptFrR1vL9eUL8WLSUe4pVFGL 4X57QUjTPv/BLAY7KiT49Nd6C6xd23JMVcRYgik9C0k7K5nCt6UEdZb51WZbT0rfk9IcWlXI4COukDe86mbu/Y WjBBQWtCp7SEc0sXPeBuHFM3Rlyo3eA4TzKc2R4vPZW/IA==','CATArTjZp9o6mXo9vdjIatSt0H2E7ehoBAr4qjfggze4ImflZuqbGcy2o4xqxHIRe9G6xZS7rSvcZJ8JIr/YIuBss5UFitQA0jfbv4TNV 8aUXL2VdvRixkK2rccnYPmwW6sq7Wp3LWoJ36C8QTApkImKx5Qjws2dFI69zjpSEFAFK KB7 VVuJQl9sZj yqvjP1cpLOo0MWJd9qAn0Khlurwsk1OtFEz5ke8xIE1bjgT6CA9bEQpIU3roqFPSRdBPQQNQxcnLjVlB pRcbJFRElVv7b3K/zkRQyesZUGtyaud5cYFXl51s6fAhuNNuEqvgHtEwvlOB1E4ZuD7XlLQ==','','G03'),(58,'A',NULL,'PUE','00001000000508148253',NULL,1293.10,0.00,1500.00,'ingreso','03','CONTADO','TUXTLA GUTIERREZ, CHIAPAS. MEXICO',1,'PESOS','PERSONA FISICA CON ACTIVIDAD EMPRESARIAL Y PROFESIONAL',201,96,'2022-04-01','12:17:32','IVA',16,206.90,1,NULL,'admin','','DCBD63A2-888C-434C-8FD6-A741B6FE2EB5','00001000000504204441','2022-04-01T13:17:32','S0qLQK2/78DqM8zEKY3i7Fo8rK3wMozJzi63tZ6Vmrgjr86vy G1qJx4SgR6sP0ybVkzA6uTTRF4HQLA6l/zmNsq5SmPKr3wnvievGMOXzAzADnC5M8m12ZJmCHdn8jgAXWcR2/82zEZlTHsmei20P7HqACKgAgESprGpTzjmGRcpkQXJlLGH ys na0bDedTQuuTR33f33zgh62ZExkh21RBTTInvQHcWfpOcoL3YF4UAZLXKNjm3PZ16YNyjiBfPfmXPjgzVBb/jGrMxigi6W5C8Ml9bMV3HwpTqBVnlvgda4lDh4fBRdF/rayPLF0pZ87hWdFd3EzbOQnv5MHKA==','RYuK4q9xhZYEXZwS2KPiQNyzY3J i50NZ JMrmqYqPZbEKMhkD3AmcTLxjdgMteVFRAyvIWCjfrpCrAUyEi18LNEb taJAcNWs1tncL62AKWjSlAgFMnbKcNqYZRyFMDB7GCcu62K Jd/TAlHLiHa0oNszoMmrEBCK5v80doquJAK4dAE4beWm2eDONc9sTRZcb66YxPpPySnRmYcUHRXdUpJNippDhOE5h3Gicit8pM4AzIxGYRlaayjRyAA6/wjSzafjSq1sbTpfDGwNdlPOvvl6Yd h9YhP2vOndoq9LYxSeJCphWvTKCo12YmCmBDDKAR E/KevwBXyMhO2arQ==','','G03'),(59,'A',NULL,'PUE','00001000000508148253',NULL,1293.10,0.00,1500.00,'ingreso','03','CONTADO','TUXTLA GUTIERREZ, CHIAPAS. MEXICO',1,'PESOS','PERSONA FISICA CON ACTIVIDAD EMPRESARIAL Y PROFESIONAL',201,97,'2022-04-01','12:17:58','IVA',16,206.90,1,NULL,'admin','','5C761FCD-798A-4BA2-8059-497C26FE9CC2','00001000000504204441','2022-04-01T13:17:58','mkyBw9WHPoUhvtcgBVsS5d UolB9P07CgtyLqRigW xYy6L22OK7umhAu7wbC5UOSiGQjYuEkY2FZp1Ot9uVvobvwn5Ux4hsqyuEM8dToyJxTKS6//unrgRraFcmmkeXc7arMOvKxGXtgGtbUaJV9O9RZ nJzgbO8N14MoEPEgv1kxpB/1FtDUFyIVT3spafhtIQngnckpph6eShSITR4sFWTScb3Mwg3NlCOVYwTP2CmmuBEz7mWk0oOaBYko4Fk9obic5ga/3 8t5G3427kDbUHY7Efe5rDVw ZPl5BxmNi2OTH g2sEQ8ciaPwdYxXg5H4a5irPlRjjNizU8OLA==','VO4S nJed3gseByQ 8k0/KuDni5fiaq hfCPL8OyDRTD8mcWg/K4D2LGwEIygXhuDh1PGyV6c22jt0xb0No0wqxfMNcgzvmgPKqe1lGLmb6LBszkqAc7mtcsAkIhhvTeoSYoVl5aMi1v0nEGOzVnrP3TMYS3v5PQ3C9xC4ltFzY9msBMQPk6o C13Z7JNKBahUSgRq nI3NrQFvn3AyKuG3wX7c3wIfqDoXo1tF89OOxoKRdAn/P/tsI1jb/vf3d/R3e7k0HeDrvmntVJGpldGjMZGPLI81TPlYbgy6uyLgFfYdGugQPf/SqFt5tnZu2kfBuIed9Vp4xUl g1FHU g==','','G03'),(60,'A',NULL,'PUE','00001000000508148253',NULL,1293.10,0.00,1500.00,'ingreso','03','CONTADO','TUXTLA GUTIERREZ, CHIAPAS. MEXICO',1,'PESOS','PERSONA FISICA CON ACTIVIDAD EMPRESARIAL Y PROFESIONAL',201,98,'2022-04-01','12:18:24','IVA',16,206.90,1,NULL,'admin','','1B22795F-7270-4DF1-A2D3-284178D9E930','00001000000504204441','2022-04-01T13:18:24','qdAD7XvxZoKBFRLsGkt9a5l5Y1XJh2Xb4YRTc2StQMTDVHrm72zICfX66eeSRbbcykYFsfki718iH0E2WBFI8SgG9aiEvN0fWuzSQsYF4tuCXd9DOTs4wFe5ak92cRD1vj9QpmM09pyaL7XRpdkQVQ/azRt5t LTUyAD2Sgs3JEM2Vv0x/GPlGmf3d5vKjpZYdAprwL4Nmd4sgVm5rUp1Wo4 4aH4x5fC7LRyduRoqni5fnL7mRTT4u6bgL98ms5XtXzWyqGhx ca1oCIRYi4cB653Sxk154ZeOQYddojCs0Z4CaQWY4f4ZyZhiog4TZ1vKulYdL5gJY9vbE3Zf8JA==','hvVwdPVUTiq9nfATGDpp9/pSv1aGToqU44Pd9iNn9igPMeH5XclyiD0S GOa2MSM0BCos3bCnCcLkPnYje7tmnPgKgYMqk5RhBx81eBL1ptTxn9rA37zvbhZ5ZNFLbyVFmfT4jzpb0idgJDTvIwrG5jCUn0 L6cVe1gNg1/1PcFji9sS L0c6XLcUu2nYbOUUchKePx2Lna2scj/G9EKw mmfyWXjBCKw1Kgc fAX5Qr/l33tycf2WjDDrP4yhoXJo6a8PQg5HdfpjE0OtrUHsNK3DfI5PBc13RYxREEPRP9f8t3Oj0q69qnlDaAtcZlnr1WGhs2L8A5GTmHKgp0xw==','','G03'),(61,'A',NULL,'PUE','00001000000508148253',NULL,1293.10,0.00,1500.00,'ingreso','03','CONTADO','TUXTLA GUTIERREZ, CHIAPAS. MEXICO',1,'PESOS','PERSONA FISICA CON ACTIVIDAD EMPRESARIAL Y PROFESIONAL',201,99,'2022-04-01','12:18:56','IVA',16,206.90,1,NULL,'admin','','92A8C54C-2C01-4BC1-BB42-ED56DB0305FB','00001000000504204441','2022-04-01T13:18:56','dIy7fO/CsZgXRkUzgv2oR3wA8kCGikA816BtC4Ufsy J6GnMfFOUAkbRYiNOUNPSSeJHatzIdMSdkw3DcUiAASQPfLq9RXmouLB/p4XbPuTMT yJHEsCqbWKwVTDPvxMgzfqnIZNS MiZ3L/bDfVUTnyXl5WnaqtodyfNcC2LrXdyKMM0pop96zog RKan3yhxSwN0RsAzSDm 1/oolqRl6plmsJ6lyYX58VmNJtAfz3Cw0wRXjpX8jW4E07EhLhUPutKJgl eEwRBy25Iq6cttF5p rVzCLsaf62BmeBRmHX8kRw a15Wj3tM17gqzxooYNuocrPbArCE7htxaNAw==','GponiHKTq9GURrDZ182Tu8cwTWwY9V6Qmmnz3JVn05gLGJve5r762kcjRW3VvvuX2OZ4T13gjH90XDE sYSCMDNy0831A3QRFIvIL9e6vPr7ZGmEzC/V46WpxccvyoKefvRuZmXH NBiVoPtH5Gi8od2ABfjP/TQYFRUgdfLvjDTo379RnEVyeaIyLZy/D1e6N3RP2oj1S4kh1pXNmQHIanXiwFI k2VruBvoPGxwslPEx8Y0Xoy75SGP6JmEsOapzpJOagreeTiugqVO4PmluqM Y3/M/cB8zONzVyfzttlpPfnIfO4t7Vd8Wb2M56ZFEujLXF60T quloapRzwjw==','','G03'),(62,'A',NULL,'PUE','00001000000508148253',NULL,1293.10,0.00,1500.00,'ingreso','03','CONTADO','TUXTLA GUTIERREZ, CHIAPAS. MEXICO',1,'PESOS','PERSONA FISICA CON ACTIVIDAD EMPRESARIAL Y PROFESIONAL',102,100,'2022-04-01','12:19:50','IVA',16,206.90,1,NULL,'admin','','CCF0658F-F289-43BC-9B87-9BBA905FF163','00001000000504204441','2022-04-01T13:19:50','nHfATd6O06dh/lnriHeBSoRaqYWsvMJvjWGAfsT1QyDvdzrmV0nLm3coBaom8psv4lZanZ8tjkplinIoYCFVSFlHzoFPNWBpj8gEB1Vki1NbBjNdFieuWyQaaTjjYYywcHA9q0fVupHEE4ba4V4kZZLuZoMXc9sMQFm0FlIGFWeyyU1MSzEYnFBAegWiwy8 DuN1FslGezRSNKhF0pRoWCJx9n3DPLeERGSq8EHHjP0b4BtYM fdcr8mSv2WolDuH2Sdt/oIiA8PTESgBwc32Ax7UWr9/Ng0YIutGIyzHD53pRnKOGBP8T35vNtModlOcuk901I8fVr/BnOaurjoAw==','gP7RJtuNRUrq1vRBEQP8IrYlP8K3MrdlZim 5uRC2xNPxmkSBKnm BRsJirHFMxhUpM2I5IwBMuVUQmBkIqZoRZjG/d4oZfUoxO13P1Ul/z1oEgx5nqsths/20h47T/BxazFZzNuXbFPbynNFKZoX AMrN 9qzLZ1JPUDPCHjjSwvYFFEUBh60dKbwus2sOP6a7Vdp9oALLBsB88vaPZT6DkDU7ENEh2TEh0w63rSG66DD2ntYtg9Zy72pcRfy8qjJ5MfQCi49bNhQ2AVrSBuToolF2lMyE9FWNnE u6Mv8NwglmLLBxpawW5o39IsWsBzr3X1mQkLuls0FvJekvEw==','','G03'),(63,'A',NULL,'PUE','00001000000508148253',NULL,1724.14,0.00,2000.00,'ingreso','03','CONTADO','TUXTLA GUTIERREZ, CHIAPAS. MEXICO',1,'PESOS','PERSONA FISICA CON ACTIVIDAD EMPRESARIAL Y PROFESIONAL',104,101,'2022-04-08','09:29:04','IVA',16,275.86,1,NULL,'admin','','E91FE62D-C3B7-428C-A48D-4FD84DF60256','00001000000504204441','2022-04-08T11:29:04','XS5H7Ya3n9zh972bI5PJ9lX3rXs/ibt qvXXIVcZAJj/EmsvSNAtRe6Q7CInt5GLNEOTlUsF we4Obl6rbOtFnqG7ve1i0r/uJorNTtZ3NVjLt/RJ7i3ZaE3X2aZBe8fm3 teGp9qggvHLj7lpyn04iLQ8yIkZu6Mh1yDmUlXsUY/FnsPMXzTT8buCxljY3GGnE3HGJMuteN4B6oPDwGsu88HnHNsulmPFrqsdMtg83K/T6FmcH1YViL vT8NyEVP5BuTaQ39ugfTZ7MWGBv/RBtDxE6Pbto4NUcEDzmajhYJOIdrslrqCj6GNN1Z9GnEjZTFYW/fPRoe gz9Y76Tw==','KRY0HfpgNlYKOkvLJaqZNj2h8EHWMRMzQP05xUCKtVlALjQs0M87rPyDg3vBgZSiy1aa99PfIepNjZbGERg7mVhJUgvupY3MATwm2nqEZRnkiZBm8sna1/FFG/8pY9bO5AwdU38EEistcA1jT6WAyiWxUIoCSHAzHz7IsfpcI5oz2NZwyvf6a9TatoObLGvyQ7aYzQPYdcTPKH6psHL6rXhNc6kLgHz9jzNlMWxrvhcUgvT6rEyCc09uGP53yi I6o4NH/L/gPvOvef9K9Dr 3 9s4cO/O2P9hd83sD1HDBQr9Fo3rNU9qwKtxIQ3ukpLm19cqQTagtdoV3XqTm27A==','','G03'),(64,'A',NULL,'PUE','00001000000508148253',NULL,1724.14,0.00,2000.00,'ingreso','03','CONTADO','TUXTLA GUTIERREZ, CHIAPAS. MEXICO',1,'PESOS','PERSONA FISICA CON ACTIVIDAD EMPRESARIAL Y PROFESIONAL',104,102,'2022-04-08','09:29:30','IVA',16,275.86,1,NULL,'admin','','942EC83F-F3EC-40A9-8B06-15A62DAB3747','00001000000504204441','2022-04-08T11:29:30','VaAVkC1lPJ5jajn5Qu6WuFgYSB2ELADhQqs2z7KL4Vcw2rj4n5KjIRJDKaYaDXW0C vLZEPblQf1BWvXemO1O1Sq1r5ujzg8WlJMSfDV2NPR0YfYX3hY3bB1GPCKflJhl1ulXUOftxvh16nXQb2CFZg2f9nR4zHB8k5oMWegL7xnEVBcAGt49m3ofTi1U2tunA3CLEBEdAlSA5Ax4BY4cPopAQc4Jdpo0HOJEtIlbt1LGjeOiHIM0Tq7EiSXCkBOl6p4aClGxSg2Ai8gy22gJJD1zuLLgk3QRaLvThDEEWH6yc2biMJ3z0WlWY4OGPSEc3dc8tRW9ztMVBWXLK33CA==','aOEEFxKhRRHPMOca a9yyO42C9l0hCS3F 50JNiXrfT51XadruUQOuxhR8fTXF9cS YJxxxcry 6lei5sHtQE1bAhyHByKxag0iyp fDO9hmVh 6wW0iW4kMCnC46iLBZnRqQKG/s7mUngzmTPoX4jwFvy/BtYnckEflvcH9kwgztNN0PtVnKkTiJKEARWOLbItRS6GqXFzFPCAppyD555oSgZIsgLQ2ck6nBNC/FOatE89ow5Tg1tkssK39BzO9QF52XPggdPHE6xXC7dgw4nLefGpUQtFB08nUYrpq0IDrcMRtJiioyIpsulEEVWa2If41LE0w YSS1Pq6v2Laxg==','','G03'),(65,'A',NULL,'PUE','00001000000508148253',NULL,33130.17,0.00,38431.00,'ingreso','03','CONTADO','TUXTLA GUTIERREZ, CHIAPAS. MEXICO',1,'PESOS','PERSONA FISICA CON ACTIVIDAD EMPRESARIAL Y PROFESIONAL',224,103,'2022-04-08','16:08:04','IVA',16,5300.83,99,'2022-04-08','admin','','D9C15EBC-AFFE-4BE4-8320-D482D59264E3','00001000000504204441','2022-04-08T18:08:04','fMKM6irzjz5ezwyntPVSiQyh70x2CvDriCoad1dU4jl4ua/Je8H9ULBfNdK9FGXEDd/pvoPqcuXtXE4o7TZGxt6VSqS8GW8WjRN24BHDtfZw mU42f9niLJADmzsSDSLj5fc5lvNm89XA9O9phRq/V75zBFIx1cI8qyVW4RRAdzoRRtDk3wdzht65dywsJYHqB6msAfonknQv5G tOnPHvIJSXw8K65zXFBu1BHszFpGyrBTbBhoz3MAShs986sQnPB5GkFpF/d1usam6l8CpCE 82JRVJntx2DCRYJUCxM kqJdxzR k01QRMyznE059CglibkTdpI68xAT4SPTIg==','XQ4evYTpZ9nj96ukZrf8a2uIIO mxR4goLoDPj9iEQl0xfA82gJHjRGsQGS9N6LsVpTO6 51DWa7Ljhiu9TLrgyjGqe7fXZ06pIMGjGVvCyA5YLKyHHGuu2rM8Qstw JlDAAvr/9z0DfdQo uNvvd2ffvsf/k7I3exEwcLRbNNJgoQS5U72QIO5l6bltMqJL ak4BgmqJ3ktAdCusBMHa3wsPZqKLUhB7t2hddsbiTpQ6dSQWRHFdFe4MX0UKR SmrJHw XekVambVK28GvRKrJ5YZ819Sa9q0crZWMFbi2cDwRGA1oPpG2psKpF6HcCNP0h9QX0UmW027ZrrTV9Kg==','','G03'),(66,'A',NULL,'PUE','00001000000508148253',NULL,33130.17,0.00,38431.00,'ingreso','03','CONTADO','TUXTLA GUTIERREZ, CHIAPAS. MEXICO',1,'PESOS','PERSONA FISICA CON ACTIVIDAD EMPRESARIAL Y PROFESIONAL',224,104,'2022-04-08','16:14:39','IVA',16,5300.83,1,NULL,'admin','','E1282FE8-DDFA-47CF-AAA3-B4793D8988B2','00001000000504204441','2022-04-08T18:14:39','CE65ntlcl5cdm2FeGjeWiII7T6p5I7zriCE4diCdORGEWEEA1nnxGCBgELEzxfOBztJPbOywjD9z8cGMVcr0fqr483qiK oHHfFcl0/MPUSDNTMPBGxV3YYh0HCVl8BBOX3z9d xR/ck8qZtcAiPsYdWPnU5oUk7E12bcodHyrbGI hWwLYf3G df5om cG4cDpe10myanVzCBwjwtPOZhG6ZhCV6ASaoTFcgsksAYVduGewf1Ut9cbbXybX8Km7DFuKfTg2TBTWgz2pYAJ1msedpn v QsVyw4VG6EeaaqdWgQD7vVob5nz5PUFFESx5ZZG/zvloRGAWQWCH84UNQ==','VMxW6yR3YCGYkZ1rXOdeo0IxNjGjP92V3RU/6YnbSGAbbxaqcWLmqQ5sNz5uLqNglmJeFarV3n0iJdwxR6FlH9gblP bCRuVxdy24kYpOSoQHn5IFIfQjRNH LcnRvu4s0aBCsO4T4a7Wgbgvi7T2Vx6 oPiJTIZmbo5lE/j646us2VHjaBlInlapMQ4 CfNKIQr6qhGOlEqJDT nttzlJ38x4sq6tS3Atzazu 4T2gp8HxbaafKXb6ruOVsZZnEhfySMSMhXLIb6 hW5ReAhr5Xq/ZDokBsJanB3SHyWCVluM y2PuMinSTfJIcctfMitgycWkzA5p3xfmqJPcoiw==','','G03'),(67,'A',NULL,'PPD','00001000000508148253',NULL,4500.00,0.00,5220.00,'ingreso','99','CREDITO','TUXTLA GUTIERREZ, CHIAPAS. MEXICO',1,'PESOS','PERSONA FISICA CON ACTIVIDAD EMPRESARIAL Y PROFESIONAL',221,105,'2022-04-29','16:30:44','IVA',16,720.00,1,NULL,'admin','','0A3C5C2B-4217-4896-9472-9E6D00DAEABA','00001000000504204441','2022-04-29T18:30:44','XX/jy5ihrqSr7AvkmxjHy1eUQ1mc8lok GwouYuQ7OSZVPenO9lzrYBuY3aM FtKEBkFF6IpnS2oWmwro60htEO/peZyPPtfZ4B0ms07j/1Lu0d zxMMtZWVVeW0PcUBxJdjg1qJ1d9400qATYRjKmVrhOD8VBpchHd3qXFyLR3omRx1n oEDfPNE1iDYr YihIqHhc8eQLV3A1HwjFSMVHQDfsaRiRjcXlL t1g7ZhdIwK8INwaaoaGQTtDOpRtO1l507QnEcVGB6mLGL4x/ISJ42/HyRlXU/uTojjx1hgoTSWvbAu5Knf9nIajCvksfhQ/3AkX4Bg9jLteOYgg6A==','HqODobuICO6G4HavgiyHzoXxB19a9ZXqg6ZWsI7DQrIo1qeV YvIzONCzE6IbLnkfbpH3oVKyF9gQfBpbssO/gsaUVynauvdjv5sCPrtsVB3gy78WPv3T0qYxeaHsLg2Je0kCamSpljDtns2UAMuKej9/ao7kyOxZker0H7zMf4mxVaOPY8aw/GkzYypJM9yzoo8N2fWSNCFVtBuvBwHhkKaU1bjAwE1uG 20vP3ptq GPrVrU5wHnd4WXOBu8IdQm0RWgo8isBq5L74bKks5FF12G78g/iMr502lC/uMsR7 6chRIBhwuWk R0/FSUWkAlvYjFOwk/l6naaeyyddg==','','G03'),(68,'A',NULL,'PPD','00001000000508148253',NULL,4500.00,0.00,5220.00,'ingreso','99','CREDITO','TUXTLA GUTIERREZ, CHIAPAS. MEXICO',1,'PESOS','PERSONA FISICA CON ACTIVIDAD EMPRESARIAL Y PROFESIONAL',221,106,'2022-04-30','10:51:13','IVA',16,720.00,1,NULL,'admin','','BADACA72-1E4D-42DD-87F6-1423B3AC73FD','00001000000504204441','2022-04-30T12:51:13','dpIM8yP6BvEERhyRxmK0eLdfnjiDH/PJGk3ypmOfxPuuUUGVxpF3AYamRSBfxBrzpfzzsbF5L2TzCWH9Y6YPHIwqbqdpmvl6N5ulWiox/TA wnYd3XB9ylSzS6K8T Ex7qGE/6UQplPErPmjGjkg4Sda6Syeu4LTfhmuGDCPUdhxMpLSqur5rUKSjwRD0OiKISIY AkbaE8DfmXSdMf7mwhj0uFzWrl5blw2eNWyMLFggaZsNrLVgpTnaWFlXyAL9cLtCvlXywV2m98 q9NZsG5v3Syhz3qjd6QGuixJhODUXWZVJ/WrxKk5SGqDltNbq64wfTn6U0mJ3lAeL5Hf0Q==','MLNT6tTG7GS5mlkZt6QhBQdSZkpu9WhGhqcm7sckpvbJg3Yw wzIxU8hfSDsku3jXTb64fz7UYaOaMwgiAIeqrRhOHgm0mfa6fi xgvHPC7Y/JrYfpuFvqV8Fh/5F3YAteD6PFgpKSTaszjNrKYRE/R/ND8JnOSPle5HmJcXROmsltWv6ceSGTYEcyKwChA3GqxHBvjzqBaFLykhQBAgU/qRjcs8bn46mfvyVB t/wUEIEht79C9mZDeUll/CJjVvJDbYjOwqHP/cOgirTw4A3nUyszb9Y3LVZTDzu09Kx96zShhq/La5lOtCDakZfVVSCTQbejSQhM278QrcEZCBA==','','G03'),(69,'A',NULL,'PPD','00001000000508148253',NULL,4500.00,0.00,5220.00,'ingreso','99','CREDITO','TUXTLA GUTIERREZ, CHIAPAS. MEXICO',1,'PESOS','PERSONA FISICA CON ACTIVIDAD EMPRESARIAL Y PROFESIONAL',221,112,'2022-06-29','15:16:15','IVA',16,720.00,1,NULL,'admin','','73CFE7E7-A62B-45A2-BFDF-0108E50E0694','00001000000504204441','2022-06-29T17:16:15','npB6NwG7oiTEQ8fTFQhLzPnYBe1JmmNZcKM4h5syVWkzlvr4tH/6VoA4GALLSbva69 GqFal3CpC lQHvmYbrWecE2whBBmbdL hYy4xTJcPTFBqBCHqmLjEsNLnXVkKAyIy08vpbB/LEVEZEnKsm2HIlp5kgSmlWudng87eWE 8A6M4Ry8r0 7yZQaQHDx j7lcB/nnj3owU03eCo8HMR460HL dbpBXME4CWcH 4mJFUTtKV444TS7RLtB3O1m7MvQpYCravBS/Pg1I7Vtu/gMfl2gRX55k4zOI3MXqLZ WZc0ZK7NRJx6oOw UPGCuyaDM6XojKlfAO1wvr3SZg==','FVfi73tGqI7URpgyUx0MW9nFLN9zqwAryxHgAWZFvEYw/3GihZvNSdeDmSYKM/ptQ3X8ZRNryrSREZJq9 aCphww3rK2d3KYuIwsZDoMS9hefEvv8cOpDKYKACDw9Ig9Q8MW nwdw8gQ/fO3 w9DBMwEFaDUqn7X9PD4eDzTCtY3T4jkGWlcO1W3AY9GHHQ68IQhDATgfEhhgeY d0pcRvaOM14cXF0ZI4BVL3VaYC/XF1FXMiYWv7Heg UqYoksYd7UfZVLmVtZD2PuGZcMxDD1KoK6qaLdhPfLpqp08iZYITczO0VLvMecMjoPfr 5dsP0eH8i14rOV4OBepDRNg==','','G03'),(70,'A',NULL,'PPD','00001000000508148253',NULL,4500.00,0.00,5220.00,'ingreso','99','CREDITO','TUXTLA GUTIERREZ, CHIAPAS. MEXICO',1,'PESOS','PERSONA FISICA CON ACTIVIDAD EMPRESARIAL Y PROFESIONAL',221,0,'2022-06-29','15:16:45','IVA',16,720.00,1,NULL,'admin','','9C5EB570-A97B-4CD0-A341-DCDD0D2660E4','00001000000504204441','2022-06-29T17:16:45','m02AJ6630xOF9NMrcWxvl6TRbfc3J2iIXZpuDEEQerXYcJdfNJC5vhIJPnL5poppsyWFARQZ5UVPlWzm43DnGQSe/d/0bAGd8xE9UcZj084YOAw1w07jl4 fRZoE2RTk 5Vz Lzx7uJsgrre1iClf/1q7X5mMELvmpgqB13zEhEYXGUgyCkgeULQ5xXODALTtnKYNYPaLbLk6cH8BfZMdH9K4fo ZrHEwDK21tmYkw6yOCqLKiamxxl0muwp8nC4F5vPtKqLZWV43ayVmCkE8y37dFaAU20S52X53wkPNGc9JokR1BdhO2QDqJbpyEq1SoXJbIgkiZb9oYqRju6a A==','BWqQibx3qTOk1oonaPr/sliBD/vABIk31bLol7huSabd14ADT7Ff1n3m3v7ogLXrINmAOEiTu3IwgalxpIc5NuY8YWATce/X4ik9i0fbY fIXCXz5Od7XwzeNmra/DftocdCD65UYavQcoDBYIsyBr rQRqWmdtA1MXcxPwGJ09LT0PuIXdKdQzrTUV8zlxI6tLaHW7xpUJppPpfEbZBrBAeAzDUUoXBTwLnIXyiTrNUDvmMC7PknBf7IbRi5 8oULdULR o8NWeXVG2kiLEKw 6MZVXs8kGd20oEn/sDkWIOW1qyij0f5 PYSiZPy5gcEQgYQ5Q8kTbtNicsCek/g==','','G03'),(71,'A',NULL,'PPD','00001000000508148253',NULL,4500.00,0.00,5220.00,'ingreso','99','CREDITO','TUXTLA GUTIERREZ, CHIAPAS. MEXICO',1,'PESOS','PERSONA FISICA CON ACTIVIDAD EMPRESARIAL Y PROFESIONAL',221,113,'2022-06-29','15:19:40','IVA',16,720.00,1,NULL,'admin','','0136DE00-AB4C-4E07-B741-C98960F5C530','00001000000504204441','2022-06-29T17:19:40','mWACW88hCJQWSeuuTTLVzM0 2TUoYbVOXh88vM7jflrOBJdC0rDOnVlZSBDf5DPDgWYBmCQ9TndgcmzJV9/Y/iklUpa0dR2iSOS00SXHBbL6BGkX5gKXFJJoM8RDmH5JlTj64R2NuS7 IxX7qkSxp9NKgXFtB0wp7LEQrlRFMbwDhq08tlsoluh4rTFYusCC2j35ryKwePXUrLXGmACWzmzEKpvU4Iposes2lWH9bp6GzVArBaGZgxp6BIXsRo811/iIy4XShYrdEw0VmBrUaed6g40Pph7Uwzw33ZC13Dl8GWErz6oCJOU56FgvRUo9NT2ge7FFLdIuruLei1ci8A==','O3mKWXPugVmty31A6cRAuJGZgvfeEPi63O HkjZxAv6MzldOD8BgJakNyWW XRNePvlneVD6oo4NoWpZaxOD25WD wxe/SdC7ZYGGKt6soId4vMxVRF0f5cZSIXo0IN4YFdgKnPiN6 atxsU1ZByR/wAAwAOkxU7v5siHr1ggn3rc9fj/f3v9iSWRDiByxF2GiwwuYdwWJtrBNqUBFLmo0df1lGXD3a9AB c3FjXCl9heRIUXw4Gxt9hZTD3IctP9brmmwvDTeSrYQ5FATG8QdOly7GQtIiyWoYc/m0F//2YPCOwgA8EYWC22v3ip65wfdiyIcteLilD4aQQcSNKhQ==','','G03'),(72,'A',NULL,'PUE','00001000000508148253',NULL,1293.10,0.00,1500.00,'ingreso','03','CONTADO','TUXTLA GUTIERREZ, CHIAPAS. MEXICO',1,'PESOS','PERSONA FISICA CON ACTIVIDAD EMPRESARIAL Y PROFESIONAL',103,114,'2022-07-02','08:22:25','IVA',16,206.90,1,NULL,'admin','','0B9E56D4-7E58-4C69-9975-B8A8BA08E9EA','00001000000504204441','2022-07-02T10:22:25','xt6/b1jBU4IutNn02Y8BzkR iOP1jZjotZUGamER tv1JYa/r6 VwG29XvHooDdF3gO7t14YIZTILBtv97jDNa2Dynj/qFTTpPsBrS0y5p0T35mvz/xoQAepwvgY1aQKJLYGo52 YkDZ2L84RodqXjcl3HWkMkV5lXWV4ix zJUbq1e44zjKSz4vokkTCpWEuyssY7xsWhEOQC5Z84C4httrRz21cB1e51CafoL2tKZP7RkyCwhso7 da965zzZXdawgNDYKfrDdQED3aOV/jbBWGrf8uUmUN6uzh4MJ4FppK7aldovxnBGN6TGyc53ALbk/Vtkp C/JhfwvKOH7Wg==','IC7USmDDetiaxRGEsrzBsz0Tr4cPMrtxGSZBj3iBDxmrZQ46u3BM921Hn7syR7VwCtMTmjdcz3A8vDfvFN1q59p5aifBw7mrdx2pNTsJzSW0UBbS7Uf q33bpO75Il7BIH0nqmXSp2/gKWZ2ImRTvh/GNPbDYwcKeinakEfN5BeABp5XcbgzByFkzYC3nc LezJk76A1DWsKzN2twZI8mvBSuVjwN4LiL00c18Vh2jYFG4ueR6E33k3EYaBPd AEWbXMax8iq 69vScnJWvjK1vWjPLJC1xGmCqMNkad NbjX0whPrH0wLItUPHHNaakOcmfI7WGpiWmbi5eyU16xw==','','G03'),(73,'A',NULL,'PUE','00001000000508148253',NULL,1293.10,0.00,1500.00,'ingreso','03','CONTADO','TUXTLA GUTIERREZ, CHIAPAS. MEXICO',1,'PESOS','PERSONA FISICA CON ACTIVIDAD EMPRESARIAL Y PROFESIONAL',202,115,'2022-07-02','08:26:06','IVA',16,206.90,1,NULL,'admin','','9DFC32C4-44BD-4E08-953D-DA557229D8EB','00001000000504204441','2022-07-02T10:26:06','FbjQs0SYLsE/m2BEVUU9AnASemnxBpKalwnHtbHWcnscQ BpyjBiDJb7C2k2C 2dYLPeYDCKM33StEXEla7J6 bWRbceDjQOkfja2aLzg7H2sRrlEErgTqJEynEHqol3IstQjO0b22HneasBL03t60G6bu3wrp/4OsMsOORwsSs3oOlnO8VqvyKfPXgmGfQ2GgC4exxbLb E9XROkDSun3JcWGJ6K6/5aUd8J7SVqBMb0C scvi/w1P/k1B2wg/WwnrxTRvjTy7UbvMY6sQmfgCGjFTSNh67ENc3AcdbdaxlvuEOrime4SRTetV4nbBc40JGpcfLQks0/H51ONfcWQ==','kAohhOB3twPzT6mhFqBIdQvRe5jpZH5uMDmRNsLZQsqnMG7Gx40BGKTGIRO1e9PTcSnLRYM2dRIGA5zJu7cve6JJ/p5XIQ8A0l/ombfoMBojVxVf4TFhayXNu5fTGcv2dbtvtR1gO7400X5lD30Cn2mZ9qmJ6zWF8Gyl4a25TVm4 2gxdJ0okijNi7BeznjbjLtbe/Fz0GAz7j5zAhrzl5cHTGDUBV4fs5hFWuTw6qmtODJw5w97bHlfRYRQjDx6G qRVtqxQumMckBjmqY3rTYDu5tEmKc4hhqbRQ21DSygtob72HXECcFIA4h386DR13TnGJ/xGHyTGmYBhNJspQ==','','G03'),(74,'A',NULL,'PUE','00001000000508148253',NULL,1293.10,0.00,1500.00,'ingreso','03','CONTADO','TUXTLA GUTIERREZ, CHIAPAS. MEXICO',1,'PESOS','PERSONA FISICA CON ACTIVIDAD EMPRESARIAL Y PROFESIONAL',202,116,'2022-07-02','08:26:38','IVA',16,206.90,1,NULL,'admin','','7E2FFC75-7F07-4514-B5CE-97F93029E0F4','00001000000504204441','2022-07-02T10:26:38','C0ERQeEvIGPr5TMyrodCYDVYa4OwOEZkWY7BX5E9rM3sSviEU1j6mpCD5gG3/2Iut3WAN1NK74h4KXkHf BYBmfALmdUa7Ic5jNj1eYNHX3KkVgamweYbrxGHj8KpeL QDLGoOEvMcOy0NsCPQqrMLkSnUzEO0k0 GPfXOxwBLBogcF33Qk1NpCeLvMVQsneq8LYCY0Wv0wGtbbd1F3 aQhFhwqgGkPs1Qec1ZOYBC2Qu9UGgKXuUQK3vh3eUm uj3qEIBSsV2SBABNPJSC1REfWrsPGNy k2rf1pEN4VB1xqs ItUTDP1hTTbLbjgLv4dyCN4EHOQ wgaWHDHabGg==','SKyutQi5AvvGPOpsRk5sVfTnUy7eDn9LV 6ZdCgTJRPUf9yw/mFOhd3Il Otu/TIt6GKMlBHrZlxebTCWj5YlUoEr2xDEUykeBurX8fB0ZZOcAD5OTet8yNTdPLXd/9F9wNPGNcYcZCQBDni8phSV IXM/w5663eSQGw7lZpfUy30gs64/JXIU0PV071DcKrEBfEebkusZOJhfpMKEtiE0yk5CwFBJzF93PwczbPC6PfIohRcrRr61NY0DlcSSRHAiJ8ok56RTL1LcHHzJp/kSNvtqOrQduUGIwGjyDR QO5vMAZfxP1sJ7JQtdkGQ833kX8QnFLcJlWp7zwDgXVNg==','','G03'),(75,'A',NULL,'PUE','00001000000508148253',NULL,1293.10,0.00,1500.00,'ingreso','03','CONTADO','TUXTLA GUTIERREZ, CHIAPAS. MEXICO',1,'PESOS','PERSONA FISICA CON ACTIVIDAD EMPRESARIAL Y PROFESIONAL',201,117,'2022-07-02','08:27:19','IVA',16,206.90,1,NULL,'admin','','98E3529F-0E63-4D2C-8ABF-47FB5ED91737','00001000000504204441','2022-07-02T10:27:19','Sy1kQsL/uG/ROmoMQgnh5h7rbevyMH 0O9Qblog iWq7fb8POVly4mgvT7iy epQg0LToswXCagSlhsCK MjjMp4hH7/nyDAb DzEgcdE7D9sOhvWO0h0CRoWUaSL6/2zbZLtFzWYgw5TBuJRsGp9VkjAu 8DqH2lWcDdszz2OD7E7y64A74i3 uk 5xZapZBU/vGdTYgse1sukGMWyYVz/E3Y3ck8krRAziTDSJTwDY1kBQ CX6 ieIWW13yGtpAL907EJts1XJP/arTW12//Sc9jvcAtSZRDCJgL/6cM0tR3dFh2RofvqsQrLcb33MDqnqQ91edqDw5IMJ2XLb/g==','F6F4D6ODr /02RuDzKlnrzXG1VmD6SPyIWMoyyb0gBm yfYKcK/rUQXhhlj3i2KBAeJPVY3bFXYCliJHqx5oqrGWGAi7lRkzRA8pmTBFUqptKddo9O0bFCwezbshd7mynoxgyAvpv204hfUPR87bCDtp8EafyTMJToWt1QxL1DhPSLWIb2hD6I2k7MQ3QCtHez5TM8CkPFYgTewrmXU2WsgibRegSKLa 4YyAd7sihA4o /X4QTVkLvBlkTzN50nGQk6gCa0C3SDAHW8/IlSRcQxk53tzQ/zoiI74VoN0Cnd6IxE4kpli5Ko0Tw6n3qwY Zqa7WceD wo2sTJ6 qkQ==','','G03'),(76,'A',NULL,'PUE','00001000000508148253',NULL,1293.10,0.00,1500.00,'ingreso','03','CONTADO','TUXTLA GUTIERREZ, CHIAPAS. MEXICO',1,'PESOS','PERSONA FISICA CON ACTIVIDAD EMPRESARIAL Y PROFESIONAL',103,118,'2022-07-02','08:29:12','IVA',16,206.90,1,NULL,'admin','','60F46E28-2504-4513-A6F5-6F7BEF8D7040','00001000000504204441','2022-07-02T10:29:12','D05e EMnH4jepHiZ7na1P52Eu2Eic6rsulrAv 4w1SN/J0ikdgv/AP9zbTwrDVffaD6XyBpsMmLHHFlm3cL3zgtU4d 45xof9EyTlhblX7gyb2SSaO8prYKjOejQ/MaqTDx18DVveYOl2SAt5oiMBEeFC MJoiJZlXzd8Q1ZapWzkRQ74GUCpH8gzohUqMW8HC/4Agjdmy6kpz2W8AxYu5SeZYDSDm7ELVsGXGgUSQ1BOBhgqkr5XOd2BKJ1WN5tS6MQ6W58ve8X66xjP lXMQGAGIXM8xrrqUDDzYPfgMbwrDaPv7iKNiBU/O Uik/kG/c0Iey47qzlCYKwZola2A==','JA7nFbUEkEROTh2L1eHiJ2zCtSNryzYUy/BTBG7UBG0OTtNZdChPGlMpA/mpmBzf8qPxlYvtZcfmhZHKBoBemhvYN36c1tyf2ps0UzygZWrj08MdEwmh2UQWTKzZajp/9wIJb2WDMzo2c8K1UENho/J3FC2eQMXF1Ku75HdgNC Fb2r3lhvQCQkzmbjstlq037pppXcSzmP SNzv5dsVHyj1Y9 dB1/b3ToVa7CZAc/DoYndyavq0KOuRSYjs9LS2o9nMOPr/bO604 NEXl7B8g0oHOaCFdBh3DrBHYHoPzia1XKOWDxMItIC6RPG/2O72OkE9tUr49sG4ilWKnsmg==','','G03'),(77,'A',NULL,'PUE','00001000000508148253',NULL,1293.10,0.00,1500.00,'ingreso','03','CONTADO','TUXTLA GUTIERREZ, CHIAPAS. MEXICO',1,'PESOS','PERSONA FISICA CON ACTIVIDAD EMPRESARIAL Y PROFESIONAL',201,119,'2022-07-02','08:32:01','IVA',16,206.90,1,NULL,'admin','','122F0BA7-87BE-482B-B3C3-74FF9B39E013','00001000000504204441','2022-07-02T10:32:01','cXDo8LCur5DktW37E4K7oBYTdz7IYQRRYjJl3mcrDIKQPmtIKynDlfiek4hsn7L7PKFJGo79jF/kEr6NzSb0cfjZhMW9UPkIKvUoaaCPDzdfMryi/2OVf0y4SVoXlDCIbRrVD2PLPML24TKB5FlVfRTqWLc hTBZ3brtmba69zuSSw6f6t9cRBwOfUDZKJhKOcRLVB8zEwkjlKzKjRn960FK5RoHB32h/nh418zJw8sGWgTAePdxsiY3w2vANI ce1xlCNNvtlAMuDdxioIYKAgVXCDeGV20DUI4s1gGHr6ty5KOSeRrCBkFgw lC/Toq02LvJSuIPEKKamTqzNC5Q==','JIMoUGj/Hpm6KZ1lLIuvcoCVLjLB22cLCmwFRxcUU/mbUJTLJc6SpZlqly89cIeRAR5fCMGK5DZTlCJPIPnESrR6HuoWzvUNR7Lf7FMg3Zk4ZPSj9rpreDns0usFF2rk8/FWr6uVt20qAvO/LKUdUAz5xk5hy07z7rr2Gtb T9hqkg7p/U/cmzt6tFMqCpKPU6gs0fIOaKPnEGLUfcJ7EjtQqHUAscmFrJh2YZHD2eN39Rn0sw8gyBfBMUegPo1KK8cqRUcjDpzH74u5v65SUa6N3J8XOK1jXTklgFii7VMkZvUfsHdMNqIC2OjAtEra0l i r8sgYOt9 7mNwtcJA==','','G03'),(78,'A',NULL,'PUE','00001000000508148253',NULL,1293.10,0.00,1500.00,'ingreso','03','CONTADO','TUXTLA GUTIERREZ, CHIAPAS. MEXICO',1,'PESOS','PERSONA FISICA CON ACTIVIDAD EMPRESARIAL Y PROFESIONAL',201,120,'2022-07-02','08:32:33','IVA',16,206.90,1,NULL,'admin','','785CE03E-09FD-43A1-B91C-99396FB7A9AD','00001000000504204441','2022-07-02T10:32:33','e/P1Br7xGimZhF6LcWDUAOYHTXpCGSV0EpffTj7askSApwKVM0SUcedgCn3TxlJ2 B0zu9DjxZ/m0nO2n5imBRaCOIVNJFwVAyMwR3ZYnb2gZOWNvGiI0efeHtNPSV84ZFg oA nuEpIb05QidJzIJgQRebwyBtf8U0RQzxrB Soj40U1e7NizfwqNvfi i2WggSmdtGPB0svZrL/4JBfooaENCQqqiL655MLuAcukUKOAqc3FU4BpCdEHjeBMPuFiK35SQkKVioWGaSjvfXTdSkNHcut20ei5UVb2B0NiLn/SiElqsRu72VTKUPMArr2 N29yas xVb1tdGPWJ7kg==','amW0eZ7JQxYvBdfWkW9VyK21JgJ vZJr5dMTgXjsYZlx10yyNrw2rztj7LGpOhpZwZFTwyjRo 96Gh zGHELDqQ8LVrUKUJXa/6bFmsBN19WwSd69kaA1ib/ooiOvyViz2acSIz2UZhcasbRUuCRNB60Orc0IEjmm93Eca02Ul /KUN8f7UuzEL/w9R4DN2xWkTFNA5PKGcQyph 6RpHETQKJzTq8wklV0GTKc7 H8h0LlGZEQUo30tGrGNuFKmQeX0MGA6pHsSfKCIDrReBl/ SzHLi9xwze9KMGbPEob6i8W6pKSNQvVr6ZR1fW1DWO5D8NNWj7i9OR8ag6JlH3g==','','G03'),(79,'A',NULL,'PUE','00001000000508148253',NULL,1293.10,0.00,1500.00,'ingreso','03','CONTADO','TUXTLA GUTIERREZ, CHIAPAS. MEXICO',1,'PESOS','PERSONA FISICA CON ACTIVIDAD EMPRESARIAL Y PROFESIONAL',201,121,'2022-07-02','08:33:06','IVA',16,206.90,1,NULL,'admin','','E7F7C242-D3F2-4A35-8A4C-6B22CD261B93','00001000000504204441','2022-07-02T10:33:05','Id6/mKKeU45SH3437vxH cTv4gkxaP8t2P01 o/ErzpmGszGggWGQkxX7SEiUsE06pYnWY/ExRuJRL7glkUYq6aAyQd61KJlYLGqH6nK/ok4DCuJHdyRm8oMn3SoTz BWbTlVIx4WcXiEyRZ803WrNE3ICdKZjh99RYYZ4Mro Vl/3QOILam/z2uDQDdXhnJdsVY6rq1go3HjVUNk3NkgeGS5pz7elNfgT2MaYyqVqdEmDaYg/sAXwYcVdr9nQFhjsgGBEvqKdodYuHPp/BFWUBOGtFVz/ yilDSCXfaAlndYv53UuwuBvUT1z lVIG2dpcx8oXOxzl7SU2CAC0fOw==','Cpav0MR5SV2tLCXgcc0rmmOtWtvSIXSVCwaZiNaQFzmKlFnlFU0lGtAfrpVUVYWZpf2uSUtzCATDjCfN0GlxI9cpdX8RoGC4bOz3J3xiQ 1CMvwIcMtIlq rxlz/wfLxjbN5otwRHAqj7apeFrIv4jQH/DSGK gRgJPAWSc grcyut7wU0Sxv18Rn4x5sz6Jsdeihgsa7HQMRp8RucKNmZmSyl5fHD2G7ovLPH63GrEjrun7kvfnLtcuJ3bNLEE0EiGtDgZ39CQVJAozgx6frhk1MHibk0R1nQOQ//RAC/WW/PIMQu9w54eJ5k99jNZCa3OK2QCeShd0geA8mphOBA==','','G03'),(80,'A',NULL,'PUE','00001000000508148253',NULL,1293.10,0.00,1500.00,'ingreso','03','CONTADO','TUXTLA GUTIERREZ, CHIAPAS. MEXICO',1,'PESOS','PERSONA FISICA CON ACTIVIDAD EMPRESARIAL Y PROFESIONAL',102,122,'2022-07-02','08:35:14','IVA',16,206.90,1,NULL,'admin','','817CBB5A-9425-4106-A5E8-1837F82CA997','00001000000504204441','2022-07-02T10:35:13','GfiBSjxbXRR0sffFiw6irpsHfSpcy WZlJWmGU/t1RjHf1B  AYrSmjdCkJwM5kVXmGpV6fjQucIbqXlb1qrh5pInfi4sTgbvE70N6cKgPuy9qLf2r4MIQktGTVeNi1F3oN15rPqPuR1mWCtbyVtMt2/uWbVmQR4Ixcy0ajV9ez0MbhQZgIhCoN5WvAXU4OdgEd4xUcmqQsPTzFeiQd4tEzf7PwYau6jEK79NKaaX9mC49oZMQ3Uztf6oKldH7tYS vXKPlBHsyk9gY2wRUhyqs1fIqfLVCGyfBBy2 hQyBFWBmKq Aw2CBpld0VkQaHzv8030WaJN9L0HaMWJOyZw==','JLWKnVjSS6u4vM94iq4yeNKghs9g6J/oI3w7wrWFOL8hoXZaHcbETQN 9DRkDchSYromOBcJTZnkyQZObvNIQdgnxKadgy 8iv5Ts2fw5X96BEdMwsGi5HvX3qMhcHe/ZT5JmSPMsR6ys4iDKoRzWL2pWhFW8oQdcH9ZPlBdIx8faAe99nHEvpVb8hRn3TKHbAhPIU0ziaX43V08CMTtlCgicW8/GL5o3NvTRyLZ08g2kWU 0KFJhqTW0yNxr2Kb12dhlTiW//48dH6P  qTTHq rLmlAfs1laHRxKdkCqIhAQKium2/WzDb5IzpRpPzQ3SPZHr/eOBkDK te08Rew==','','G03'),(81,'A',NULL,'PUE','00001000000508148253',NULL,15862.07,0.00,18400.00,'ingreso','03','CONTADO','TUXTLA GUTIERREZ, CHIAPAS. MEXICO',1,'PESOS','PERSONA FISICA CON ACTIVIDAD EMPRESARIAL Y PROFESIONAL',225,125,'2022-07-14','08:35:42','IVA',16,2537.93,1,NULL,'admin','','6998EA22-A2C9-46EF-84B1-8B5340614CDB','00001000000504204441','2022-07-14T10:35:41','Y2M9bz4EoNDro9A8yplocFP/Mui2c5/gPpk3qaT8HFjIl0axyZCl16uvcgFqzj0mx0xDHxREe0EU40AUiUXAZZ S4tuxjWaxNT1HeQjOOKhK4sb0/UDBdaQd0IFTshFUBgKwcohuPDLtZou4aQ9cQYTv0tYeNMa7Dh 3qEZa3NP366Zk0HC5q4xPseBwnoc4T5s8H6diwvSzzoOlfwRresr79QjRRVkWkzYeMAWrz9E zmL1v2ePoAJqK8rFcgGdDWXfnX1hSv4C46C5r14sL 84AFaOq4WVynZSRDW ZvmCya0aYUmj9wo3LBIf9vi ce/zzYcB1POEptLpW1ndLw==','T2aIflBrTkMlhhKUOgI3FTHIbSYCsKfMW4TuKoF0L Z7Ub2PXi82d2xfMsJgv986F6CX26dNI8ul9ZsLtGD3PRU5iJ NUlvZ5c0IAmryLby3JwtUEeaGkfsoNHawd ehP8ko//hyItS JLcQ3TMCATk3o5kTFJM8WNftpCWYN1E/s/d2VCkJVG/Sa4yi5xn1u9VdAx/zdW6uqpElnYSI2OrEUqnd5LJ/wUDtp1myrfUtL0/cJ2WkCRjzwIRJqGl9zRHInri Uks/Y16RTfqWtnKuC/CrOGRZmRDqmpRENboz7w7rpWkeXUh9IXRoEMwZK8VbyLprZagPZ4fM7   pA==','','G03'),(82,'A',NULL,'PUE','00001000000508148253',NULL,120000.00,0.00,139200.00,'ingreso','03','CONTADO','TUXTLA GUTIERREZ, CHIAPAS. MEXICO',1,'PESOS','PERSONA FISICA CON ACTIVIDAD EMPRESARIAL Y PROFESIONAL',300,127,'2022-08-01','10:37:02','IVA',16,19200.00,1,NULL,'admin','','8E0BE78F-E583-4473-ACAF-0E0A33DD0D13','00001000000504204441','2022-08-01T12:37:00','tDwvByZ2x68jrUoA3cbIAVj66Vb7jEPE3mvDNp4EQBtdHGDJNR2RTWv6vPvf06CfSaK2ClKjxnQfRQury23Axj4jUiiGEbeWXchIZ6XirAp9fokFFcelmWP9TrQpQ3puaiM9KjLDqjJdo3E6hG9zKCSGRXMG6djvKM4JWE8bn2cYVk0mIJI243os/eVMgpoD7 lMoBZCX7L OtS2JbSAXvCcMG70Gju90oU4WJbxD7O29RTJKqalMg4M4w5o6LG3Xb22kl266K5CiyjCkPeN7v6ms3qBCNs/HN0FVXjmbaJBSUbjVQbrLPeFJAhm5njMNNrVn9ps0movOr7v9Z2uNQ==','RVNBlz/rKuBqTdzwIpm23c39RAwQpWGovJ3flq2GBxd8UdXJYanUHUoSbqyOBfc2MhZoM905n0K20Tlf9i2Xi3AoURDJK mprteFRGuwquqtebgfIQ4zmMisCmzGZJyS4mFkNaF2F5rb5tou25eAmrylua/46SW/MB7/S6nWOxRZtjbOub8J3Q/mWr9OntOsP6pRLywAbOfUa568ISweCsXyDJvL/t2EgRnTngQ owRcl hluwyR/n0WG6r7jXrOIgqxT/L5zMDaXrjm5hDZU8lesl5E ZNxJH1nGy23wbZZK2vxoO27nZfrH1gSxtqDBFVBp9HaW3FlcfrD8eneEA==','','G03'),(83,'A',NULL,'PUE','00001000000508148253',NULL,50000.00,0.00,58000.00,'ingreso','03','CONTADO','TUXTLA GUTIERREZ, CHIAPAS. MEXICO',1,'PESOS','PERSONA FISICA CON ACTIVIDAD EMPRESARIAL Y PROFESIONAL',301,128,'2022-08-01','10:51:28','IVA',16,8000.00,1,NULL,'admin','','D0BB8406-2412-4599-9205-066FD953C4A5','00001000000504204441','2022-08-01T12:51:27','tbop0VaDXu0lPcc9haDpKdcAXQIfdmRGyyDh6Iaup5dDtW0pgXizQlB19iy8mtxWHdBt6e I1eoavWOPSl25/Y29EiPPS58LqzM31azUzxu2Zm6HhPVVIP7axlKmIwx0997AX1YEQDfXuCldkAUMByg5aZuSpKPY2/IPf7ecHAlaLv4LZHqPtQoaB wbL8MYFz8ZK6vUuMW9WvglWX7LELjr0/KTnvtxNedQjFYcbvH844Djwy8em0jaTZmYJ/qBbviD38miFLeSBaLKYobyaOMKcQTDDR/8k8BedqnqekkCdKy86quANIh4Z00Kfk2Agc8N0GtmbVVz5015HPF8Jg==','fc6eCsHWEpvIVJsJpB zWa0 JQpGxIIxcfwPHon0eqC9b2b xyoW58BI9T4E7Zgd2dgX/eOweSE7N60rsPyTBLIZl1xoEONsko0VULM4yUqcqAbJYK2fxyBeo5WfIxfnJeDh0/BR1 t71rFPeCCOKgJyDJ9X26tk bwYQY8sl4E7hLbrc9PndLkzIRS5E3Ix2IWlhOHNpvWYrAQipMJeUgNfdmIRT6/4lwHwGUdRkUjdmX2fwn1XUZsyAgiMelP0UxYc4IXY5SkD5AMTo/3YklMKKGp9DsKszDGqwdV6CuUyHdWMtO5lCd/37twCOE7S0Au HZfImqnXelNZQ9BVbA==','','G03'),(84,'A',NULL,'PUE','00001000000508148253',NULL,639.57,0.00,741.90,'ingreso','03','CONTADO','TUXTLA GUTIERREZ, CHIAPAS. MEXICO',1,'PESOS','PERSONA FISICA CON ACTIVIDAD EMPRESARIAL Y PROFESIONAL',224,129,'2022-08-30','12:33:46','IVA',16,102.33,1,NULL,'admin','','C1A26606-769D-4F66-B2BC-31750054024E','00001000000504204441','2022-08-30T14:33:46','ey7A2Kki/IZnjP9vKWMmLQ03SRyRIyxLdonrl3Qpr8A6acRw 1ejPn9FHwFs7ZkJ1YifBb6v6L3FG4xiIBHkO7kZaezcaKPiBg7BeyRJF4f4ppE0Vx0ApyPIHXAeQ7KYzSLPHPt0PkKbrFEvZ5jN aG30TG9JuSb8vZ3S0fR9t WUkMwmsnzm3fPupY9zPLmCbc64jx0VBuUGjyW1nMIsm aWi5k3KIgUagvsolpYXTJ8nHWKNgw4CGrwqh1S3Fib6YRxgBk3Oxm1wTcFuWry57124WL9wk3QNOvp9xEOS2C4uZhf5XhNBZhlshJavPAvddHh Lq18gUyxHAqacx1w==','ODLlqzD9uxj5Q14HQqp/fe5qrQq3 TNiYK4qFrAq0i28XciaoxAzjw23f5QLRjPEe0txfnPcZxfnbOYhIWj/UczXqzK6/bToi755esphhePVvqkcDPPJZ3qQpJzeieBXc1kB11j/vabve2vOv9b/vacnxJPPg7/BQ/WXK6y9U1OQ24I3p76rfEtbQeLexmUXEEvWwaiyVf6XC0YPPCRY73PEEQzX/pzHoQgFNYXa0EzoK7YmbieoDTwn2vzaXrZrPQm6 hAa3Q4//gFY0MOLdWOOFotmC0MYI3iP/o6tyfXvDvNnZZ2nW7EhELOM7vzxcPidimHj/E51xDg5gpT7VA==','','G03'),(85,'A',NULL,'PUE','00001000000508148253',NULL,40000.00,0.00,46400.00,'ingreso','03','CONTADO','TUXTLA GUTIERREZ, CHIAPAS. MEXICO',1,'PESOS','PERSONA FISICA CON ACTIVIDAD EMPRESARIAL Y PROFESIONAL',300,130,'2022-09-05','09:44:00','IVA',16,6400.00,1,NULL,'admin','','9A40874E-4C47-41BE-981F-D5389C969E7C','00001000000504204441','2022-09-05T11:43:59','cZ50xB3mm9CMDHdvIz50QMWg09PB9eQzQ8eauoLr/z01jM0DDnwDOy8oLnr3ipyAGVrRTHfe6EQLSVND9yynyWrORnDdXf1oISDj5hDaIaVcvwdfj69R6UNnjX DWDi/L40m3XtLVIyU7TS8ecCXgTkHP39xU77nojo0b6mGyTGeaWzy0 mNJkEHUVlY58Lod7IjlxwU2xzBOwJUldvwZN4UpzFnFB07Gx4bLJHMzI0gfuQOeU1vYMkeRgEy6qkO1ds6daSTeIr1HwkSdtieN5z9DuRo/n8u1YpRZPdieEoFpNXclQzSuIi9Lq90JaPyXWByteubuO1jxt8VL7CytQ==','jQJdK/mTns xxpSWDCyN7x5NSszcr1Or5mpyIRxRdTvwNjuH66Up2Mp6/eSeLgg3jcag1saVXRU o2slVnf2vAVwL8rzw8GCK5qY2JwUKPeqfM6pi/wCSiaDcNNl1/U5 GCop/g3ledNS1QPr/Z37ayHNYyo2Jm70LqsH0f5DMqbGuU7Uwg7MH3 sA4qW/0HnNjV77X1bDHhvTUr7hxKBUE/MSFZQI4 sg62a/F1nn8TgSDDR/XDsLngamt5 sZ0KSZDfg5waDACTZVJ 7g1F9/Z6n0hIS0MdmmeoXZVpUk2Lk21VWuJvx uV9TGNO4LpasktHH1Q7zjYYY2AzOwFQ==','','G03'),(86,'A',NULL,'PUE','00001000000508148253',NULL,50000.00,0.00,58000.00,'ingreso','03','CONTADO','TUXTLA GUTIERREZ, CHIAPAS. MEXICO',1,'PESOS','PERSONA FISICA CON ACTIVIDAD EMPRESARIAL Y PROFESIONAL',301,131,'2022-09-05','14:36:50','IVA',16,8000.00,1,NULL,'admin','','968F96C7-C73F-491E-89DB-4BD7310EEBC1','00001000000504204441','2022-09-05T16:36:50','Y4djPrcVAuGyuEA70hnO1Ao04WM9Lj1ZLT7TAoX3Hd9OrfieuR3avi8hL/Y2cyMSHvwsa1vRmhPWY1cojQMg1ZtWrqmYuQPiaqSUW4NBjBwak3THLlkOZiXmM4aw3GkzNUzoE225odP6DnHsh3m50Awl7MTApcAA5F/wPe2s1fH0gtKv7dqy2LC8WRgSqm47jPw0bBbBoYtrYHapNmitHADoFlVMD31JgrbhI37nQpXrPs55A/P04jAV1WQjEUjrheHONjdofjQap/aRoU5w0emi9uGC nDm66zeQJ33Uvb0MA81KfNy436eEuazcHuQtz4dRmPYXlFV6KNJlicpAg==','MA2lzEPkIQVLz6kXQXJi4tk7pCEnOEGqdZnyrYqDXTjHd9oX2NAVV4YArGRqbMVZLo1nTRIdOpqPFaYtJmxpcJyq1iXzHj5JRNXhOZtWjPYI20c6FYAJaK6lH83RyGK/yJ0rNkov/Af znq6WGbTJTO4pQRVbzH3ocF9D6sQCvPUjdcXD1TZrZYS3D/X49hKClSAIfdeu4M1weXBMx9yKJmEPUrrKS25u uS9kZ5jCEbwXxJYYF3Nb7nsL0EsiiyKMuXT415I5/Z5AGrBLZmABxHYTBV4a1NnuWgUx1nYXcoqZlnzSQ66B354iMNVXXVum0ZFug9dzPTJKLaRxH90w==','','G03'),(87,'A',NULL,'PUE','00001000000508148253',NULL,50000.00,0.00,58000.00,'ingreso','03','CONTADO','TUXTLA GUTIERREZ, CHIAPAS. MEXICO',1,'PESOS','PERSONA FISICA CON ACTIVIDAD EMPRESARIAL Y PROFESIONAL',301,132,'2022-09-05','14:39:35','IVA',16,8000.00,1,NULL,'admin','','6DA0BC1D-FF21-475F-8D88-1E55E5ABBF9C','00001000000504204441','2022-09-05T16:39:34','pF7TVSu0Kxf6h DLLioSolZLd23CSnhWsFJIGmuXB02lUYi7BILp8QLCU3pBTNVQDfFZa/XtCBIQE48SvygH1akouke1/9ACxi0yq43jqf Zcr0AgUDJ1MVq06t RGWRYoCB0QHgXpMDJVkN8UfxaGjVmORbkYVungNLmAxTKThVnGNtT/Tn1YXFj8HMvKBxFwsaBW6zyca7pHoy fJrcB05EfCxbfd/jEEbElFBhJ3m Vn1pC6b AUtYqRm5qOhq7k3G0LKNgKSiNQifF50vDJ9kQjfoS18xNEcewNmqfEJsY9vLYe4o4rWGj6S7f13nUAOqa87IwiIB/Ap29HK8w==','L1bU16BU0doJsXQhNlsqZgOPG1i2JTpR0oyaIfPzH/vtk/V9cUgUb37gR0EBrppLTstziqsqmvTtiefOm43xjPcm2wtfvzWgcgcd6 5E24ru85uZudihrgAaOaC2/Fo6gxsuDdERsA7cqUZ//Vr7VU/8MJrFi2D1d4Ju2gQ95Coxt 2iGuJB3JtlFQP8Ax7uFI0HBEVK9NoW9G0Vv7eNzQbaxr9rm77CKPgZ//0oicGHNHwlivVPjcx85If rzhMIf02TrUX RvazhevXC7UIbvgwjeBXl/nt9xn4GLePK1UvHkrJoNJrrN2Lgi1zMMmj9FSU/jvlEtakpEdX8BEVA==','','G03'),(88,'A',NULL,'PUE','00001000000508148253',NULL,40000.00,0.00,46400.00,'ingreso','03','CONTADO','TUXTLA GUTIERREZ, CHIAPAS. MEXICO',1,'PESOS','PERSONA FISICA CON ACTIVIDAD EMPRESARIAL Y PROFESIONAL',300,133,'2022-09-05','14:42:04','IVA',16,6400.00,1,NULL,'admin','','EDE7F4A9-1556-48A5-8A39-523A788DE7EB','00001000000504204441','2022-09-05T16:42:04','iwJzfWGbW/e8Oaov6h3nIssZCLJMSeYqdGfAb4001otKX41H 1ESSuTpXLeFE7w5Hfy0B2jLDqBtFHJH6Ak9SvzFbEjgHeZBVCthFH2Vm1YRf/iRcwJIfmNYwqK2lk3Nsbb8EDR/xaZMhAM6QjLt5G5/0HhpOihWTi5HT/LUVHhWK2ATHLoXuYeVSyiQ0rCLd34i4YQuij09w1DGgEy8LI91SOKoPZxWZwCFvNNijAh/dP1mwxxbIXE2wF1JKLTmpeBkN0pUi4IZVrJJBKHldcpIEPXDN35WK iC2AFGelMtrAy/hwXbGMbAw89eBQMMWzVqvAL0uo6rSXgeSSpRyg==','LwE7R7dWj7yh1 8kRQjsmmQlptzQMSch1yFk3K/cvZjTkGClRlJP /CAcxRfIwq2ZXBQQeg3WXbXfqdSATj49Dj8CXBKpZjJtso3gco2EbE4lPjO9zVTO3u5cIMVipWmuCALSa1vOyzikkw1Tvh4lNOw4eRgJsLyTyEr8/XDuWzpD2qrXigyuWwPXr5Seh4jWuwb9CwjOQnF4Ag5omZEcfRLo8fJ MUobmodpgk3LUh6abG6/vLYrYba5eSA4uNGHKZXk7EclV5VvhtjmC6izB5xRfQcDhQcINs92gXaoNvET40AozSVlnMsLOU4ozHzA2H qp y657gnkT9G15a/A==','','G03'),(89,'A',NULL,'PUE','00001000000508148253',NULL,40000.00,0.00,46400.00,'ingreso','03','CONTADO','TUXTLA GUTIERREZ, CHIAPAS. MEXICO',1,'PESOS','PERSONA FISICA CON ACTIVIDAD EMPRESARIAL Y PROFESIONAL',300,134,'2022-09-05','21:10:53','IVA',16,6400.00,1,NULL,'admin','','FC6B06CC-99DD-4558-9FD0-75FAC65C4ADE','00001000000504204441','2022-09-05T23:10:53','dl7zyNMTuikizI7ACLiKyM4K5X8rEBTzyWNruhfsQDlngLNV9DgVdChLyAoOlVzi5kEK H88feRDjsp51b42ZEp D3xGsH6R1McO8xQwsMrHUcdKuuBVvILg5B5QTthfvRs0SPZ9z7zzxzSC65aTbQFauiJQdwNQRH4gTylHIOmAPHixvm7uUWRdt2M yPWKRV3s1Pq4ZN151paKWLsB5NdpycfLrfsoVXUvkIQ6QrlnqvLWCtME65bmDiEt2VN3cqzUWV/yPIJ51cPXft6UF5w/TRZOz2KGTC9RypeeEg/ fV/khtOdWdXKgAsPPn7f5a2GA ScySFDqpdP32csOQ==','TEJZ8LyxugKt15RxLNVhWySs0rJiJT7OzxqLYNZsd35s/UiL3tl095Z51AEp7HyBwuD0IJ6j6mMTns7EWlsVp0T/uJh6hoGacfqzrYBYC50u8j8uQpMEVAZlZn3u5dt4fbMpYFmH5lMmomcSQvNGxTvFZDsYLScR7 0CDfeMRsb35D5XYYUzD0PqjIGDP rXX1r28OAwvGIVFFlMcXlhlo/Ws3TIpS GbnYP6AIo0u1IkLHnyladwRPiX7qHpFjTiRjeWrBqYyqqxXLWW52FCL5B6zFJZLd9WTz LghKMca/Xyu1AIqKbh7MOJSWf9ADFRIznNrgHJDEmPsf/IQ8Eg==','','G03'),(90,'A',NULL,'PUE','00001000000508148253',NULL,5478.45,0.00,6355.00,'ingreso','03','CONTADO','TUXTLA GUTIERREZ, CHIAPAS. MEXICO',1,'PESOS','PERSONA FISICA CON ACTIVIDAD EMPRESARIAL Y PROFESIONAL',217,136,'2022-09-14','16:01:10','IVA',16,876.55,1,NULL,'admin','','C30C9692-D313-49F0-9D06-FBDFDCBD8167','00001000000504204441','2022-09-14T18:01:10','geuO33RPx0W6ihcgbojPPirnk yUD2goyP7aHWqiQIkA4Duqxg3vNiVLm/4RtkVcki6AVAJ OKA/NWESXssBteEpVQPKIDqdfLNEfUZGebBnBE QO4TaGRdwDLg39hpyABtPHmfqXY09KoixtJkx17ueSDNa wfvHhHaqpH59v93l0xiTfaVPL0ir0k2Dj21kBXrX8Mdxb6Lufd88eTrtx 4ipj9j2TL5IMnuxT2tUt5tnVMc6iaa32 2tQ49KwI4m0wss4/RJW8OKwGCsXsQJLKsq7PS4U2bX/7q4iUC99oN76FWXGGgTohrytJTEa/OXu9om0atQBvl4/bcR7/1Q==','f 2LZcnE/TaO9qkzAtIOVm4 9IBvmrGlA9E7XXrpGwsDaOanCxa5ZWrK77HhTxsXr3tDrnwfdtQPAkm6HpQQUUYBpBYv7OeOEbPpu7xE5IEtwXP7o4Ss4AKe4ME6aU61VRbtmukP5ufCJmIC8AljOCAgSoL5vunWcic7nMEZgvrxpoLp/Xm5m0cldbPHlSGeJkB BklwASbnpW3phqf6TwqfhWVgSzpGmpDyglNuJP/U4u5PYrHcL0YJogBNKrO0azTJ3OqhXPdcNwTuwRc3ITkXQP8870UNjoQI5ihrVItGGjfHWHA5PW/Y6pncH1pXt8tt3L3d ajUyh6Buax9Dw==','','G03'),(91,'A',NULL,'PUE','00001000000508148253',NULL,1293.10,0.00,1500.00,'ingreso','03','CONTADO','TUXTLA GUTIERREZ, CHIAPAS. MEXICO',1,'PESOS','PERSONA FISICA CON ACTIVIDAD EMPRESARIAL Y PROFESIONAL',103,137,'2022-10-02','19:11:02','IVA',16,206.90,1,NULL,'admin','','9F054CD7-F63A-41EA-8E96-B589373671B9','00001000000504204441','2022-10-02T21:11:02','Nq17lPomIBDjHdJxRCgloqo/Q77WkiYoa1zifa9RYEDVuUmh80r7umz5C2e9geuNjB37X ETPDhEnXPpNc4I/1c8ILmeARB2FISebgFX6F2vJ/QhLCZm4JWR6tj7dPXD66RBDpgDWZZgFPuxVRtqMS7V/M5lZS4L4xrBUUGWcSVENBI1Po1g4Nur3klBBWWLwTmmhCnlkYtneqG0iU2CQANR14 DOFJUl4fBHdk40WdgGb9DBL J0 8bPfnlU0Uja3lNHEPIsHuzhZUHMen2QkDMYzFOMc8qamQZJkjVtEwu4nlgUZuYRdZUpEnaXJdXUSb3pFYT5Iz5S/khs0ROBQ==','i1OrHyjC/MQk7wAO5JC xhP7UfiaNqe8PPkC sf8Y1w7frbtgOG0QYQhUbcnJLnL7LJoDpthbeiegI3V2iWetRUMtn9agvMe0lHGKk15he39tiLT26uYckzD/cJzRb/Kc5e JnqxFgIrM0bOkb9LfAB9oxhiFpYhKL5ztCf/o7D1WN1sgwkN1h1uyFMnoF24Dg9xTmGWwOt8JQ2Y6FWd0dLlEXgfiDvI1BVpfuQRsocsXG8lkJqeqMQZ5FsvG8kd7IWzKv2/Fm1X wop13kp67OTj8GbchCILjvzn8J QxydLoLLPTten JDk/UlSZKlm754olgvO5387N54tpfoIQ==','','G03'),(92,'A',NULL,'PUE','00001000000508148253',NULL,1293.10,0.00,1500.00,'ingreso','03','CONTADO','TUXTLA GUTIERREZ, CHIAPAS. MEXICO',1,'PESOS','PERSONA FISICA CON ACTIVIDAD EMPRESARIAL Y PROFESIONAL',202,138,'2022-10-02','19:19:30','IVA',16,206.90,1,NULL,'admin','','99A66770-A8A0-44FA-A67A-1E6539546233','00001000000504204441','2022-10-02T21:19:30','sdJi2ZPzh00oIl2Yu3xlZ2e96 ypT2vwKaSuyQYHueQLvichwPWX0FuDiIxZW30Y1gM7TJsP9/OGiJF5TPfideHeGizZ8aEbiTp1qg4VuTQgvBbKfNekiqfQe279VsThzhbyXL awtIjZVgCwPybexEjeW2AzrpdPLTSZTBZGjt9UlhGppMo33Uz8V2ji2Uy14uQck/BrxeoWcrCMDV5iW9MWhlcMEGJ5za Quh7o2mhjv/tFViqNQCDEAvaV9DkqtsfQ37GNi9Ntx2DsCb4Exrn6s4Iosc99wURzD55lvmE/BM4Z8ymW7gXfNcnSHbOy7/jQK4PF8WNpr2mfMvLKQ==','CC8hsEMwUSOUJe5UvSzgsGhjIfwdH31089O4lpMZw88D5rCLkp36xX5d6cHVFH2lTGGoHplzjKHoudH/whne5zzlIA9NETASPMBB3bNG0cDXBzS8JaJYNxJvhrNLnco4NTyAbhVVrpvCFl8AK7LidhUY w c4q30LzVztbFGRraPINwQRZtZA5sCF0s4drv7/raf88jyQ j0Q cSyi3/HFdyRv/3U3Gew3ZuYXj6rMbejCylm3Vd7VM/mn3eF6Ft aXnfSd7n0ytWDWQjp1fy1oinAqRMrn6Kwb473lDtCXDPso1RJaAy3BIQ9Ezif5XOxWErqW29r1zOHmvraSO8Q==','','G03'),(93,'A',NULL,'PUE','00001000000508148253',NULL,1293.10,0.00,1500.00,'ingreso','03','CONTADO','TUXTLA GUTIERREZ, CHIAPAS. MEXICO',1,'PESOS','PERSONA FISICA CON ACTIVIDAD EMPRESARIAL Y PROFESIONAL',202,139,'2022-10-02','19:20:05','IVA',16,206.90,1,NULL,'admin','','9D17927E-30C5-4CCD-B913-AF7129CB75BD','00001000000504204441','2022-10-02T21:20:05','DFpT7XbnBCLbfGaXGsavP0cgsfu/w5uPRF2dmzjpMKifHhqTtb/tB8OgmWtFkwPgnT3O03zP7bCYQuswA9d21M6rf qJsxa3s60CkGZyJincv2iOWiswLEa3527RcDvXr0Z qPV8156iO x6YViB9AAAl0h4rI9iKLp4zNDwBEp kwbMs/9TdAAl1MnZOhRvFfW8JRWGkr50pkod9DlRsW6iYY0Gq73tIRFIR oEFOsfRPu6YWjgIlQK2Y41OF96g/HuQ7Z /KgJtnISnbRzVvRj6bjDh3sLR 4aTNr/7fkIA2jJ2TizVXu1UJk pIPJfa BG8gt6Jl31WtkDhFC5A==','YJOD1KFgT7XfmGzxHa/vFmDidbJys2t7QkY/sDsEllaJVClgRjTHnSZDlnQhlDSIKWqutJnZNtkJRrX/kumxAhsDGn/ntM93yg938MmN9fRFCaBOKB70CcIXN1CH98eXsWq0rWSSjFLG1T6ZY23LcirjRnDAtzWxIGSp9P8VwqBB8dlKBnkLPIzyjB5/hV3x0SGpWFMZJ8KyHAXjMeRvkcOhve/eeXDOB7sLtR2Oi /TD4evICOqT77SpgFR2QEh8haBL5EersirSfEhyj/NcDVn3AHByUCG14KvTBFRSFcNF1MkrRhmRuugf0uvQLP2oDyjjJnrNG6jZA0B0d2jHA==','','G03'),(94,'A',NULL,'PUE','00001000000508148253',NULL,1293.10,0.00,1500.00,'ingreso','03','CONTADO','TUXTLA GUTIERREZ, CHIAPAS. MEXICO',1,'PESOS','PERSONA FISICA CON ACTIVIDAD EMPRESARIAL Y PROFESIONAL',201,140,'2022-10-02','19:21:39','IVA',16,206.90,1,NULL,'admin','','38CFFB78-EE8C-43D0-8B5C-CC0E00EC75E0','00001000000504204441','2022-10-02T21:21:38','pnJG8RTjSNMOJXYty8zysZoOj1nemsFgd0XdIruDnP8eMjD/VRpCzlz2DelwGgJNvMO96qXL5y2i14cayiQMd4AvhqFKAsTPjVQCv9HPkWq9bv2YxdPzS/xrf2BcBy3RoWObxlhmQjNqxwpei5Gmhg3rRi nsOQK56RLO8v mQpE1tcPETBRBnVs4XtUDG36T0wmW4uKKh8qhQkZtoLI6DeENu/AK2Bx3EfG bkd FgH4HKjcEGWPC38bqJEGodGdmWv4qyLGGio  kZX/d8jVwOuLT7NcvIZ/q20ctqEX po6 ATsApeurRZ7QCCIMVZ79kgytEaWyp2KFV8mK5jw==','fH4IVTr2BBh5CpTzRycbK2uijEcpuLHpYRwrRC3UUA6M41oxjKT5B6whYghLBmty5kxdZxluLspKYXpy/9B8F5 QZgyku28NWpCY6K1 NQiG0vyw6/QG 646i qTUR6tuMl7vLSZZ9hp hABpjiNNDEag12t2ddz6ZYLDV6ZRYMHRAMI3rH2pL05HPT2wawL utm4sG7g62jFOBgauGOV2NAAM0ASNVLLQdxxBCyBftQA8jhKPYXW 1WIEn3uTn ghGSYP8Kr1Y1oWi1LybTfcRRduD3CNhTeD 1Tyh4AhO BMCF4tBvvLZDAl34wkT ZFoLq53LGaYVtYnJ8j1oRg==','','G03'),(95,'A',NULL,'PUE','00001000000508148253',NULL,1293.10,0.00,1500.00,'ingreso','03','CONTADO','TUXTLA GUTIERREZ, CHIAPAS. MEXICO',1,'PESOS','PERSONA FISICA CON ACTIVIDAD EMPRESARIAL Y PROFESIONAL',201,141,'2022-10-02','19:21:59','IVA',16,206.90,1,NULL,'admin','','E4F0889C-865C-443C-A2FD-76074E6FF96D','00001000000504204441','2022-10-02T21:21:59','Iv5e9rdiRT3/VJcCHswtmcOR4zoB3y/q2ulR9l29yN0wS2z1fSWh0vTp9S qQTdm/n4dR/jS4h3xgZPah3FBoK8f8Oxl2we6 0encS8IMbQ9JCex0ZiG7kqEoObKOhrgz2hhJlFgmKu4VOfFjqgxnYdZ4QkF7B/Y/29R0q r2TZ7h5bwWzq69wFdsDSn XojlHCtWo7O8qmbfL/3bTycR/I8eWpdR0J4E69R4FBtWKp4Oa8yFgWjMMPfH87szUibSwdohpMxdJEKXWZllrsScQ5wfQHZlbs8nA/gL7n2Hyfs7aGjHBi8QS PsGAwW8exlIZKEIxjB2iNtTrK6A8TyA==','I6aZXFO sGUNsROgOcGcjbZCV75q9i7vtxjc8AO467dHgYxdIrZWsT llk2pU9sqF2Jcs4FON/zs1blf02I7UxbzoEf1YOh5DBDC3hhQYOEL GVM6cSEqgoxef0c4Je91thOMvjwS6itSBjZC 4AS6pNfMzp2Sy 3n8Tk/0EvaobI1JUY8fLgXyo448 BTjVZ aYokppSI/nQNpis2ZPzmpj0jzSVHM22Eiiy6wGR5oiAOS3uQoWI2jYIwNObqo76WYUrcbBkkho3r1Z/I20TSQ/DDrfjSkh7ac6KJkY6TaL0Cb2uPh/DdVdxfkHrZwxXC7stfvHZqndFmuWWJMDzQ==','','G03'),(96,'A',NULL,'PUE','00001000000508148253',NULL,1293.10,0.00,1500.00,'ingreso','03','CONTADO','TUXTLA GUTIERREZ, CHIAPAS. MEXICO',1,'PESOS','PERSONA FISICA CON ACTIVIDAD EMPRESARIAL Y PROFESIONAL',201,142,'2022-10-02','19:22:31','IVA',16,206.90,1,NULL,'admin','','5A1CDE7A-8845-4389-89FD-A90F7ACD7F08','00001000000504204441','2022-10-02T21:22:31','XPZMUk2IXaCnloVGey2Fvab6xesx9a/AygJMd6vcyI4OL513OSigpcUgg1BakbN4A2bVEXLRwXb4V0NcP4BPD5HeEjjgUoArQsKZR2ZxyX4arOfnL7emEw12Bx5otO5GDb 2yrclyERAnKAQCVS/HDUiQC0ezrt38V8I4mSHZFbXqI7 p7zu EgaYNmxJEn0OZJP4CKSpel/865QIqnzYKDgKzlnkIG05JGg07aRxtuCy5AlGLUqR87nTtJc6I6TZz27eRct0fZTTOAaxOq4Sl0FpTbeWe1jp4XKPnKY bQL1tBkTSC64k/fFpafNG99SMCz5EaGR2Bh 3xELtBSug==','PzQ9dVBawkWzCE6lgk9iI8OU99iAoXViP1WZcDXaHbGqkExCiw0xUa24OXymXinD 2DolQoVNSeWTzFnDJTwc1Hc UYZYyljzVqWyTdH05kPQO74SLjyyhBezA7/iLMzMGxWAokxBMHnI4RMBvfoBQG/p3r5ZFkydsnuQP3UeQX/uzv0xh4bVzLtTUypte5JAuPYJd5voQzr4TYsYIvT4WlXY7iLUjseC1ARAtIY9lCDvHwZx zEodRIcclHJMB AaKp9UnysLdhRp93HezIQLAHLqRbEJHXhr5pMlz6k2r t kXQA7sEakLSustBZxTU0eBxvXGq7QpZ 743MfDzA==','','G03'),(97,'A',NULL,'PUE','00001000000508148253',NULL,1293.10,0.00,1500.00,'ingreso','03','CONTADO','TUXTLA GUTIERREZ, CHIAPAS. MEXICO',1,'PESOS','PERSONA FISICA CON ACTIVIDAD EMPRESARIAL Y PROFESIONAL',201,143,'2022-10-02','19:22:55','IVA',16,206.90,1,NULL,'admin','','51FAD7BC-EE72-41E2-8280-50A9952CC3B7','00001000000504204441','2022-10-02T21:22:55','uR9FiwDwihpXMdCqrzP0eryPeWlvbZYShGyUFWPBhxoEx8NML9kpB8Z0UtccJouiqm5PxBt5w0y00hB29YbEDLDDncxmGTb1W38TutJF01/ALvhG1iGavYMaYJSw6Th8t7yymxRarEjTwAQqidrCO4OKBypASYLZO/kaEckvcstx4jMUFzBUuyNgl6JFrelS5o0BJQjBBkg xOOscLsnrwm7B J/U6NmgPo7tupsbVD9zy3R43/5For8KP/6xRVNlkXoPWCRhp7uBoBgjizDCa1Nav2X7t9g4KC8W6IBvoohCdlmI/qpBXshyKHLYCfCf4YVFnLIKLxj0T7catJFHg==','gCECDF23cZAfvobdMSlKzlNp6ruZqel8dN78GGHDlYEQ6fLr j8u3N6MAO1HAAY2AYNQxsFTTOkZKM6Cj9QhH I9m G7jFQcK0/wmV54ZlReV1mRREjYr13Pnt/wZJKRMU2SiwJgwKeOce/7wslgaNG5qObZ3BSPLeGC/U3pJ8vg7N06SIGEDsq2hQbNxYghPNAkLbjRXu2YKiyYJJk0B0Z4G8lveU3HDaSjJxTtYae2NOdKcklgT8xwedV4slNU2iabeTQmdM9fGBMpg1VuueWuPtYSum6hvF H0WE/o QcWR7SfKiV6x3YC2uunSWlRbu389X3q48RRw6ReO7I1A==','','G03'),(98,'A',NULL,'PUE','00001000000508148253',NULL,1293.10,0.00,1500.00,'ingreso','03','CONTADO','TUXTLA GUTIERREZ, CHIAPAS. MEXICO',1,'PESOS','PERSONA FISICA CON ACTIVIDAD EMPRESARIAL Y PROFESIONAL',102,144,'2022-10-02','19:23:18','IVA',16,206.90,1,NULL,'admin','','DF6C560C-4249-4E63-A131-455E3A3B9435','00001000000504204441','2022-10-02T21:23:18','EaqKGbrEt0FbYzyXSfLCg4/bV3fqtCeewr7Fv/P8TeVZ3a5U9o2xG S7t5NSFaoFYjUJkXmX4jHEIYgZmBzRHBP9Lz 2JtodgGhpHXliFcyEe4eVLpWZG1ez91aX8aXoqCbv5QPAm7JUrfxBtvYM xDLlda5RbZgP9MTix5H8znQgeSGjUwdv 1Mic14QoMYe1HPTmFyJKTrsKriHEWYh 0aRZBixTYFPvdgmKHhBTvj70GLQWJXuwaZsdGogs7W1b7L2d0JvaAge13ohed/L8vAcLYIOFh/adyzUWhb6T ij5u2h7D9xfsWmy5f9XSbR9VD8s943hPXsz7E8MSXnA==','XEHB a5E4EixHgE7UGXPvrOlCniTGK3K7uLPANemkODo7icInA0 Qk84puAPWRFBAj0EUv5gyg5Vfae8Gu1W7N3lYBIaVyBS 2faBKkT/bzsYvhAoi LY8E1z/BYaiuqQ/L39G1lczOgXMj/7w7DO2SwltrCVw4ucZx2r7hKPGoKHElOkmgsG5zWa6VGWWOm2ewlweqt50SwixlH4QlZjerhc/i50M8yPxDxT57tZyRBXbSxrzni4qUQcHlswBee A8Ko6ZQR02xAAYt5GB1vLIY2DQA1LKS5SaHRBM4MPYdl3Yfnn1drG5pKA18U0Dg NKtxfiYkzpe26/0zk3vSA==','','G03'),(99,'A',NULL,'PUE','00001000000508148253',NULL,1724.14,0.00,2000.00,'ingreso','03','CONTADO','TUXTLA GUTIERREZ, CHIAPAS. MEXICO',1,'PESOS','PERSONA FISICA CON ACTIVIDAD EMPRESARIAL Y PROFESIONAL',104,145,'2022-10-02','19:51:18','IVA',16,275.86,1,NULL,'admin','','572928B0-F1CD-433F-947F-006D4FDD330F','00001000000504204441','2022-10-02T21:51:18','Lx/UwrXkS0tgKAEZwtON8Q9lxBEyohiSw/qygQk2xfIjIQqDLgnDoDRRmMwZo0YZ6fEZa0/MbD95BuFxHlGZbL977By2W6BTqHvjp7/xs1FtqV68NhiEk7kZF/ZqeC82bqsFTtBAKU5ZZI1w/fMyU73IvJkpBANxi7dDcCZOqql1VBlgi/ee2Dwb69EBQFRYooFkzcdcHEq95PX/pWGnEK VLYJWG8uq4IAKoTTAoB/VpOZiNWAbbGN5QO0EMSZd0v0Bk9n1TlI1MoX7cj6wVdxITbL6a6Yj71La8S9RM5dbeLWl1Is29pPPC4bEStXOgILlZCUPy1KKijGZtXdnsQ==','QCpsyzAE2RLdnBmnulRz9NlgCkuQwyyV7WUK7f9GyVsVn/ TfaBfYeCq2WEVlT/FPrjd7fAfOUQPngTesdNJPVhyxc6OJmlrcqq0VVVfdIKZeOga05YhE0hiQthUhLy/PB7IjSIXuC8BDPfeOW PMdEwb4jC c5lJnodZosiwNYmAw/XYbS2AJSDKlEMxFizv06e4cVuQYAMamUleRghXRS3qK5ozViHfoBhOy/eeFVvChxlQ7D3Q/GI yeOXaJvABGfo66MbdrYHw8jeVXNmv26A0CNpzVS4Q5tpkZD6sj4sLv1QNyLcShKDe2q0MjKAsLCuF4nreuADzotPoBvXQ==','','G03'),(100,'A',NULL,'PUE','00001000000508148253',NULL,1724.14,0.00,2000.00,'ingreso','03','CONTADO','TUXTLA GUTIERREZ, CHIAPAS. MEXICO',1,'PESOS','PERSONA FISICA CON ACTIVIDAD EMPRESARIAL Y PROFESIONAL',104,146,'2022-10-02','19:51:51','IVA',16,275.86,1,NULL,'admin','','8AE7A31B-BFC2-489F-91C6-A5428A296D3D','00001000000504204441','2022-10-02T21:51:51','IHeFNUvCghhd3x6D5cPoOmbDHC0a4u3Yv9BNsejVUSRsI5ah8zXTOL/oANDUn2oAxFXNGAN2rhwzIAkgfkiQZFPHKqi/V/po96Fw6VR5cxYOUsAA5wbi3iOU1BOgvzdGB9eEnTPjbLlTK/zJcFr7jssFyDXUSW3R1ys1qGJZYCsZlTkUBC89Q0fGxPzYgRy0VMovCr5PJwsrYZgw2RkZcnj3vBK1SpnvA5FqLL8V10GR4I GqEaFg1iVmJwUO8VVWwyvH4gVtJC7FfQ4dNRcmv6FZoYXIGWSYmEMmuCy6/NsyQK4FcyCOVeh lDFtKE57qXjVTglf5PYXEENWzPRSw==','MhrGDm/iSO/zK0x0P11MoHpltx09oZny08GZIwlNzVsBpUh4GCdG1d/CNn2Kb0S0dF0RE1ommuAlTD7RFs82oGahabUMiRbdi4qHRcZ6ApZaWg20cMMU/QnYRiRR HG1OoFSfa5nlKCr fy8m37MSPiI8/vybGQcWVFLIfKuMCFHoCd K36pi9/qiK9FPVyvAySwj6OC7CN3VkMLXcWoHPYQIi3uKlaM NI1/e2ho7xRoGcsNy4cz3a6LBJwas XxpUCZE3mJ u3otXSvuvCHA8yppV3KYDR/qI1EtHkk/plcU3vdpyFMkh3AJy/3d0dct49wNRdMdUkE3YBVNxRHQ==','','G03'),(101,'A',NULL,'PUE','00001000000508148253',NULL,1724.14,0.00,2000.00,'ingreso','03','CONTADO','TUXTLA GUTIERREZ, CHIAPAS. MEXICO',1,'PESOS','PERSONA FISICA CON ACTIVIDAD EMPRESARIAL Y PROFESIONAL',104,147,'2022-10-02','19:52:17','IVA',16,275.86,1,NULL,'admin','','F8A9004B-1946-4390-98C8-455461362EAC','00001000000504204441','2022-10-02T21:52:17','DTBiEfkXYprztGzfyK7gCR/cgtK8/uiaoqNkbsR3ZXX3kO/93A0FCcsgAKRfQfAC/Syw1Fih5gbfbNJehJORT/Fl5p3dKbvLDCNOPL e5YSDh8qHaGbMA7vHxTVAFrBIElQ4YcxGV/mgNxXIsTNEqbiZba8zfUPpfntORZCPisv OLCvC7UejW5xsgoGI3DijDMYi1LJkh4eos7QWY9errsp19zly0OZlIkemJT7WyOJyAlta8tWN724hxZH9EBR EUSQtxPEWmqCFyenU8780qdXoJGqq06WEhVDhuJppGnSrbKqHi4h3IfPC8SIvdgbEYNUI6AbtOf1k8JmhSxPQ==','BRaBsCBKcVGC9zwb8PeXamtGoa6l/tszaul8I3xSicoqL5TCKeHWPaGQx86QubG/yxG9SpRXpjQUncQh2LUZp5WMbc3mQ/GIcfPZqGT2Dh6zAhh6NE4gHMOasByDEH4Z32MoG7 XDdKo69AmVBA5XWa4SGVDdJFOCmH4bvhWAOGfoSHOSUxEPA1hckllbSm/tAFeHhhX8B1zJDOpSBwzIA4ehg41zpVtchgg11Fut0b9qiyx6EOZucrPY5R cjzypIOQJoXjuBebZKYFsYP7dqeBplZK6 chirrQdQnASwgepr oGD6mSrl0ZtUlyH/dPWRWDcqGEcNOW9vusgnhcg==','','G03'),(102,'A',NULL,'PUE','00001000000508148253',NULL,1724.14,0.00,2000.00,'ingreso','03','CONTADO','TUXTLA GUTIERREZ, CHIAPAS. MEXICO',1,'PESOS','PERSONA FISICA CON ACTIVIDAD EMPRESARIAL Y PROFESIONAL',104,148,'2022-10-02','19:52:42','IVA',16,275.86,1,NULL,'admin','','0A0F036A-3BE8-45EC-8504-B73B22B365BB','00001000000504204441','2022-10-02T21:52:41','Is5mNGoP3DXRXBsSrEGhSzKvIJViZhcsbiO2eo1x8XVy2JNaCNAMEb2bMoIPUZOthT6SnPHQQX7aBAAPZ38RK3/s2TyRaWJSptd35XFx8SqtsXmxBBAaFrgRQjaLoV3QrdFEhCFIk8Qw5wYj/mNFlpO4DGuZnCYyLvQhemXKpXCi73TXI 7GEerNajuNWX4b8cFij VCg1OPPzggNmVpBDKf28IIenU2A5NNXZODS2a9VA3qJ07/sf645ZE9f8rvZtTvp8uq8HxoyNJOLXrcHsrJVO24h Ejaiw A73gevtUFNs0fIbHo8EVEZvWEVpKE CnbInlLuODAvDnNSvdNw==','kC sqx1OAqmCji2uKtqXIYJdLnMJQq4mFFEQS3uG3vwhDvizWfAaRA8z8ONHb8MJPBBeu9VgeVqM6eD9YH7ei1UQ67yaBXTacwYZXg7PhwyYzNIYzuqPLPRGfB DatfUPr5erafudZpg47 VmnI9Q9MfLqw25ZXBrVCh9CPBh20gK9Yx Lvmzef8lOl4CsbCN/MqXM20mTf8LY0RuSvZjLQa0 OsuRQUDazoUbnr7mx jfZympasI0dkhW0fDT0AE URstNC Wq4pOkvkM3pSl/NkOUftQ3MISOjZyDjG7VCetNVBItbdeSGyVc9WIvNNv90IMTTWS3/7NcJtKdCyA==','','G03'),(103,'A',NULL,'PUE','00001000000508148253',NULL,1724.14,0.00,2000.00,'ingreso','03','CONTADO','TUXTLA GUTIERREZ, CHIAPAS. MEXICO',1,'PESOS','PERSONA FISICA CON ACTIVIDAD EMPRESARIAL Y PROFESIONAL',104,149,'2022-10-02','19:53:17','IVA',16,275.86,1,NULL,'admin','','C446A684-B864-44FE-86A6-798AEBADF168','00001000000504204441','2022-10-02T21:53:17','hh0EgZDekWAC2uzeyPbKmpOSPaUTN3Fi0Lda15c51h0XX7marXvt7rrpdqw2VP2HJtdwe3Kdyov3zwzpJ7RJcx vAJi  9dBLnfj9BANarkH478iVMt OLNjUxu5CZ7YfCueycEjLZbVVV/iI1eORqRDU8 wZYvCfBc7jkM9xohYma0KZ0KL3FLJFMjE31ShGgs/SJekNfEdM5ZgWvkaqrlq3TnfUhwg5VeBk6MGahLhV3ZdifS8PSOQZTsHj96Z6PkgKNX7kvnVu20/HouE0BW037wopnKHDTfr6eYNOAl8lXIkY0oWNOUARwrr0MCBAD1JtTQp DcBqxj 3yA0ww==','jHwWMNa91CcmujVBY9lBagxOVGZBlN8xTrQY4fdEXA3M3Vb5LYjie00MXhSHIk8tBi4zl9Wym5YZpGubdhe04NPOyvaQU2uNEqFXckdYcjoM2ZrvWAmOxWA/MF/ZJfHY2eppzUgXnXGLCB2nBB33nhx3fHb7JMeNpTv796tlarM377xy5eepnBtz1kCCgbC5ioP8fFtU/C4IjPjQQHoW9aqGcmfcy3Hvr1QNatej9OwvcWV/6sN2/RRTW1qHMeDjUTZKILfTF9nop/3cwxtE/KKShJ3a6HujQlcxFDndulSaBItajsaLkdCY4cG6AbJ8Iy76B6TGBwQmloIUyG9UIA==','','G03'),(104,'A',NULL,'PUE','00001000000508148253',NULL,1724.14,0.00,2000.00,'ingreso','03','CONTADO','TUXTLA GUTIERREZ, CHIAPAS. MEXICO',1,'PESOS','PERSONA FISICA CON ACTIVIDAD EMPRESARIAL Y PROFESIONAL',104,150,'2022-10-02','20:14:50','IVA',16,275.86,1,NULL,'admin','','72B206B7-E177-4B88-B2C3-16AB09F23812','00001000000504204441','2022-10-02T22:14:50','MMXQW/fnCAl7pockQIilE5ZgVc0fQamRXkaiBTqasDcMlTp1GzzwMi20jeHoFVx3NINbZXJlvCo7LiESK70gTb IWxx0xW8Ttuv/U7VQSt5IX7SzBEdavq1DMZ7o1iNXotp3wfEk glKoNoOy1kCJqI5PmYG0lRzG4gLc2l7S/O8EwkkxFv38IV/m aU fn5iVwgKXoxYJE0fSf11g6B 6Wo9dXKXzmwWmVSHcPCj4Vf7gyXczPGmbbNTA2dKqZ5wlpi3MiOR5ocjipSqrye0admlunJBd07gJy1s2Oigq5/KaUXrTEQrLGATJYu6y yUy//sHIX/I p4wN7VnKiGg==','hIK QInMgP4E/WSdcN4OqbfcvfnniK6CAEM/4y4ov1asL LY1TQThmNeJ3jNYm3sZAn/mCytiffx6bY44 bnu9Pip3Cpgx1/TI8BZjLdwVe i5 fPq5v6WXYK1j0BPttOQQVea/bf83 KrkCL/9FSBXgFbHcSumTXy2GI/mUadrv7MHi0h9aS1iqZyTOUpb2RtxhbttRB9JyPKfSggdEkdOqY0A/ XHWXgrWhehs/xXIM3EUmIce5HL1Pk0lRecXTfB 5lsOLpR2glBcgyw7JcE9FX90xRzH736XGyghQap0PfSAUr9 uT48mVly139UvNvDoG8BmEZMSjWXfuLIOg==','','G03'),(105,'A',NULL,'PUE','00001000000508148253',NULL,1796.45,0.00,2083.88,'ingreso','03','CONTADO','TUXTLA GUTIERREZ, CHIAPAS. MEXICO',1,'PESOS','PERSONA FISICA CON ACTIVIDAD EMPRESARIAL Y PROFESIONAL',224,151,'2022-10-02','20:19:48','IVA',16,287.43,1,NULL,'admin','','31F8956E-772D-4A8B-B03A-2861A21EC506','00001000000504204441','2022-10-02T22:19:48','kY3B qrimCqmFpVWlcn/NBzkQnVRE IrtRctG3hsv8doJInQ3E1ka 6aAtZWfZIlf RoemCK5K8EQ4km99xiMB6 l8xOEieTlNt955GIN6HDzIHCu8H0a lo6XJ8KErbsBOS1LwqWd3wiI Plf7LBp7jqoqaXCPwZCwiORFKZi7D8aWtU5I/Wg2txpu95zopDg El4zfGNThIsOdH8fs/an0KDT503Pz4Ds/uONrJP4R5/AGFMNtGzaBDX v De1VhaKkShHdvNkezMqCEk0KuAm7E/txqoaHfMSRXnyrlLRpzS8uXtZspdRjPg94jho3hqQyUt4q84XK2paywl6wg==','MnTw3bhzZHDvfLU7YEhkZReVXnpzmsZ4NH3EKad5vW/TqmT/J7znlYzJhigpbfZuWs3CQ/yWDhcTsz9jpLfzu0sWVV0yP79pZHodAGVT3fkv fkIKE2ngJwCS8vnTUwTGOch7DOQM3tRGkzwcXSLTF9JpjExs4Ww0WR1pKj6DkY78E5rsDQq5eO0ieTrjTrEmTQyVBoD5Qo9J/blbniflMhwdXWZnhAvIDd5x8t0/O0yPeW113GlYGBQDY0YIDW4kvqfDQprEZG5VXDI/8DxPxs9PhJdAGwHGR1jaM7RG/A/SQldj2 XsjStaZm95Z8lJZSXa6vr9 9aXjyvEDRKoQ==','','G03'),(106,'A',NULL,'PUE','00001000000508148253',NULL,50000.00,0.00,58000.00,'ingreso','03','CONTADO','TUXTLA GUTIERREZ, CHIAPAS. MEXICO',1,'PESOS','PERSONA FISICA CON ACTIVIDAD EMPRESARIAL Y PROFESIONAL',301,153,'2022-10-06','10:56:04','IVA',16,8000.00,1,NULL,'admin','','66913EEB-D2C1-4952-B32B-8BCECA1EACDD','00001000000504204441','2022-10-06T12:56:04','U/jNjQxZkuTvoM yIvwgJYn/ya/hnUqOIc6AMswYIUh2OdDOAzEbmprcrmfcuZt7DpbJToLTFo 9BgzQht86dzmiBDpL1duRr1t4vuNwCh1qVxYEgGnc2pwDwiAK 1IwHHlF25szGpj4FGXoPP 54KUc/VTIt15Uv8KARGqLTXXG7tGbjBg/dPM/lpZOLMfckN5TpGle/41L VwdNoGYZTCkQE2Aqyj3crNqaz3FFuQcWikM7tJBpk4us95c7x5gJIEGxAoxQgrTN28UQFP66pzmJno25ZBySqTSaKzfc9vLtbuiZAThKvh93f8IHFhJyCPr4/Yxcojm86sM XoZIA==','Ue9rpemaa0SWxvBUkoN/V06adSrCj5rfLcyuDCjYJiBD/eYqlzUxIiwSPWT41yMQinV7NDZYDwZjVODc5R2LErZa1NuaGgg8y2bZgbo7kBgj0/a7q2IVdRTRnj20SdHrsE 79TW2362OfjHppSpcIwLEpE935e5YF49JD2HxvTjboBJjwTXGRjZX7Rb/KuLvIlOG/KPuCqkGNUYeNbsJnZNXZwlYICeal vrzoJgnH2qDYCn5mK5lDGuzZ6CfpxeP8pnW20B4Xkt4PGfl2/09D91Te/iSqZM110cJWyMI2qQ0g4fa4HceaTntZV9CNbi/eBw/okqQ64/HAkX7UgB5g==','','G03'),(107,'A',NULL,'PUE','00001000000508148253',NULL,40000.00,0.00,46400.00,'ingreso','03','CONTADO','TUXTLA GUTIERREZ, CHIAPAS. MEXICO',1,'PESOS','PERSONA FISICA CON ACTIVIDAD EMPRESARIAL Y PROFESIONAL',300,154,'2022-10-08','13:57:36','IVA',16,6400.00,1,NULL,'admin','','E2F7296E-E4FF-48C3-A9B1-018D035C82F4','00001000000504204441','2022-10-08T15:57:36','V72wjxSE 68fF/uibheqxFSPWjQbg8R71wUCZP  IIOtwGCoEzZkjplANvY4rLyX2wXn5myDoxGeSezkIr9DgLAhGiHXRA9cGIkKY9RjeeVLZtvgIApsSLHZ2HI71KLMHHCS9S8AzHARdTE3LR1oLyxdKv2/RKBTFVTs0lgWVpoAUGs7OaRvr00mrcEukb//Fyf73ps2lBd yOgt0LkviXbUmHJoHu6uu3UL0l2EU9dLEgkepsrBJkjTaIRwmET1VEmX1yMC8w1UpHlzQ372UtvMp8kRm7Jg4Bz1IuosJ1e7y 8A3/pAVGh zEbpKu3X8m7Mw8msfYyM9yb/IYuMqw==','kftrvVXetHepM103Isc051R1z wVjQw7xzPOB8KvhkOUVj4JWGRu6EWTepU2VKPKy1lUsE4GX4Hqkr0PPUyODIr20Qc9YzC/2BRvsRDm2VKnIMg1YbWd8Vb8D7DT4jmaJ6y855GyFKl72PbxDYyu5Imh0LrFuyTN6C0nFhacLPy2verb 3GxhvTrRqLi9cue1c2oqO yI3wwsGJNEVgc54ncqH3Hv2yqFmr5DpJY/G3gMjWRsj8IpFVdmoNck7ckUBOI8NELpIQTnpAtMiEVahM5jyGxHPSPkCu0hT6I4I1SiEMgxr43dD4TLPvtv3HrN/ovCliAIyykA/ NE8gW g==','','G03'),(108,'A',NULL,'PUE','00001000000508148253',NULL,1293.10,0.00,1500.00,'ingreso','03','CONTADO','TUXTLA GUTIERREZ, CHIAPAS. MEXICO',1,'PESOS','PERSONA FISICA CON ACTIVIDAD EMPRESARIAL Y PROFESIONAL',103,155,'2022-10-08','14:08:56','IVA',16,206.90,1,NULL,'admin','','B1B86BD7-1C65-4763-849A-32DE4C36C924','00001000000504204441','2022-10-08T16:08:55','Ot cvpeflKhJDPP5VumkYVumP2tYpJSOUix5T2DX7iW DJtjz/XJCN5TaHxZKdpfwpKsgfKxnIImfwWAFj6FDcQFcdT LIIBsJjdzcEs42BdmP4SJFxYrYTYz84GXWQg Xi12/a GTjP2uhsMFHIypl3KUC/mQDFP 66LswASg9cWOi8EC0naaHhE3bbJW2jZZv06FZXvRcF6kvWUxC5n7nVmKMfqwTLaCkshuI8dI3Aw7uZ1PDbwT7BHfJGXN9nIz7QttJ1KZu0LLBaASqeOqYssNw hucOmBbTTDEX7Hr42ascrhNMRbNnFxcHb6ZYyVnqi1lo7Etg2mojlBml3w==','aSN6JJ NsnkeY0tagBMpFxqsF4ZCGjViYOZVCQnZP4zQVMve3frDUyYo5anCrpe2xmPQKWRjnUAHgWkrR41ZW/xHr6d/q0WRd/U7/egI0e/4e5pSLaZsNixkziqI YCILSpXSpsPgupeICcKaA7FoKc5jo7g8x6DUAUSwVc OYNVYPDfBfMs0uOd/zlUE8yzDqPTgfSZ6MLIvxNEbSKysXE5YY2FNZBvYGYamzWtoja4dNu1E6XPcJyFK7yjr0YSdFAAjMOxfGILW2UcfS0uBASow7keR2zjlvP0Z iEjytd6scgpAXOTF AIdH3pQSpOJb85vM9gL9 uLJ8lo2D1w==','','G03'),(109,'A',NULL,'PUE','00001000000508148253',NULL,200000.00,0.00,232000.00,'ingreso','03','CONTADO','TUXTLA GUTIERREZ, CHIAPAS. MEXICO',1,'PESOS','PERSONA FISICA CON ACTIVIDAD EMPRESARIAL Y PROFESIONAL',302,156,'2022-10-19','12:55:39','IVA',16,32000.00,1,NULL,'admin','','BBC74BAF-89F0-4BC2-860C-B764574AC2A0','00001000000504204441','2022-10-19T14:55:38','mlWByEKZ4t3fmO2K8/GWHADoOD8gGJnbA2jBMcROJR9jM0AbFHpoCyaj3P4dQbNRUN9Nx8WPLY2kzj0G37F9x9ZDGWIHtg7dTUgzYYIWH6nfDBs8jZEmTU8GWn9NEW/lSjzreodovGbDy3YEwAAjl9qKw5pWgfki1Ho94zMIrJFhAMLOhhWM6oj9iUxNBrNyNUob5yKsGFB47uoXOPRyADH/l6C12HZ5eBC2y2UmwJRUdiMOIB7oms9nVMouLVg3iNdHQdhHEs8PDfwwYO6RmYr7YNHso4QZGl7PJGCk/IIafhQfXxFaClYe3xGU67r3aqEFeCN5L/FxNai/T3R1/g==','TmWCSbbhz6eCqmz4mOyYZ5duK0S7yiMHMueKTE/vfrkgBHf26m9qDyGk7fULW5fz8aHM522fvAMtChKDnGBeQvgcRPx9MQEIXYvi9oRlw1k9RWBEDebtMffuBx0TUYebMB4dAuEjhRctVqrhQHNbG0BFP6FkTz3ybJuv2wHYRJecA63jaEPva9Jf5mZHW  j3CBI91zECiPyzmOqf3seTBUkPjRw/vLN9eO6r4zDaQ1GO77UFIv0Rag3RxBgP85n Jl6QLu dpnpqgri jjD5FvnhHlLzejuXhUBN1TfPGv54tOEKr5GHE75fCO28hp64kx6cJbaHjg5xi/BavU0Pw==','','G03'),(110,'A',NULL,'PUE','00001000000508148253',NULL,10514.00,0.00,12196.24,'ingreso','03','CONTADO','TUXTLA GUTIERREZ, CHIAPAS. MEXICO',1,'PESOS','PERSONA FISICA CON ACTIVIDAD EMPRESARIAL Y PROFESIONAL',302,157,'2022-10-25','14:11:24','IVA',16,1682.24,1,NULL,'admin','','01A5EC26-5465-46F4-8AE5-6F10C14A2F97','00001000000504204441','2022-10-25T16:11:24','nc7l0nFq3Uhnpt5PeKLbyVsJKE5B4qeIkwIPr740xgupF7BdMR535Znk8qqQAueYGnoJWCWW9uCB5ht9mJXLuACzObldKqpLHjIadgtM2LhKQojIC4iqH3zBLeGmIf2Dj51J4/QY9FwCGQaSsyFgJ1mazE0sgdWbK0/Uhj YeDctqITHI6QetGhM/HhHW45GwohfRQ8fNgUe2LBTpUmgVuR497yCjgbSLCYkj08VJs2Fvl9ljZ95 aIe2JDzXx2p56/9hz5w 40uxBj0UaptuQy7dzLa3JHcwZAmmmxN/IK /qkEPcQzJFjHQ9AIlhnqIFgWbI1/LZVTr69acAybhQ==','ToM1vUS1PfQMrrbwub9nA67MDOxaNf1zouHXlKZ0AsuWRfmnSmpKJXcHfA1g/eCer/gqbsvt66Cjhhp2A6JMAsehfKEmBY2lBN1ymlk0kNI1qXLny8MIVGeV gDyUG65qjDY7sCg8rmpvvcukJegp0lCbKVgdZ6SBJbHGrh3FQKWb5QG7gDKLJiDKymrcJolT7e8TM/wGUDRxF2itY7LLe4FNj6SXCYt0R26E3IG74vfTywDmqwyzdNvKUr4y0aUv4OJB1U7t2UHML0FReFZ1ihfUfa9khtlxEfXA9mMgRKTeVVzOe1Fb1VPQFT4KO4K0JIRYnNU7unU M/wDJLu2A==','','G03'),(111,'A',NULL,'PUE','00001000000508148253',NULL,50000.00,0.00,58000.00,'ingreso','03','CONTADO','TUXTLA GUTIERREZ, CHIAPAS. MEXICO',1,'PESOS','PERSONA FISICA CON ACTIVIDAD EMPRESARIAL Y PROFESIONAL',301,158,'2022-11-01','10:47:36','IVA',16,8000.00,1,NULL,'admin','','5EE3F003-524E-489A-9DC1-D5FE1D331E5B','00001000000504204441','2022-11-01T11:47:36','Yn2maDMGqvTpD XWY3Qp2A37q/6Cr/nHFifEqqUv56QerUtCRkW71vZMqE7ExV/BWRuPgOp68bzW xpNaeWnbubwmhaOV76GbbROHO89YBFy/Ck7l283qxuxnXu6C997/hu0uFzp1fdTDfnx6B9Kd5HP6teW8CstaT3r8 G8Sxpz9jDg4EC2lVO2LIE D//1oM5C21Nly5EWxhVSmr0gtJT/egn4Upp4/NC 2lZL NSCFdGoCBbjSQTuVQor B/KKWyli4N8N9gnnri14 vFraFxpScPf2rCCwYPcQWN7YNbpw4lqTXW7FPiYYJcbWJU6NwTaXNXo2Hd OCMtGX9kw==','Iaf4QNBQocqRr0W853AREbkZrIay88UK5RUjqTMP0GV6NlH6MVe3mN5YjjZMo5m5RUW9ozeG6CM6g4S5JGCS6WOAvhMUCAS9XcLuInL6WEKLLOSDM7Mcm9g0MVfoLUK7xwVrPyGIEjXka1r7GxdMNL4zeE1pLo597aee31uHONDBnCZVOEes4CuVCrX3sQHLdj/omrQ0uiw4o3s8oR/4Od/mnBwiZ3tuAPED kYjnIZrYweujS6VvTi8jZNbsdaHBw/EXFYcq/GrArVZnOiSQ9RP8AbsOhNZa63fasBGNTpsUNp8SMjDQbxr73arcT7PQ2mc5ej3bvUH/UoioNMvcA==','','G03'),(112,'A',NULL,'PUE','00001000000508148253',NULL,200000.00,0.00,232000.00,'ingreso','03','CONTADO','TUXTLA GUTIERREZ, CHIAPAS. MEXICO',1,'PESOS','PERSONA FISICA CON ACTIVIDAD EMPRESARIAL Y PROFESIONAL',225,160,'2022-11-04','17:51:02','IVA',16,32000.00,1,NULL,'admin','','E8ED0635-AC21-40D2-B709-B5E4EB248649','00001000000504204441','2022-11-04T18:51:02','SKDwcDYVoeWeWmkG5rWc9YFctDf0mDA474cXSTTeywXtXaFv2BzDEgKlbCm7nKsBGjZKeB/Pubes6QOkZnDN/Sd4PJ1S55K5C6MVaElgIqsv7E1xaVSDfpgYPPyqKiCyCRVoPMTTEFlvqikXJvuIxnKgyjgY/26YHyIsi7gncqizMsTcCfMKDFO19VpwoUdZmhIhklvY3k7ktzoC05KDeo5Qv7PfRIV39/gONdMsIDGZla4wcCrEdVtHllpjZzB4YjNwhrwYrxMEvqL31lucaWba8ExjVwk/4gCZFumlX3PLsHKkS4ztQ5lHOB2oOK50zhp1NAn5zN0cQGbpjZbiEg==','QhmPKdGXIqSsDk1TPMTUMMBza8FUKN512s3M5lMcZCe/Et4LaLUrYdUUD jpILid40UkGlpZmAhaA13DHVZcDkoieViKrziSwpDIs5bRMIiWj/ bA33cbTK6HTotUicdIzQy6m12b4BcLKBcYitHIcuaa9l9yQyG3ts11OYoUCdM/gXFj2 hELlsfr0A4ZRZ1WNUPKIbyrqJ0R2Jp3BaHXQrsuI13lXkg617jAc6twJs6mQo8Sp764q/zAX6lurvY6Od0AeLunKwKUtBIRpeK/AvBoMz5hHTWeHp7WeV0iHGFBAUj3IboczLwK/FMEXbH29PKsf4seBRm MfmsSeuw==','','G03'),(113,'A',NULL,'PUE','00001000000508148253',NULL,36000.00,0.00,41760.00,'ingreso','03','CONTADO','TUXTLA GUTIERREZ, CHIAPAS. MEXICO',1,'PESOS','PERSONA FISICA CON ACTIVIDAD EMPRESARIAL Y PROFESIONAL',225,161,'2022-11-04','18:00:19','IVA',16,5760.00,1,NULL,'admin','','9DA1628B-310D-4DC2-AC83-80EC1540E04D','00001000000504204441','2022-11-04T19:00:19','ZNZntHvEjqEYEkVaquhc06R0VLRG4xq/1tgyU Q/omdvcfh/YVx7ZFU08PK7KRLg0QvdWW1PdmAVU5TpbXhHEw26gua9Xl3QWmpPVme6pDmf62jBE72DagzDxkEWc2Z/fovdphQsMxJ0VXDWkY1ljl19MJwL3KojK2KD5Eve2w45EjgL5NvfWf9nsERuIr3x/5t4ClXoFomO2oMcyIs2 j8NBStGhWzawEr6th HOb3i9vzMSylmZhRgiPoB53cMEYV6PyiOHja9BxH8M1mQJ3 L8EgxP//0jo7uWhIMvKtfVBoq40E NEcDl7vm3yUhsyBJ67AZb5TebsPUoRGJpQ==','YGv6ryaBrg1ycEwJuNkVgXjfXf0XSWj3zCoVcVKri48jxCjNNIouTEXYLcT2BHClZLq84yWu GPQSQK56PHDMky97cMFKorlRoLu2/oghEjIc4b3D8Pgcn8vlwH hZevNi2VawIqlwlL7MMBa8JkgJyWClz8o0LNpHWPjbCZ3X1cDrp7g/aiaHhX1kqbEKL6GIKoxD7flPaOzdzFfea0osQC5Qu9nQXZJNC4Wb0QAVqgJ/TUhE2Drd5SX/3K/vRt12smF8 DYU KdE9p/ZHvxENafuJUnJITg85jttDB5FbcFsWsN6GiuDQUTFVbHfvqavuNI5BoeSVrEjLSOes9Lg==','','G03'),(114,'A',NULL,'PUE','00001000000508148253',NULL,34482.76,0.00,40000.00,'ingreso','03','CONTADO','TUXTLA GUTIERREZ, CHIAPAS. MEXICO',1,'PESOS','PERSONA FISICA CON ACTIVIDAD EMPRESARIAL Y PROFESIONAL',225,163,'2022-11-07','15:05:53','IVA',16,5517.24,1,NULL,'admin','','560EC734-7259-408D-BC5F-0323E91EB8CA','00001000000504204441','2022-11-07T16:05:53','c4pjciyEo m4235mZ6oxQkSI2O1yOduHEgvw3dVDUrVY1UdDM5SRWu rVpr9X5j90q0XaTwRqQxXghp44Uoi0vxNUha43hqd76DVOTUmgNaC4HkTgxdi7oucYAOiLNxWSy/HVMlpPcnGMhU9777uEl30X68UKh9Z9zmipialv1xPYF8qbnGWwYGB0lBSi9LtGehGGYN2DCOx8FKMFG1fY4ail 3p2OHX1nQKcLHSeI1Q0c9WOqGgTsBRw3Sfz4o4u1amWw5cUlRU6WK05UUKUOsBpU L8PPYuThGJmwXB9cJNYMmYOgB/87g CCmKvApSPtfzj0dk3qYeFaqojaSSQ==','JopwCjwJuASwwzqFeUuRQI9vnAdTuiIA2TYPH5ZImYMeoqk1bmBKZoIxTLUe/OKZ/EWwWo5ybeMI37a9tRd0Tbj5qCiADY F9OuhQheElN/EBPF9H2gLbEB9IC6mLoyh3PnfqDf GFirNon31xDU03hUFuR2 J8saTa18a/J9PQ8s8rXdaLdn5IY4PZVaM8IqqPcXvXYp1GUNIAd06VZtWjrB7Z7VWI793yoweynval3d8aecYCGH8pG/N04NioPGL5bVdq4xS1DzZEdZYEHgQ2Rf9WTvbffV1PXZonMnAkiQ1HB8cuF5tYXnsOY8Wm6RXepb0L69VwQz5iEIMuoBQ==','','I04'),(115,'A',NULL,'PUE','00001000000508148253',NULL,1724.14,0.00,2000.00,'ingreso','03','CONTADO','TUXTLA GUTIERREZ, CHIAPAS. MEXICO',1,'PESOS','PERSONA FISICA CON ACTIVIDAD EMPRESARIAL Y PROFESIONAL',104,164,'2022-11-08','17:20:01','IVA',16,275.86,1,NULL,'admin','','48C20CB3-398E-4D8F-BF19-B71291B8C6F7','00001000000504204441','2022-11-08T18:20:00','dpbMGWtcSuE1muKZeQjGnyB1SLzxXqvdvF4AOaWAVlyDH5PW4E25OeBhUuTFhAlmoYwgxnWqyFhLrjlFJB4Tsbz2O8YkVG8LeRhCsbvZjDST/GuKfSnf/HYYBwI/2njjPQamFD71zftjLMNB4o yRwEgb o1RnsNb4teLiT9dlt/hgooW81OwXh49hRtX25XlYocHsWQ6 oAhU8UqpjSNRDt5cdVqQNhlFGhrPpUm4mPpttgnZu7ts5Jr8j0IhKSxfgeKWGgJbU9bkxZIIh2SO OrzThzZikr7rBDMB7Grx9HM3ElF77UQYA3Vh3mzSwaD/Lm2yA1YtFjIbu2w6nOw==','lvBiw3ca29omzU8rLpV OAqKlUNzMlW8ho mEWQ7ghi6Ay6f OhwhL9FCnAxetkEDB3Ig25dH2/I/AvDAQrlLDbyVHUORBkztO0gjlMWL1pS0c7iVFIpVvdGf1TCzfZOEPeROl1lK6J6wcIBJewzzwEmVmuU2TvQWurbd Hl4JPT xCoba2qvwPVTqZN2OaHLjzPzHOPFsxJgXRWb2zbNiDJRfos8IgSeAjeURmAAl0N7MhP4u hwr6KcSfwYYeH5oR7rSUDNDHh6nDWbKgupONkh9/CalM6c2iS35eWg6n17wnrnyPTqKa9uBTtXnvJRZqkqTQRq66wqIqTVI92hQ==','','G03'),(116,'A',NULL,'PUE','00001000000508148253',NULL,4155.17,0.00,4820.00,'ingreso','03','CONTADO','TUXTLA GUTIERREZ, CHIAPAS. MEXICO',1,'PESOS','PERSONA FISICA CON ACTIVIDAD EMPRESARIAL Y PROFESIONAL',303,165,'2022-11-29','12:59:52','IVA',16,664.83,1,NULL,'admin','','A11FA1C8-780C-464B-9849-7D539D61FFBE','00001000000504204441','2022-11-29T13:59:51','vRr6Tmqp5GziIWV1QapgMSuoumM4lom0FGBVkb7mkcXziV wQHqsVFsu3lWY7HPDuhNFJCpn7rcjSIiVz7lmKHI8z9OJ GoAld6UkbHuWL92WiQh7FJQsmkomxswuw4adgQ7g4r nYWWh6f7q2euc4FMzOpGws2okV5J8jObtiDEKA7R fsF8BAB12cVvvmJpln5XHup47QL/UKxUZFLxN4J2B3F PANLOZbgqzT/ThLEvXTO6k5oMEwUuXigTENAX3kkCd8Y9xQ6DGbQmmeEGIgu8I4H2U9xOcAGcCpexi1Lf7KCQveVGXpeG0KOEj7kb9wgmSrCyKJZui/kwrV6g==','ChiBAs5wTPTZgmFzxj62o06trnWPwwaTRV4DWBNghOYq29MFPs95btmuTQaQFgrsYqeqhy9II/4Xw5R SUO3OJCxwwRNMzpvsQzydhSZ2PNKKQeQCKG69MaIL2/NLCY65ZqZlQ4 SpSMXKV2jhcjNMpBFvtMHF1eWHIeeuKCViRb61/MCJsWjEkXwdYjSK49nCEjfVseSYNrfip JlYx1p/X8Z83Hw6etW0evzYLcG5yLBwC3/N38vSbz6PuvTNx5PGAfuZlP3Srx7sB OI9zlUDun5suRWcT QmUwELBeB/QxVwOo nFuBWVr6hSm5dJoPMaHLJ89Nqs13USuHwRA==','','G03'),(117,'A',NULL,'PUE','00001000000508148253',NULL,36000.00,0.00,41760.00,'ingreso','03','CONTADO','TUXTLA GUTIERREZ, CHIAPAS. MEXICO',1,'PESOS','PERSONA FISICA CON ACTIVIDAD EMPRESARIAL Y PROFESIONAL',302,167,'2022-12-05','16:27:36','IVA',16,5760.00,1,NULL,'admin','','A9353A13-AB19-4ACC-9E26-4D20EAB55FF6','00001000000504204441','2022-12-05T17:27:36','Y2EPi5su3LbJfAeukg/Ho3rklwtrYIYrpKJBPmKtTZUmSrJR2Tm8BXJhDC/j2PWHf7P3e39g0tlSV6EYzV oN9UTH9hTfBC4y1SaRW4Yj7TOs3E1EdLoCOU8t xSxkSGrKEhhSr5MPw7pYzTJvRxqxCKLuLkeJLeSCzX2qVZSVuHiJ2FFUkDsFQS/k3d34YVNpg43IfvOcNiX3kZ0JMoGy0kCQzBPYJv3 tSvSv0cFh2Z2RFmQpWIh3 8Q l492hffsrjf3rywWgnL9QQ15h4UDktwwu0vKbt0vXfwAWYiawCAMGt/qYgJmVN0pC7ROESwk8nfWR4RbRMOflSKkxaA==','BV904NlAXpP8LLdyPhFFiclS6bA9pN02VNFFIG rgAAeak6gXoBZnzTzDp2bPOraDzIjs1Sg3o0FAKJBoSpYe4nM4ECm/RtYgx3Xkeg2smRNuPHscOdNNSumYEvwDlfhCeHXHIJFvIr6AkAuttV7oYQEE4hYvO6X9pJkyncin9D5cY5CaNmWcQ3NTR TRwMiIS061BeFSv8OROV2DT8SkNo1B3URLyxIBDMTiiRy/53AwrYMvua8b0FVuHrWwcz7Q7Ppl53ljIKxMgryH1q0gu2 cu/A1EmDC7C01kimXBeue6xXwJU4FScWiXEc303IpzTaxBb6XR8rEqQk0gY8LA==','','G03'),(118,'A',NULL,'PUE','00001000000508148253',NULL,50000.00,0.00,58000.00,'ingreso','03','CONTADO','TUXTLA GUTIERREZ, CHIAPAS. MEXICO',1,'PESOS','PERSONA FISICA CON ACTIVIDAD EMPRESARIAL Y PROFESIONAL',301,168,'2022-12-05','16:36:07','IVA',16,8000.00,1,NULL,'admin','','2C55AB0E-F45A-4082-B521-EB243412B6D0','00001000000504204441','2022-12-05T17:36:07','XTKm76mHhenCvQIyGlzytk27nmEGg0hHTKAOj 9mlsPMGZPzsA2l5G7wmDKgTQ7vUoCVZfwZA3vwW0CED/KVoF62f0AUnN0kWiD34zrQE11B5pBRwywCG4 9QXVg7TOMCEZCkllh UdJHcCpMoB8r3Y767aVAcq2LSFJ0UB4wBhXv7kLI8OtLAe685ErBZrO1OeZsj/JVeBIjRJXRFLMuIJK0LzvXnfV1CBzZbCjisTCII1VEXrG3bF59xLoUTyoN8mmtXIP3hQC5qpvzx4aiUjeW2zDS65fEBcVirDT xtTwbKHUhcj3HUqKUsR4ZUWbWbz57o2d5EOSyG IeFIxA==','IxGSWKR5i nhku3AS yG9JH7qXSPA4BrXBNr4TOdC5CzcdvUdXFymU0ABjM8wO8bHqxYtFcKLzO7jWxSES3P7qOVJxA9vBMq212PYNqsXp6Pm9ztq5CqpnEc0gMWk5LLXsCx46W0SoF3mAA49WjYQZC1EI06RekXFLGYC5d1HmStlJMcsv4qPYtOWugLUDVSUU4Ak CtRg361ipr49ti 6j3YxwfGp6uHUE2gR8XUxa/iWyvN2GAGQLNWM0shFs1z0XS5Yv8LRYI1nbVg6Uu6IWTceRPU7hZY8yTDjzMXrv0FSDD6H4SjdjwvrwBYUAREo8DAE8HmeQq5fEPa0iNRg==','','G03'),(119,'A',NULL,'PUE','00001000000508148253',NULL,818.96,0.00,950.00,'ingreso','01','CONTADO','TUXTLA GUTIERREZ, CHIAPAS. MEXICO',1,'PESOS','PERSONA FISICA CON ACTIVIDAD EMPRESARIAL Y PROFESIONAL',302,169,'2022-12-13','13:15:13','IVA',16,131.04,1,NULL,'admin','','AFEEF109-A7A3-4A34-924B-CC8C746A04E4','00001000000504204441','2022-12-13T14:15:13','lz997A9kwHkL4yN9zvziFAlw5rWIRlRXkAig3yA0O4yhU3JIJqiWAfXWMTWnmOa7/HSRRYA5kt 09/VkyEXQmlI29G9d3qSYxk/INRWw3bzvKREwuj7Wvvr/SPvdYzAjPIE9tzOPnwod0wRIPTs2rEkeY7GgxCeIKNUBa98PdxfaUXUVEAbDb9Us2SnrYLgUQaM7aFyWbxgDrRjnnKkX6JETqPmkrAGzlcSWM T8z6Xpya0674NtemW3c4lMTkZOvdnyXyejdeh6T4aBR8oZkoD4ISy1idv3WuubhEW6Y93xn5MwXIT1UIJNkz6LsRwwKNXSqRUF8I VxW P7uhgug==','OoUeChTmRfGJ2KPH3VnoXK9I a89sLFrDse6nFFkdOdi8SHPwjEE1Cz3QfY1uGbfMKk1TO4dvMU93MbRkl/ghDD/DROLq2hdEOj3oMTgxbZ9wd36rURCgtKz8mLG8OFbLa4nduR0r9178k0CHcLgAbgn8lV14PxRNR4EoZspn41IkK1BNTKUlpVetkyZsuBonBBQEGGh2BxmZOfGArP8ts9RNnDOjogUprlEL XaA4BWWOsZkdhW ywr9Jv/TSNYZ1j5T wfriCfRtIr7pGsAA1SS9AF v6ge5WmuB3LgQO22jd1L9E20l68ZDKkMlQziWpuoMvrarb2BdFm81xlMw==','','G03'),(120,'A',NULL,'PUE','00001000000508148253',NULL,818.96,0.00,950.00,'ingreso','03','CONTADO','TUXTLA GUTIERREZ, CHIAPAS. MEXICO',1,'PESOS','PERSONA FISICA CON ACTIVIDAD EMPRESARIAL Y PROFESIONAL',304,170,'2022-12-14','11:13:31','IVA',16,131.04,1,NULL,'admin','','CB0B2175-D735-4B04-BFA1-428D0B8452D1','00001000000504204441','2022-12-14T12:13:31','KQWtYGlSnjY3VKD3s2A1NWU7aHpU5rRSeM2JE1iENcMdWJx3p7QT XhEyjWLqjxTyfvLhp0GXkbROIKPp/HIupDTIqb3KbUkD7D6LSBiYUowb91hdhpvsTJy2fgfeDLZtZTxyiHcBaMJ2 ZX90hf1MMbhOQaqE101yNbN9TaLm6PbBgaQI3BVsSrXOsHsmSNbuStyFdbLtzwRWxVBSpcCNP0Rb7UBZYvug 3oHomk6I3ia/ivpvG/tb1Ccq0cissoRXna7V/XHCvfHaIWJONuw6/McvmYUV0E5ntDTczj3CFG8bK5BJ8sFtYQOgG7DBinOnSb24vFKYO2uv6GvrmkQ==','INCzwdjLTzDBvKo9lWmmmPczCOk uMoFwTzkTSCw7ioW5n W/7LSu5dO2VT/htBZ7tMX2KgyIOWGMWHX 9xnwt8NCTSaKfYkyPQCHvrtMc0RXbc6n2auqXgRfpc29iDY/El1jSJdIj0FjLH5uoc0eXiSQFCiUrQNQtEeatCrdoFf76NsNmY01xTYKm1Eo0D8yCWR5dfAmjfS0gUmo9v0RddZVrwWTRFgJalzV/B0n7zOEgUmD/AtFPL/80DCijXrgk8MbHf1xgVi1Gl/TMCgEtp9tjX /YqLOixi70V2PBHK9TxoKkQo1M6HAYaELW5wOsC9lEwryQloS9uft0uKqg==','','G03'),(121,'A',NULL,'PUE','00001000000508148253',NULL,17064.65,0.00,19795.00,'ingreso','03','CONTADO','TUXTLA GUTIERREZ, CHIAPAS. MEXICO',1,'PESOS','PERSONA FISICA CON ACTIVIDAD EMPRESARIAL Y PROFESIONAL',304,171,'2022-12-14','11:45:08','IVA',16,2730.35,1,NULL,'admin','','AD4DD234-28C5-4A01-9801-F6434506E6C9','00001000000504204441','2022-12-14T12:45:07','rnmi6ZdGXrG PAWb7uMBmz928jmugh/iKwe81E6SjNMq30x9j1/Pk L5eNidqaJ3IDGiFS UCKxAzw2W9Dpz0w8AUzZiOfbW/q6sq0vBzW99K0cP/1nsVXKc9gdKWuSGqTaZ2BiLyEWNmlQWfk4e4XXZxE4DC4QFKBNFnFyylZKK1MV049wlyKxQRtE0DQ9Vw1icqR385s 3632FilQua8nz97ejuFjGnT4IjeC U6y4gsKVvU9sgJTy18K1o7zo7xmxH mB2vcaDZkluoFHODTg6FnLRw/dRlTmHGuOXgT8NH3opDJ8Gifkj8AsPBP9GwOHGdFwwx2aU8aT0ZqR6g==','H4yfe3th7jX8ZgR0ykiZyJ1ZHGc3TFM4or2NuFsAuQdVYTXzbAbx3BVZpH3kL9oEnyZBAnlOTeCDlHF4QFQl9bBBwut0MgMBcHxsk2qw85AWSwHQVhLAtHuOKPjbFaQILkpKmMq6EYOLbtkvWAeaFQkvPULV4tqpjdA5UndIJTyWsyRqRInrJK42JnZnuETvgoOpz7fcJlDbsyryAN9WSq9XN vn h/S5x09xz8x2m3nuFkND2v64NnrynZacvoZegntlCOtcXq7edgDzVPRw0U/Sl58GLO7rLUBjYsV1UcBPuSNlZEcAOrnfysdSDrFhHkWgOze8VuTBC9esgmoQw==','','G03'),(122,'A',NULL,'PUE','00001000000508148253',NULL,3000.00,0.00,3480.00,'ingreso','03','CONTADO','TUXTLA GUTIERREZ, CHIAPAS. MEXICO',1,'PESOS','PERSONA FISICA CON ACTIVIDAD EMPRESARIAL Y PROFESIONAL',3,172,'2022-12-16','21:20:16','IVA',16,480.00,1,NULL,'admin','','C213B90B-7DA5-4159-A6F2-7B9E0764DAFF','00001000000504204441','2022-12-16T22:20:16','f3xpBZfIKDfnvaxcaJEdTKYNsLDgHN Meg/543O23df30/pHIVeGiS39 XO4rQQ/FdRO78DOcpmU9bFEp8EEXVTz5GZvq2MoSNXe4ma9C9p1 S JKZjvlpx8W/JxNR6SkrSBYJF0gjFG9w0p5GWjz56NC9bu4QbeFtIC LM2gtqqpQTx5SuPEt7WeNZXY 5YkmhSo aAWt7dxX6Fktwk2SSXJZJbITBGhCmVT1IV6osMy2KYZJhjlFlax1On AsfGYozKV7axT87RN4e4p2Ub2OVi/fNjMRNWYlWwX8N6qFw v52JkgMwPAnsgFJ0KOMYlSvpPSZKD4dh/2J7St8rw==','e syuktnZ 5O5QoRDF95hFIrna9mjuJJTkxs3c9RZxK4anr/3JpOoUyFOMvITobZVBpBoK3iQdXQRvLZAKtqxKPzI TlkYzohupP1slN8TxqGlmcKyKz04pTDbkizznt0k9I6Nfg4xYJCMuWmFqvyY4iCqzsdhrZmQwQhLpzKOfixx49mQ55fjFR5qifawzlnnrI6 dvecElath4RFjnbuvAMCYs 1ekWU31kkPJVTO0Pwv8YUOgzyJaYk5YQQQ CuZQvUv9xDe3Kk2 ZDtBj61VzmtZ9ahqsnV40XgRGzLMyTla2FX0dJOys HvCPM2raudSAs6rWgWv6FgALv0/g==','','G03'),(123,'A',NULL,'PUE','00001000000508148253',NULL,1724.14,0.00,2000.00,'ingreso','03','CONTADO','TUXTLA GUTIERREZ, CHIAPAS. MEXICO',1,'PESOS','PERSONA FISICA CON ACTIVIDAD EMPRESARIAL Y PROFESIONAL',104,173,'2022-12-30','19:05:15','IVA',16,275.86,1,NULL,'admin','','5745C0AA-9FF0-4F8F-ADEE-BA9CEE6DEEA1','00001000000504204441','2022-12-30T20:05:15','nBT4zP5AxzoUbwd38zDSq5IOxsWW3GAPbxsXFSfIOKYIUYf267Is1uynda4edIHpwuwtXjKpfs0f Jx6hkOqlNz03a7LUepdVCXRYYANrjmWHYcmUnNj2gT6W90xUeucTJKiPNObjh4G39H1IIw1JP2hRGHmCtjTag7PFpW/pvk9HVoXcPMyq0J25ezYV8Z6YKxY lu4XxSDnF1YxPMcbPZJyQ1dIOZPzwWHjCBaFpMSovGhuJSGFYOyM2 c0NsjgCQrgeJ5NHGAXP7vOkQWfR55Li3Wd34dN9jTLokKkJ8IItGX0kp5JktPYdEcGl/rdkPpaKt7 Xwo1XM/DYBpgA==','O7yu8UH9ttUbnI2yNSu7kE24M4kBW641Jkh1QfYISUgUJjT0av1XQybI8VnyDMWqselnM gQFb32etrKXjisdf3dp8zpsXjRtBNVqPK0sXXRGEzNFAfUO/w3SlMRxpGJK4aViKYewrfhV9MByFVA7Q7qwsFHrK3Rpr bZ8ciPP9pOTrz/3sWoNXsMwg6Jfikb/mB6AV/tkoaXlDzlE6mL5nVyL2ovyCBSOuKx4jaoJ O/CPn6Z1g9M8cg6bmXJBBnljPsc7ijqHoYM4rwB9ZaGyDYlNhjXjaLOkFRXn1FQBY8FNWZy4JW2n5GzjYaFvmq eehSrZ6Qk1tPQJpOqPDg==','','G03'),(124,'A',NULL,'PPD','00001000000508148253',NULL,468000.00,0.00,542880.00,'ingreso','99','CREDITO','TUXTLA GUTIERREZ, CHIAPAS. MEXICO',1,'PESOS','PERSONA FISICA CON ACTIVIDAD EMPRESARIAL Y PROFESIONAL',302,174,'2022-12-30','19:11:09','IVA',16,74880.00,1,NULL,'admin','','D2BA6037-3DC8-4C57-8B6F-F59B3183DED1','00001000000504204441','2022-12-30T20:11:09','ROJAg/zx6t709zMK2L/XydY8wi0QBRt8xCR2sNHaHN1d09IeE4SH3 1ueGFup8B1Is/XFFByamzvVGxqFQoT PG3WWskeCuAQK3h8PTbOsMygLfxGJDWKQV3 259gdEKZ0VEch83EDHMsFdELUrGbCLwxPwr4DcDBGm2NNDA1lwTWFSSe /JFt oi6/jSQTqagTHNTOtY/EduSkdgZ7smcomJNJTG2DOt5dNpeWjep QqFnEp5zSbMDamoSFjVrTCbbakd83D8mHcBHM2PpImLqmnkYfK/t8tYPcVRHzBP79NZh6XovUAWY8K6dwgIUvaW1ueCgNThho7cRXlFZKUA==','LojdCW9Lo71I01pbDBzza5GPv5L9sfGkm84ohTL50 Z455IGOIJDh8ph7J61FIfDhgndx3vfDpIKbrKcuJtR7WDbsUBgo47KQBRomzOTnHqDOGbg2uNzLWUMh5SUiG3ezwI39Dgy8zNbYWsob0NUD1 tQOon o3w6TuF8gFcQjSigizCwHrAZG8ANting9WljEQlrGIQ EG4M UFui6SvfBldwSRCIedRXiAlfEJFyr/CSSOevFfCIG2c4HEd4TNTmpu4W/7g2KYL9yqSw9TTvjKYvplfRVbehpWxQDrayPwFljGnYI2tIdx5Sqw8Vhmi9cFS5uXy jYI/mhJBJ7kg==','','G03'),(125,'A',NULL,'PUE','00001000000508148253',NULL,1293.10,0.00,1500.00,'ingreso','03','CONTADO','TUXTLA GUTIERREZ, CHIAPAS. MEXICO',1,'PESOS','PERSONA FISICA CON ACTIVIDAD EMPRESARIAL Y PROFESIONAL',103,175,'2023-01-03','16:14:07','IVA',16,206.90,1,NULL,'admin','','3DA45C41-4D36-4F98-AEF8-96CECB240AAD','00001000000504204441','2023-01-03T17:14:07','UIOXD0laSjvRieBksZAeW7ywgYh2O/IfpPMnwv0xhZTvfRKvrquNBvjt86YqTNSkpwjitKFaRVdVIpO2sOvrW1j2QWTv0ICG3xJgVBuxEgJLywYobgYY58J0yoCKyhULcBgnUbq 2kM3Vko/fakDklXWfYWmGS34guEWMzFjHHsI3pTCcVraB3pkG3OxjGaafRsYzUglLdVgutmZ1TjOWiw9G 8EiCsG7/L2V7UWObividylFFcflDXg1vgnHQjP0a9Smt1v4dk8ethvEmi/RbEd3Dbs9X EiUsML6 oobIhH2xgow40s Tj/r6PTlOJRMK5YtKLqBE2Q8QkT7fCbg==','X HGIgXkDgM5o tD0dNCXCG7Xfh6cVlDDsikmQ4OPerWae/PxETjHe9xsu0fZKBBrIKfz5Cc3rYOP/QEEPpylAZBghJCw6MDtYAcJ52BAweSER9MvXrkKh9e1xIVPxwt zA2MhEjkfGlbLhTA1GO0f7WSgN0CRI3sa8cAjqmiDCeqCzdbtYxz/aNNLrWu4co4wPbCjXsTALEWhEvSbDmiRYBmE4B4Bv94/qukrVM1QL6r9HNoMd50THUTIHrahVA0uB95Qj3b4HpWgu9dFN52wxU2 DisBGWvkrclE7BtDbXtTOJOtNBCfpG9oN0UbPcTxMK 3x41TyxCKwx6QwRHQ==','','G03'),(126,'A',NULL,'PUE','00001000000508148253',NULL,1293.10,0.00,1500.00,'ingreso','03','CONTADO','TUXTLA GUTIERREZ, CHIAPAS. MEXICO',1,'PESOS','PERSONA FISICA CON ACTIVIDAD EMPRESARIAL Y PROFESIONAL',202,176,'2023-01-03','16:14:46','IVA',16,206.90,1,NULL,'admin','','3A32A0C2-2A50-4780-9F99-46B865FB067E','00001000000504204441','2023-01-03T17:14:46','H/QufGDtwvEOJnFjdsn3bsCjw3QCxvxbHKHi7F7QAak1EaJmXA6PNnaJzYH59NXg1muc7ibSQwmfdjikDsJYyF5koTGSqytPxVg TWqOHUa9y8smTjvixvCZe xLeC1mY84AUp7PrBugrDCGF1U2HlPUNKiTOdQmivnYuRGykZb1lRazNBXeILw2xY0hiJxtPioBGODe7vSA4F380Ayknslro6FxCadKBojrpBRvHNpCBr//Un0Ql4S98KISzlpJz ju1wA7dN5DM1lWMpSqLsn TXf5t/L02VM85qscdpXQUR 5w/dk/Z57TvmtglXFKbQHJyFk9ZqFmRpFa4Uetg==','C2O6wag/wMP3uuZYAVuQgdawkMjpnlHYwc3GMbBZI0h7Hul4ox97Zm0xg8qAPv2A4GONVtxK uBHiq WkqhncBbnenL2shD0kLmuCgVfsRc2gf9kPKgBFD/fAxCUyX0RXPGysLRpIXKVdXsktNiLPeYKdIZewwM16FWUgiuAJWNlv nn0WfDIja1AWpd3ieCUOmC6YbSCYF88W8b6FQ5JRHA qdxNlM07GRHS1MfxevDh NsDFqf9eAl1cJ QLwEvDtroNIAVjFsGq F5/zV9OnU28rLzYYlKoWpBEwTzkftRRzkfvuaIZ080mK9IOEa8CgbSofgxe6k5fWYmGALzA==','','G03'),(127,'A',NULL,'PUE','00001000000508148253',NULL,1293.10,0.00,1500.00,'ingreso','03','CONTADO','TUXTLA GUTIERREZ, CHIAPAS. MEXICO',1,'PESOS','PERSONA FISICA CON ACTIVIDAD EMPRESARIAL Y PROFESIONAL',202,177,'2023-01-03','16:15:15','IVA',16,206.90,1,NULL,'admin','','FB0AD1F4-6071-4C34-B62B-BD6F2A8EB6A9','00001000000504204441','2023-01-03T17:15:15','JouTK0GrGPDs3SNnCUxYZVk3UMt03G3jPQj57obJPwU7kzcWrQ2VpPcV8vAH1 xegejwpUsZEzNsys2KmVnlEQceYcAyvYlQevX9rEKjlH6Q0TaLJ55yEbXWj/PeankbZKrFKaSkplr G1z6nMEueB mN614zTt6VQZMIHWmqZe5AaSpC4WQLANcj0a6SXDpGcPLKahGclxa5cjiQ4BpxlOX25xqxu5YcmaWn/q2Y8zP9JIDi9L q6svlGgOIulHJPiTheT1lXh5D9zMtgV rmYuTWYb10GVTo0ZDbcDZi1WTrvOWRHJd9QQb9d0gXht912RhQbdSTS5xPEzbUiRvg==','cxY/ED0FWW9YmfDgaLOIGAQbs3xZQSrp1KEZ TccyCMqnTYD6r70u5lRK8KRIijroKHRJDH2wV0NoxgLGPkGbl/HYP4hLhzsxATD21/BQ/rMxlfqI1eqPzPDtACyIoYVETa6vw9oIdNYypriuVAkInLRu9CoqrXMKtjAqWm5cpGK35d35zI CIpzJckcu1qHvey967WOoyjPS8u3eswoEZJUmhmaT2GcPACtXU006qaXTbUqmhPcOfR8SJXr2ZJQ/eWZlGN 4VNRQ6vqVmoeN/BIA3NwayVYIJEh0cmDmJh0pXK0J/gMOb5Ut9YLrPw9csgRWusOY mQgKcl7HV/Uw==','','G03'),(128,'A',NULL,'PUE','00001000000508148253',NULL,1293.10,0.00,1500.00,'ingreso','03','CONTADO','TUXTLA GUTIERREZ, CHIAPAS. MEXICO',1,'PESOS','PERSONA FISICA CON ACTIVIDAD EMPRESARIAL Y PROFESIONAL',103,178,'2023-01-03','16:16:38','IVA',16,206.90,1,NULL,'admin','','F2AA9BD8-D5DD-485F-8505-42AA2B1B6BBF','00001000000504204441','2023-01-03T17:16:38','sLoLHWn50Gr2Eb5P3QrBtALVmCXmIUgs9TIPvcoEZqHemKpU0pQOSZKhoRWidiM5UgEHRhJEQ3rO2NmqLpyJS0 MGKBcu30U4VQDf2CfdsHtdvgWBfrSD//ck6z9zZ8Q4qpJ3eg3wYZyKnsB7RxAIe25sKqFb6U0nZyMIE25dgwIVtr9r1XifIa44F/iKVUYp5gsblfDgigHw2v0ds6SGPLW5VePSPbrke6CV/QXCzxOE4GW6i6Ma/yqc0qSpguCSmU5U8wK06jA00jC6IbYwxs3/KttnmvBc3yPg3rZYlpowZJVjYbrkyJ1NeYiLwQkZo8CAfkfHbUPK2tiDMcnhQ==','l/8S1guGZr9Fn0W7ECKl0Nrq574c4ZGGQ3aNaOQqjMSYieskfDFWDpY1yFE7LunXZGYxw3dZKycSnwCPb/1LAv9ktrxDBxu2qfi0Qn4EQpakVl50NWGRY5g4khH8nfoYXF7mqLlIByfqCW98 HBlXfRTArV1IxdMV2LFj8R6pPfy9P UMQZtnR8m65zskofbScMDx3xRUpSIDchNz6Yf7o beKMvXEqPk2JadvkZ7j6MHo6QkvSw6 QxWCXjdbT 49yRFV6FqCVMzpq0DH7pYDUD9T4aWaypSBtnYibHG fbF9HacWEqOS5BesbpMcjJxfHiZRnx6y0YaMDagdpqLg==','','G03'),(129,'A',NULL,'PUE','00001000000508148253',NULL,1293.10,0.00,1500.00,'ingreso','03','CONTADO','TUXTLA GUTIERREZ, CHIAPAS. MEXICO',1,'PESOS','PERSONA FISICA CON ACTIVIDAD EMPRESARIAL Y PROFESIONAL',201,179,'2023-01-03','16:17:47','IVA',16,206.90,1,NULL,'admin','','D874A61E-2541-416A-8CBF-D6449FBCF0F9','00001000000504204441','2023-01-03T17:17:47','rJZfMaBGtmuTnVAIOLa6KTcZjbLgf8dUOydpzkX3ICSh9r/PWh3h7WL2LSmx0Y9crMY9xHW3AnQ3179D67dakQyrFPwdYIQOTUDtN3bBYpGDT3gX5sA2A2HM6IlMGJtdHuVbNtq4xdUlhQbiKNCIwM1b2vvWfYXNXSsqXDgGQH92zJVWuG38f JZf1LrqbPhrDjWjcfavw8nLIgfwT25iPElSzNKaToqCHjOfyboUXtjQjxEYU8wUHhAk6pZR60oqh20JTxD7GUEI4McYpvB0fpJJ6Xi uVGTWWpIhhYcldZbDpXxMT6AE58mW/h3216kAI8yyV2lua5LDJtoAk0Tg==','mDo5iLbxNMdfzKsriLn6w0KReJqZUEqUgjH MZz2KthOwShKiaarEjUcI3ya8UN7Wd3Wag7rpTeSa/313TOsCGXBcOo7dt9gx/jcAastiY0Vh0jK2fz o4rQ8Kl3f/NtcHrdVrwtOQ69PbV 4mDacwEw0V0Qjqe DzMR6dqows9Y5wt972F/Z35gGUP8dBAaRdrKNoB7Q4dfUyFZ8f/Mm7xeJS98ohHvc0nyLjlxQxi e5nIVLu5fxuiret15qsUKrZHlZ1Msx4DGxIQRZt4sMjXAWAJNMSieQ67YPLdEXfNvPNn6EHOPfD81T60TinNxfKIpKoFM4ju8FmngKkr0A==','','G03'),(130,'A',NULL,'PUE','00001000000508148253',NULL,1293.10,0.00,1500.00,'ingreso','03','CONTADO','TUXTLA GUTIERREZ, CHIAPAS. MEXICO',1,'PESOS','PERSONA FISICA CON ACTIVIDAD EMPRESARIAL Y PROFESIONAL',201,180,'2023-01-03','16:18:07','IVA',16,206.90,1,NULL,'admin','','279FF073-6CCC-424A-8D90-A8F9995E6EDA','00001000000504204441','2023-01-03T17:18:06','YbS3PnJGgsrZz/AQHYeI6pWOCto8PZOWVsEx6MJT2AS/pKxuUg2UmWyyKLaBnR0raX my9S3PE DqJThwH8qoO11E2LSYQXbra9fvD5qak3B9CubezR6U3zv7ra nDJ8XCoVlWXBAMIra8FLxqBGz7JbfyCkuZfagAylQ57D c/1Znvq6WoBDwanWHdfgQ URi0WKuSKt5/J8HhlV0WUMDFN2/NRVJBAvDFDz5G/NLCX5sf9xZOo HEuZdXHrJSlYXVdEt7ZrTglx4Ffm/5YtYtcS20PXMPhnh9JpGByTRPoOCmeOnWytLtH 4wUa5LQtpOPcJrdPPqnnfRsj/bw0Q==','XA70zdznB9RXObZ2X1eYNhcVD29Tkifh7iU5qVcwGX1b4pb5oVvhZPioSynNuXMutyi2ML72IzibcRTfdQS4Ch0Re91RhBUlia8Lo2z59xIaVOJBg3hAFouib0QhMmjx9FbFLjCcS25WWAJQhFUXcbnlUk4Iu0Kk4etcE3zrc9bJa7Sj/lnTu3NbqAGJ0VYKMpUG04ym7Vp9m 3e6H8Hmn9cVHH6kHs4k/Jd2xGgTJYlmrEdRaCflHkMdVgcmQmbPccTcmHLvT4lO 7te daYXh9ekg56qeJeGG8ijmh3ojW35k5C8RC82nsw 0t43xUZANMA8Y/RgmmajLSK6mSrQ==','','G03'),(131,'A',NULL,'PUE','00001000000508148253',NULL,1293.10,0.00,1500.00,'ingreso','03','CONTADO','TUXTLA GUTIERREZ, CHIAPAS. MEXICO',1,'PESOS','PERSONA FISICA CON ACTIVIDAD EMPRESARIAL Y PROFESIONAL',201,181,'2023-01-03','16:18:31','IVA',16,206.90,1,NULL,'admin','','C3C9C3AA-49B7-4946-92D3-F367A2C0574F','00001000000504204441','2023-01-03T17:18:31','Uqwy13BXPlI8H5G9fti SSauQvmWTlE a6SimrrTe6Yp/4d4FFhlqvRbEm5sr TXGxasnPJy7HUDZmrwsoz2TAPuAOkRYR277liomPQ1RLJScFzhzGFLZSZO0cLwA9wGBk98XHkNoNXsZErXhgKuaJMWJmNpbB14dfIk4HZrTH7JC7XOARdn0cNHlmKGjz2Fcz2QN0yZsDGcABEbjI iydMi28oHDy3DlNkAYqA7JC3JcM8Q15BFBm5muLgE0No7Vd/WeozFnme5/FZ663FLTfHjni1ZPyNod8AAdVlqTut/jwsBsJQwZkWtC3O1w/cSjxxgBj/Ixsp2jUW0QfzF/g==','Zwv7uJOLt27gnJYMEhXuL5dl6zpHSeuDielZi1C9 PckXIoWWpUlVtmMnF2d7Ivu aLa2hA8E61ChU7ndH37i5IyLeVmn1omCweShOb QameAw1Mn i9yYSvTkmvi7U4pnXVU9RDXi9PAW8oqrcstz2iH2dkyriypdCgJqhcYop7plZ4qGMESMHpoJFvvOi6Z31yRhqkPgJR6GsqS1S0dHaHPIanu/lL2eFf7SRrSIGGdq6k0rT0znk2/sQ/gR3hm0cAuUz0SgnerivxL8oGlLykqGeODuL9gdGySeZn5YcC5wZmdeQM5yp1udHf19hz3HkgvONoLUawx96/XdI1VA==','','G03'),(132,'A',NULL,'PUE','00001000000508148253',NULL,1293.10,0.00,1500.00,'ingreso','03','CONTADO','TUXTLA GUTIERREZ, CHIAPAS. MEXICO',1,'PESOS','PERSONA FISICA CON ACTIVIDAD EMPRESARIAL Y PROFESIONAL',102,182,'2023-01-03','16:18:58','IVA',16,206.90,1,NULL,'admin','','0EA3C4C6-31F8-4098-B58C-9BE3D8751BA4','00001000000504204441','2023-01-03T17:18:58','o4mWHf2RIcsVlsZ4xrUA7mK7P/n4kWyf3E0CD3KOH8tP4ZO1m8ZoUesSsDmdSZSIUizsSVh8qnM0IFnreGOazsEjhgano gEK4gGIHoqa5qka37QhVablzlSuinviGCYzouqdrpEmcRG3x4aA5EDlLVmerkGiftB9ACzQT15JocFrxAV3Efgrr8MoO90h8FNScaa qpdUNW9Hkv6nw5dEh1aQ/Ghlnk2PSexCccRCMbaqAQuY3i680jDJZaYESsV7W6a1YQYbC74PSGEcmLi7QrWFiQkVIIJQXEPMQd3qNAR/aeh37v66Hz8JwTaxEhOoT3tMQUXlQTZiZ5hIg73jA==','kuA/zP9Bdd20EVqVYnyoUWfcPv9T4uzZVQZB DfUZOq1Fp9u6jgiydVhI rfSD xj2dXB JxzsFyoYkhFN83zk5U/qQaRZBSW UoEzllKXfxep4TZ8B4bw3H/H8G1mnBJH1zcoksJNCeDavzeMmSBW1FpV6cZQJok23RDolU7OEUguFEfZ0eQUQnRqMVNLdXgq0NciEvqsqkfcjRb3jwH/fdBreQhNfLc43fpI//Angt4qdH/gVMAb6ANFWe8o65/JAWeokCMDyw8p794IUZD0IsSVuo23U80/X9HB2406wHpAf/E4EIugZ3S xgMV3Zx1An8GORhJ49960l0GlXFQ==','','G03'),(133,'A',NULL,'PUE','00001000000508148253',NULL,1724.14,0.00,2000.00,'ingreso','03','CONTADO','TUXTLA GUTIERREZ, CHIAPAS. MEXICO',1,'PESOS','PERSONA FISICA CON ACTIVIDAD EMPRESARIAL Y PROFESIONAL',104,183,'2023-01-03','16:28:45','IVA',16,275.86,1,NULL,'admin','','FCA4DC0A-8FA0-4782-96F3-1982BD096A0B','00001000000504204441','2023-01-03T17:28:45','YGl 4fXgGwDGzN9F2zllAVhVthyFg025nnTiAuvtfNx5lqWOtGzMElyvPMWRtp5mAlwd3ym lXXuZDouYHoeIFnpoDQWxrswOMf7t BUbnZsHS/wXtx77Mz0mPIvKejKcBjWLRzdWJYopLUmEVyx4xWQj46 uX37Cv3tFqmpl9LqNgeEsrf4ll0Tl5goYLRDiQDO3ok 7XFSTVh4VCytToIbilMzjcsAuij PrT1FwZNsl9HUVjgcpZmatHFlP1oc/R/xX1OyrnXclKc5VZ/ hOU5 aVV4Vjf/ OLq8t7hxyNWzSxziqzqvXCR42OeLO4sHlkeN4Vb2m MpR4LBAlA==','XEYPbFRYSXQyN /yP3jKOMsVcivcD50au3udl6jExgSMOpC7m/iNFYV3rdTVsHYWQvg1eykv4E8mpvIceJfo1j0Tj23IaeNY4ZxSRA aW3lsZwttvDJZRWWLUceBYdlfEO3z1 RDkZHre gGkkg/gVXW7vRFmHWhEuH6CbLqLG2eoTnHY4JskHF35nhsjh8I6meZP8Mb91LPqAZgSOhiqvIbj2buRqLQOpD/yFLneUFFeIhu9sgIcryOOKDl0zIB oxD4P4Scj3u4d1 GW13rWH08lhw1x8dDfDPjjVrrb6FRmMI y5pWT2fbxCW9/HwDNHZsYpUjjW36pK3LrXdSg==','','G03'),(134,'A',NULL,'PUE','00001000000508148253',NULL,1724.14,0.00,2000.00,'ingreso','03','CONTADO','TUXTLA GUTIERREZ, CHIAPAS. MEXICO',1,'PESOS','PERSONA FISICA CON ACTIVIDAD EMPRESARIAL Y PROFESIONAL',104,184,'2023-01-03','16:31:56','IVA',16,275.86,1,NULL,'admin','','B635B1B5-B866-4BC6-AB62-0B05EA528611','00001000000504204441','2023-01-03T17:31:56','bEZhNOXI0P0urzGvmQLPZp8nB10 6m20VMt4RaUmEylMrU8B/NEiYKDNIQaQC0ZZt3qhU5NCaVG/Q3If/uamhSPb71BRh7w6S6RDVWuQdCNOdA/z4tvyynfWGjs/RRdjFAjveSCIp2qkB82k JQNiB6cGLp8/628yg9mi1dB3LjgpfLxiCPjHK1t3w4iWkmC2WOj/UDLVuCoy31VIPBEo8NzBeVXNy6lJIeGveVfxPkxPCC5 p6rG/ZaroiROui5cRC4PO74h3E54KaOh4 AdDw5cU1rvxFbgt7ESiA 7TO1nGmKdhQUWCD9dCHm7u ulx0NbqODmYpEQKI30nQPwQ==','afyhoDnAwb7NGQ1m7Eyulj2lP4uuLyVBt47JsR KlYl38KwfZSz8umMx5kMWP2 3kV0K1T1ce6OADMrgGXFyeOgOdZKCx6y4cvafaP9IYHpcUgPP6acDHDUnG8gmMbeeV9512ZPaOdqLz0 yBvpHkNfQnNe2sC45ufZz49sMvO4HWx2igHVv2xUNxtt45e4RXT3mny9RNx4GZHKpEm DtzYTkggXfk0GcNw1clw01p FSEs55Q6zb4dfIGh3MJI1N3cCsi8LtRurZv0F6pcqNnYnkHCi9ewmJmbfEzkLkWS9wkuV0gXWNGFVEOnRECxu5SVSiQeKENN279cIquDraw==','','G03'),(135,'A',NULL,'PUE','00001000000508148253',NULL,160.34,0.00,186.00,'ingreso','03','CONTADO','TUXTLA GUTIERREZ, CHIAPAS. MEXICO',1,'PESOS','PERSONA FISICA CON ACTIVIDAD EMPRESARIAL Y PROFESIONAL',304,185,'2023-01-19','08:22:56','IVA',16,25.66,1,NULL,'admin','','1D5AB98E-EF67-4FE1-B09A-A6DA68D639B9','00001000000504204441','2023-01-19T09:22:55','UUuF/D5uOubY/DCIK6sG5XZbOUPqVXUZt gMNtpQRfanC9 1Mnb4pRRqmQZ3sLji4iT9SXm7FqzR96lF8b8aPHMbfSuPBmwbv5XUXqV5GOB 3kaRkfA817yKeGU7gMEP2A8Uq/hCeglMfCZGAAuvzKQ hHfgQyr8cIPzhmS eWNgp9hOh4feIfqgRbE ACXtUzVywi7m1YP1gghWlDaaELkwXnu04Et5IQlEDyWlgJUPtn4U/N6VEN9xCrih UZkknTPAEhWPh5ujWrXNQLElXqeblU6Hd81HfN4ZLfoH1YnONdyT4i1OCVWcR1QNTTbWAE5tWqzQdULKhvf9MoDEA==','Xuxx56/vMJ8Q1Z5 DZrJbzsE9kI8zLi/iHiSVtDaKC TYMtmHnWb2MV8xp3Wap/5vpYM3iMK9UWBM s/vS ECFXwesdT3G937/E3pqe9YDGCnSQQN2Y4zwNCJTPsf961C55FtfeqnB2ZLr7viZSUjgizfXArd6LiR5n8aVOTY9BPazpo8t1jvzptZeGwej981GlzEyefRy6aed4F85BJWEls8uD 0AS5hYRqqBPHdPX0Ad4hE7B8PGnKbPcnGLfLwOaLV5YQHFDVdk3j1BTzrBWdmFy20gobpL8W6iMpAJ0CR2e5aBnBiVgNJ4wn6rl/ESPnzHyfGYA9Dt0gYyTE9Q==','','G03'),(136,'A',NULL,'PUE','00001000000508148253',NULL,2953.45,0.00,3426.00,'ingreso','03','CONTADO','TUXTLA GUTIERREZ, CHIAPAS. MEXICO',1,'PESOS','PERSONA FISICA CON ACTIVIDAD EMPRESARIAL Y PROFESIONAL',302,186,'2023-01-24','16:52:00','IVA',16,472.55,1,NULL,'admin','','3B8F8357-1F6B-4322-BE90-5D7042E4FCA3','00001000000504204441','2023-01-24T17:51:59','LMKVNfbotUpmZSqkzbhW/TDVuv7sywxF7wucClOVYIOe5DnyWPTyPavJ WfgxRRfMcwVforyWYZ3XyRiQQeJlCJJou xAg034gim0VqrGfWncfcIyq44pWjp6NjZDwNbSAuH4/uRxGUfGDtpvmkUM/OAawuSU8i7Hc SqFSjgu2jMMV1v5mpc3n6fxhZjoie/UD63qgoblXzDVhgEWT38Fj7Cy6 0 Hfk2JaLv5PLpChPpC8wmJS7srRTDpduZHi4w0y06/EqeRdTcTRmQqGmF7XLzCFJQBgtDg3UUc2ViJxtPSMDEszAwtN7MhZhT0oIh05VVkfCqvErofnvrPzNQ==','ILoD1mXW8x 38o16dTsQSvzEsdvJnlp/i9LFpn0Y81mP6WwqlkEUgTh3WSL2IVm6Osn4OwfxObn1WfGQ5ET3mvfajlkiJiz Ulx/buJWUtNiqzoORFo/asDDs5Wt/GpR2/w5NPWkMuAh5ObJ5ev8Vg7ml4jVqvxV8u99bqPx7y3Tg13L8yts3 ds3oZI0Zui2sfDbGFLfQNAKcPw9 rfRwVlrce1o6Q4GODeyvDbarryq24GEZeYZ0RBDr8MURym8N2NW3hhczmP/C PyVA42s8 bLo0CqsBrrb5fPjCORYb2WLY9Qc4jCRqB2r1ukC7iGFJPf5x94CioMmb2QTp5A==','','G03'),(137,'A',NULL,'PUE','00001000000508148253',NULL,40344.83,0.00,46800.00,'ingreso','03','CONTADO','TUXTLA GUTIERREZ, CHIAPAS. MEXICO',1,'PESOS','PERSONA FISICA CON ACTIVIDAD EMPRESARIAL Y PROFESIONAL',223,188,'2023-02-01','12:53:54','IVA',16,6455.17,1,NULL,'admin','','D36F5655-5EE1-4599-8809-98932DD08B0B','00001000000504204441','2023-02-01T13:53:54','fU8yIDMaqMf36N22roTsP/NXOq03XRje4kqZbzH9uy6IZUhMkqhtlgQNfjNsc00F2mBc5lwoBxk9WwsIWrCFzuhh1sNCptDJ33sRZ0/ FDIy6AHuhmSwYg/qSVk0 0hczKoBt0jK9XGfkYMGE3OhfI nF5G2aFF4Uq6w0L0L5on4 d679z9XlbmzXIDlDFentzVWo8zXmoRrvpiEozrEPUpp5zsCzU0cGWK4bjJZnc1paTaPRspjmzHSl Kq/wE2B9nYTQwcWtf3wMrQ4ioVJJU76UrnaMEyw7/lo2tawZnxJ7DCW8No69q6LHSK8dnFPTBtkPgQkKEBeXa4OQYsDA==','QYiC/L83ulu7S8mNfQaPPzMZ 9xN9t8IVJE9Ix0DAMssyJU1Mj9SFItCXrE/IPVfn2XzTmOk0RFXF9XFSp04NJIUzhX7M7AMvqp1ddJnL6wRodSLZWk5l RZGgen ARSDLNGEMi571NXKCA4QFCtzn3VKXrD/UNsbI4DDukPsd0udzi35hHQPKcI388v4ISh/8zLuIHACJi2JbQtHlX1mXVpL1IWmwMC3OZbL7JjpWA2LQbqEfZKYmi6HYvV9iJ6BjdO0tN4TKj2aODW4o4QsArWFaSPnWjU9wGYPHyfqStK1fTfMdSLWGiU0agYX8tmz LZQBE/P12iEx0p7vr2ig==','','P01'),(138,'A',NULL,'PUE','00001000000508148253',NULL,1724.14,0.00,2000.00,'ingreso','03','CONTADO','TUXTLA GUTIERREZ, CHIAPAS. MEXICO',1,'PESOS','PERSONA FISICA CON ACTIVIDAD EMPRESARIAL Y PROFESIONAL',104,189,'2023-02-06','12:30:52','IVA',16,275.86,1,NULL,'admin','','25A589EE-85A4-4EAE-A3B2-047A32C6576B','00001000000504204441','2023-02-06T13:30:51','FebGR3MPNltTJGeRl8PQrB4cHGP8u/fH kG2/X742XLoWlTKlYDnKRLFyJmAnrDl9KUguPybGStmBV6ONfQTEY3/BjQLGxXW7cjhGZaeLfmyI4I2g9nkcv42X f1sUbLZpMCG6ph/4WXTm0Ujl0Y9l8sFzCOBujX9W9Usdb6Cj jnGmT9r9xt/NVp gdA9Fp2MtQxiACD7BALv2 K7XjHOkhM0FXSIXfwK0Nf17zxlsLH7wEM0QjXIlhAE3f1 kiGlsnUq90B/6pvuzt8MJEmb56sSrijcKP56IwFnGZcluzU3ti3kkVQfLv4J aXq QC6g9gMny hApu 8aTYVnrg==','kDeFfgk/TcQfmsqBJj/BFstrpTY/aaNsBQelYCt9wLvNYel6HMFVAwjqZPkoOwK9P 8wTxrSG2uCLgw1szgpmyu83gNaDktg rAVqrBmkKi k9cGrXkvj7I/RxIy/oH7uugbZRaa064O4fRBAL6edG vspJGStiwCjW28qdShK8LhCB KJzMCbpM0Xmp56Mau09zbW5lGUe11bA/nfZNKIhHCHPd IOnh/TcwRo54vN nAZM56Ms/H2VMuQOHrNpNLmDmsYn7EDn5GVEKfilqzYzNXhYROt0CIyG3eQ8d5CEr8MEzLIAg7CcL5DAzGp8fqq uqnuDYgjHdtZ9alccg==','','G03'),(139,'A',NULL,'PUE','00001000000508148253',NULL,8620.69,0.00,10000.00,'ingreso','03','CONTADO','TUXTLA GUTIERREZ, CHIAPAS. MEXICO',1,'PESOS','PERSONA FISICA CON ACTIVIDAD EMPRESARIAL Y PROFESIONAL',216,190,'2023-02-09','14:20:01','IVA',16,1379.31,1,NULL,'admin','','E17A814A-ED27-4A80-A420-2538EE871ADD','00001000000504204441','2023-02-09T15:20:01','HABp4axeXmQCG/WhGg1mrjDDjrcCgmV3PdOqXfdc9WTGpIr4Ur3t2TD3QDMP5CXxJnGLNJ1yct7/PmbcvHEKE2K4heb6vcNpTxzOgMbLSQI4K9PHVDhdFtDfHloX /n9wCHAgYfQBWuSnplzKO/s5QsJhDWzemYX1X/sy9eSEa05xC37EqNlv9CtRh6Vjz0SaYIsBQusGt9ztbWvqnjhI1CTjNZxvYGHAd3IV9737X5kbdpbPXLxRzr7b3ifnU3E2M1Nyvrz8D5hQOXdn10xx4oY0zgZ5wlX6yloKpHN0Bdil5QomyKgcS4tIBCe/oOMCRaXvbluxXMeTXKarCYBbw==','MzQRziti1tfyOfon3NYPslIG9uB3gQPi1vQ1KrRSCi7sMHRKVTFOI8MCW4VkY27gD/FpOxCOYlgxFM9YHPGuHDbhv3oLAG9WxAcHtOxf7XjtkWPFcZHrCCnlP/fmiU0x/JmjCjeW3U S7YDbcHps5paEQfA/ukULer3RAcpg4Vn52BP292w36FyW5iagtNexcNz784jzhoGVj5pfk0mupn7S7i irpEAuaLSVe0xiGd8SeYgX/kEt2cBvZiSeUNR bozv5nhoVU 7l 045RIg0ZH8vSD80OoDHQqRkt9h9yJu2RLPOf0bRsyzvMyULIV3GQtQqoDsgWS0Ih3rmHJmg==','','G03'),(140,'A',NULL,'PUE','00001000000508148253',NULL,4310.34,0.00,5000.00,'ingreso','03','CONTADO','TUXTLA GUTIERREZ, CHIAPAS. MEXICO',1,'PESOS','PERSONA FISICA CON ACTIVIDAD EMPRESARIAL Y PROFESIONAL',216,191,'2023-02-23','09:08:03','IVA',16,689.66,1,NULL,'admin','','87A89442-99B7-4130-94C1-D71AECC92259','00001000000504204441','2023-02-23T10:08:03','lFuZrTaGNYj7Jmlnl/U4FnbW8n4oZK3rEDCW0L286Bjgc/hgQbpeb4GTey4BX19fKvYzvDm0IbfBErXvElAlhEW5DOiezIha96f4WmLtLAdekpquNNRCtrviU7J8sySOt9ridCm21vVgFTOQF9lH5LKsm4aZwNxZ60EcbC77LB9VNuHcsmc6WcJCN2qCI4LUVdZGwkn/xJAWYHOlOysa0ATeir3vN4lC0sSDkLrr2UzNwD87Ike38SY3T1CxGYTphzFZjnp6PMkISD3kcLbDQycz8IBa5FyGkWVqz06AvRf5dG3KcJmO1JpScUDTj9/I0m1iRZzfuxP4RDp7D1WSVA==','ODnYK5X1DY8t1GFBqMp86hGw1e1ugB1f3xu tdPEAsEBXDRupz2C63lBqtyKqx407fPfq44sZ0jz5MPTOLKXx04muUN5YTjS7REDAmm189Ke IgU7LgDgLIILtZMOScIgbLSZP6Dqk0qq7MwEowM8B3PMIXERqRb0/gBGsBt6rpSOVShHkAYTDhU T7ZkQLI5rU0tqHxmJK 3o1AWzNjOTxmemRtnJ9/6tiN30ffaEDbcMU3qus94zEK7hMO/x8W4eWmuDxaiwdqtt2mHD19N5kB3 Bhmxtx3rqWieN6RlVa8Qm8 lPs7KFZ7DoFxsZZMr 4ofrJdOm1mgQMl1l KQ==','','G03'),(141,'A',NULL,'PUE','00001000000508148253',NULL,1293.10,0.00,1500.00,'ingreso','01','CONTADO','TUXTLA GUTIERREZ, CHIAPAS. MEXICO',1,'PESOS','PERSONA FISICA CON ACTIVIDAD EMPRESARIAL Y PROFESIONAL',216,192,'2023-02-28','08:15:16','IVA',16,206.90,1,NULL,'admin','','429DBF69-CCE0-485B-BF3D-A6E218133812','00001000000504204441','2023-02-28T09:15:16','k9Xw48cVqbG9LemmLJGIQAjxB5QmK4SJguS c/3KbFZD BeDYa29z4cu4I6 owhA60KSTV2iB/IqUkyQaLl/jUuVOSYnsETM3kRueeWfleRHGxwG5R/i5A0EV75mwz8SCbAgkZMwBDhmzxG0OOPM98g8AxVS16vBWvrMMKBDvsoBC2cisU5kNQMBYko0Rpl60KA 9bfs3cMKbEqLbyYp9Di8F2KH9Z0XvGQ1wZltrIV7/3R3rR7dESzNyda38Pug2p3ney3M/k/Uf3KrEjorSpN9pZmGrEHWKQ1XpE7CPPc8kPoYT91iabJLeFzIQVovPReJiSxRfUn5Rbokdo54cQ==','VEbkZsAoptrg3qhnUjEyua30pU2Um yW44A4CZ8ihBv8LdVY1YjQOy8IwwHxjiQ /vOl36Qykb3RlrfCO2rJmaL h87KYIXb4tEB h/TU/a/vXKh/NElY7uvgO XrdN/j81D7Q0QUMHSu7O9IGzjgMMlEqyHeiu qp7/gH/ZnmPr/xe45cjk6fxKhJABO/CidoxSQ0HCV p83sIiwDnGqHKrLDoGjsBMgrY0p1IQ5zHbNQiB5TAs0tn5g1f3TRXMj/KCeVRCE NjKjdYLB/PwW7MI822G659 n06njNjnpzP9Odogwp9KudJuECqNTQm6/slIyvrii/0 Dl6U2KIyg==','','G03'),(142,'A',NULL,'PUE','00001000000508148253',NULL,1293.10,0.00,1500.00,'ingreso','01','CONTADO','TUXTLA GUTIERREZ, CHIAPAS. MEXICO',1,'PESOS','PERSONA FISICA CON ACTIVIDAD EMPRESARIAL Y PROFESIONAL',216,193,'2023-02-28','08:15:57','IVA',16,206.90,1,NULL,'admin','','903665CD-D719-4F92-B86A-1DE53C5D9EFB','00001000000504204441','2023-02-28T09:15:56','PemSTjNFr Z7 G8WdiflziJ2EIoDuh8iGZHWqQiEu gOxqji1Xa3EffBmhIfT1LGCkouJ2thuVhvnv26G4s2jYrLj1HJzstHQhRO6mpPz6w1Hd2eGsiAGzJJZIwJPZ4 Dt6To2hQ6r8L92SqWH0n/vzQ DRUsPyVrdV7IW4aml94Dsx1nPTAaWUXR1nWXmzu/9hvHK0jMsAnxrPJ pEW2kTV6fnsyDdgBozNQuWtQv6U1EA3ayPZiDaaYfCgXtMwGUVNseHRgDNcMLfqoXzD ZYXIp1prdZutGvzM3AeslImfev5ObPgUXAuvbyUQs2TAkwi03SzTKwHvQxEVSCtUw==','kRtwfTvIDmHBeLCaZspY Hi/Fhz6 1JElswyK4splUe0oy3bPBFYxQbrG/ 1Ob8ZV N/316fEETiaojgv8tOEUes2R/iQArxPxqi4huNZ553/VPZEj dDqt/DzjFSWXa5K1GCvRkdIGoh14cPaZykOA0Xoe4f/RbIp/d6tjOItWxAZQ3xuYFydahlX2EPBpV7lJwdQ9Ut/hlzJI2kjhbGWhBBlcrS0dz4QJzUN1HbKeS3Q4qsGcq7PpbpRgr6eDmKCHIQvrlR upAB5bOJwN7iarQbC8thvXbL55A60GKceZZEMdibFMo5V2M8qP01zAapsnUgWyod7qnBgeS/lmAQ==','','G03');

--
-- Table structure for table `tpv_folio`
--

CREATE TABLE `tpv_folio` (
  `id` int(11) NOT NULL AUTO_INCREMENT,
  `serie` varchar(100) DEFAULT NULL,
  `folio` int(11) DEFAULT NULL,
  `id_sys_usuario` int(11) DEFAULT NULL,
  `id_tpv_turno` int(11) DEFAULT NULL,
  `id_cat_operacion` int(11) DEFAULT NULL,
  `timestamp` timestamp NOT NULL DEFAULT current_timestamp() ON UPDATE current_timestamp(),
  `status` int(11) DEFAULT 1,
  PRIMARY KEY (`id`)
) ENGINE=InnoDB AUTO_INCREMENT=26 DEFAULT CHARSET=utf8mb4 COLLATE=utf8mb4_general_ci;

--
-- Dumping data for table `tpv_folio`
--

INSERT INTO `tpv_folio` VALUES (1,'ADMINVENT',118,1,1,1,'2023-03-30 16:03:02',1),(2,'ADMINCOTI',17,1,1,2,'2023-03-14 23:29:42',1),(3,'ADMINTRASP',24,1,1,4,'2023-03-22 23:06:04',1),(4,'ADMINENTRA',3,1,1,5,'2023-02-23 16:08:30',1),(5,'ADMINSALI',1,1,1,6,'2023-02-23 16:08:29',1),(6,'ADMINCOMP',8,1,1,7,'2023-02-24 06:02:26',1),(7,'TONCOTI',4,4,2,2,'2023-02-23 16:25:05',1),(8,'TONVENT',31,4,2,1,'2023-02-22 17:25:55',1),(9,'TONTRASP',21,4,2,4,'2023-03-21 19:12:20',1),(10,'TONENTRA',17,4,2,5,'2023-02-23 18:21:30',1),(11,'TONSALI',1,4,2,6,'2023-02-23 16:26:04',1),(12,'MMATCOTI',1,3,3,2,'2023-02-23 16:30:27',1),(13,'MMATVENT',5,3,3,1,'2023-02-23 16:30:48',1),(14,'MMATTRASP',5,3,3,4,'2023-02-23 16:31:30',1),(15,'MMATENTRA',1,3,3,5,'2023-02-23 16:31:35',1),(16,'MMATSALI',1,3,3,6,'2023-02-23 16:31:38',1),(17,'MTUXCOTI',1,2,6,2,'2023-02-23 16:59:30',1),(18,'MTUXVENT',4,2,6,1,'2023-02-24 14:35:44',1),(19,'MTUXTRASP',5,2,6,4,'2023-03-21 20:49:14',1),(20,'MTUXENTRA',2,2,6,5,'2023-02-24 17:01:42',1),(21,'MTUXSALI',1,2,6,6,'2023-02-23 16:59:35',1),(22,'TONCOMP',4,4,2,7,'2023-02-24 08:07:15',1),(23,'MTUXCOMP',4,2,6,7,'2023-02-28 19:59:49',1),(24,'ADMINPEDSUG',18,1,1,9,'2023-03-16 20:51:26',1),(25,'TONPEDSUG',73,4,2,9,'2023-03-13 22:49:51',1);

--
-- Table structure for table `tpv_formapago`
--

CREATE TABLE `tpv_formapago` (
  `id` int(11) NOT NULL AUTO_INCREMENT,
  `id_tpv_formapagomodalidad` int(11) DEFAULT NULL,
  `descripcion` varchar(256) DEFAULT NULL,
  `clavesat` char(5) DEFAULT NULL,
  `timestamp` timestamp NOT NULL DEFAULT current_timestamp() ON UPDATE current_timestamp(),
  `status` int(8) DEFAULT 1,
  PRIMARY KEY (`id`)
) ENGINE=InnoDB DEFAULT CHARSET=latin1 COLLATE=latin1_spanish_ci;

--
-- Dumping data for table `tpv_formapago`
--


--
-- Table structure for table `tpv_formapagomodalidad`
--

CREATE TABLE `tpv_formapagomodalidad` (
  `id` int(11) NOT NULL AUTO_INCREMENT,
  `descripcion` varchar(256) DEFAULT NULL,
  `timestamp` timestamp NOT NULL DEFAULT current_timestamp() ON UPDATE current_timestamp(),
  `status` int(8) DEFAULT 1,
  PRIMARY KEY (`id`)
) ENGINE=InnoDB DEFAULT CHARSET=latin1 COLLATE=latin1_spanish_ci;

--
-- Dumping data for table `tpv_formapagomodalidad`
--


--
-- Table structure for table `tpv_listaprecio`
--

CREATE TABLE `tpv_listaprecio` (
  `id` int(11) NOT NULL AUTO_INCREMENT,
  `id_tpv_precio` int(11) DEFAULT NULL,
  `id_cat_tipoventa` int(11) DEFAULT NULL,
  `id_tpv_articulo` int(11) DEFAULT NULL,
  `id_tpv_articulocategoria` int(11) DEFAULT NULL,
  `id_tpv_articuloclasificacion` int(11) DEFAULT NULL,
  `id_tpv_articulomarca` int(11) DEFAULT NULL,
  `id_tpv_proveedor` int(11) DEFAULT NULL,
  `descuentoporc` decimal(9,2) DEFAULT NULL,
  `descuentomonto` decimal(9,2) DEFAULT NULL,
  `preciofijo` decimal(9,2) DEFAULT NULL,
  `vigenciaini` date DEFAULT NULL,
  `vigenciafin` date DEFAULT NULL,
  `diassemana` varchar(100) DEFAULT '1,2,3,4,5,6,7',
  `diasmes` varchar(100) DEFAULT 'all',
  `meses` varchar(100) DEFAULT '1,2,3,4,5,6,7,8,9,10,11,12',
  `horas` varchar(500) DEFAULT '00:01-23:59',
  `timestampt` timestamp NOT NULL DEFAULT current_timestamp() ON UPDATE current_timestamp(),
  `status` int(11) DEFAULT 1,
  PRIMARY KEY (`id`)
) ENGINE=InnoDB AUTO_INCREMENT=2 DEFAULT CHARSET=utf8mb4 COLLATE=utf8mb4_general_ci;

--
-- Dumping data for table `tpv_listaprecio`
--

INSERT INTO `tpv_listaprecio` VALUES (1,1,1,5480,NULL,NULL,NULL,NULL,0.00,0.00,0.00,'2022-12-29','2023-12-31','0','0','0','0','2023-03-13 21:02:24',1);

--
-- Table structure for table `tpv_movalmacen`
--

CREATE TABLE `tpv_movalmacen` (
  `id` int(11) NOT NULL AUTO_INCREMENT,
  `folio` varchar(100) DEFAULT NULL,
  `id_sys_usuario` int(11) DEFAULT NULL,
  `id_cat_operacion` int(11) DEFAULT NULL,
  `id_cat_operacion_movimiento` int(11) DEFAULT NULL,
  `id_tpv_almacen` int(11) DEFAULT NULL,
  `cantidadTotal` int(11) DEFAULT NULL,
  `subtotal` decimal(9,2) DEFAULT NULL,
  `iva` decimal(9,2) DEFAULT NULL,
  `total` decimal(9,2) DEFAULT NULL,
  `observaciones` varchar(255) DEFAULT NULL,
  `fecha` date DEFAULT NULL,
  `hora` time DEFAULT NULL,
  `timestamp` timestamp NOT NULL DEFAULT current_timestamp() ON UPDATE current_timestamp(),
  `status` int(5) DEFAULT 1,
  PRIMARY KEY (`id`)
) ENGINE=InnoDB AUTO_INCREMENT=38 DEFAULT CHARSET=utf8mb4 COLLATE=utf8mb4_unicode_ci;

--
-- Dumping data for table `tpv_movalmacen`
--

INSERT INTO `tpv_movalmacen` VALUES (22,'ENT2-001',2,5,1,3,5,539.35,86.30,625.65,'Prueba de Entrada a 2 articulos para la SUC TONALA','2023-01-05','01:19:53','2023-01-05 07:20:15',1),(24,'SAL2-001',2,6,1,3,10,763.55,122.17,885.72,'Salida de 2 articulos prueba','2023-01-05','01:21:44','2023-01-05 07:22:02',1),(25,'SAL2-002',2,6,1,3,3,349.50,55.92,405.42,'Prueba Salida','2023-01-05','01:24:27','2023-01-05 07:24:37',1),(26,'ENT2-002',2,5,1,3,7,556.15,88.98,645.13,'Entrada para que aparezca 8','2023-01-05','01:26:57','2023-01-05 07:27:09',1),(27,'SAL2-003',2,6,1,3,3,278.45,44.55,323.00,'Salida 1 de cada uno','2023-01-05','01:28:49','2023-01-05 07:29:11',1),(31,'ENT2-003',2,5,1,3,1,150.50,24.08,174.58,'Ejemplo de prueba','2023-01-05','10:39:54','2023-01-05 16:40:08',1),(32,'ENT1-001',1,5,1,1,4,2070.54,331.28,2401.82,'ENTRADA','2023-01-10','10:19:59','2023-01-10 16:21:10',1),(33,'ENT1-002',1,5,1,1,51,4329.89,692.78,5022.67,'SE INGRESARON PRUEBA','2023-01-10','11:20:14','2023-01-10 17:21:45',1),(36,'TONENTRA4-0016',4,5,1,3,2,270.54,43.29,313.83,'Prueba, se ingreasron 2 bultos','2023-02-23','12:21:17','2023-02-23 18:21:30',1),(37,'MTUXENTRA2-001',2,5,1,1,15,1407.00,225.12,1632.12,'se ingreso entrada','2023-02-24','11:01:22','2023-02-24 17:01:42',1);

--
-- Table structure for table `tpv_movalmacendetalle`
--

CREATE TABLE `tpv_movalmacendetalle` (
  `id` int(11) NOT NULL AUTO_INCREMENT,
  `id_tpv_movalmacen` int(11) DEFAULT NULL,
  `id_tpv_articuloalmacen` int(11) DEFAULT NULL,
  `id_tpv_articulo` int(11) DEFAULT NULL,
  `costounitario` decimal(9,2) DEFAULT NULL,
  `cantidad` decimal(9,2) DEFAULT NULL,
  `costosubtotal` decimal(9,2) DEFAULT NULL,
  `iva` decimal(9,2) DEFAULT NULL,
  `costototal` decimal(9,2) DEFAULT NULL,
  `timestamp` timestamp NOT NULL DEFAULT current_timestamp() ON UPDATE current_timestamp(),
  `status` int(1) DEFAULT NULL,
  PRIMARY KEY (`id`)
) ENGINE=InnoDB AUTO_INCREMENT=54 DEFAULT CHARSET=utf8mb4 COLLATE=utf8mb4_unicode_ci;

--
-- Dumping data for table `tpv_movalmacendetalle`
--

INSERT INTO `tpv_movalmacendetalle` VALUES (27,22,16384,1,150.50,2.00,301.00,48.16,349.16,'2023-01-05 07:19:53',NULL),(28,22,16386,3,79.45,3.00,238.35,38.14,276.49,'2023-01-05 07:20:00',NULL),(30,24,16386,3,79.45,9.00,715.05,114.41,829.46,'2023-01-05 07:21:44',NULL),(31,24,16385,2,48.50,1.00,48.50,7.76,56.26,'2023-01-05 07:21:49',NULL),(32,25,16385,2,48.50,1.00,48.50,7.76,56.26,'2023-01-05 07:24:27',NULL),(33,25,16384,1,150.50,2.00,301.00,48.16,349.16,'2023-01-05 07:24:31',NULL),(34,26,16386,3,79.45,7.00,556.15,88.98,645.13,'2023-01-05 07:26:57',NULL),(35,27,16384,1,150.50,1.00,150.50,24.08,174.58,'2023-01-05 07:28:49',NULL),(36,27,16385,2,48.50,1.00,48.50,7.76,56.26,'2023-01-05 07:28:51',NULL),(38,27,16386,3,79.45,1.00,79.45,12.71,92.16,'2023-01-05 07:29:08',NULL),(43,31,16384,1,150.50,1.00,150.50,24.08,174.58,'2023-01-05 16:39:54',NULL),(44,32,930,712,18.76,2.00,18.76,3.00,21.76,'2023-01-10 16:20:50',NULL),(45,32,230,4579,1025.89,2.00,2051.78,328.28,2380.06,'2023-01-10 16:20:08',NULL),(46,33,230,4579,1025.89,1.00,1025.89,164.14,1190.03,'2023-01-10 17:20:14',NULL),(48,33,134,4341,66.08,50.00,3304.00,528.64,3832.64,'2023-01-10 17:21:12',NULL),(51,36,17203,5458,135.27,2.00,270.54,43.29,313.83,'2023-02-23 18:21:17',NULL),(52,37,817,5458,139.27,10.00,1392.70,222.83,1615.53,'2023-02-24 17:01:22',NULL),(53,37,6682,5459,2.86,5.00,14.30,2.29,16.59,'2023-02-24 17:01:31',NULL);

--
-- Table structure for table `tpv_notaimpresion`
--

CREATE TABLE `tpv_notaimpresion` (
  `id` int(11) NOT NULL AUTO_INCREMENT,
  `id_cat_tipodoc` int(11) DEFAULT NULL,
  `id_tpv_almacen` int(11) DEFAULT NULL,
  `texto` varchar(500) DEFAULT NULL,
  `timestamp` timestamp NOT NULL DEFAULT current_timestamp() ON UPDATE current_timestamp(),
  `status` int(11) DEFAULT 1,
  PRIMARY KEY (`id`)
) ENGINE=InnoDB AUTO_INCREMENT=28 DEFAULT CHARSET=utf8mb4 COLLATE=utf8mb4_general_ci;

--
-- Dumping data for table `tpv_notaimpresion`
--

INSERT INTO `tpv_notaimpresion` VALUES (1,1,1,'ESTE TICKET NO REPRESENTA UNA VENTA. ENTEGAR A CAJA PARA SU PAGO.','2023-01-23 23:18:41',1),(2,2,1,'!!! GRACIAS POR SU COMPRA !!!  NO SE ACEPTAN DEVOLUCIONES DESPUES DE ESTE DIA. ESTA VENTA ESTA INCLUIDA EN LA FACTURA GLOBAL DEL DIA.','2023-01-31 02:56:54',1),(3,5,1,'','2023-01-26 03:00:50',1),(4,6,1,'','2023-01-26 06:09:27',1),(5,4,1,'ESTE DOCUMENTO ES CON FINES UNICAMENTE INFORMATIVOS Y NO REPRESENTA UNA VENTA.','2023-03-14 21:47:40',1),(6,1,3,'ESTE TICKET NO REPRESENTA UNA VENTA. ENTREGAR A CAJA PARA SU PAGO.','2023-01-29 21:08:55',1),(7,2,3,'!!! GRACIAS POR SU COMPRA !!!  NO SE ACEPTAN DEVOLUCIONES DESPUES DE ESTE DIA. ESTA VENTA ESTA INCLUIDA EN LA FACTURA GLOBAL DEL DIA.','2023-01-31 02:57:01',1),(8,5,3,'','2023-01-26 21:45:49',1),(9,6,3,'','2023-01-26 21:45:49',1),(13,4,3,'ESTE DOCUMENTO ES CON FINES UNICAMENTE INFORMATIVOS Y NO REPRESENTA UNA VENTA.','2023-01-31 02:56:44',1),(14,1,4,'ESTE TICKET NO REPRESENTA UNA VENTA. ENTREGAR A CAJA PARA SU PAGO.','2023-02-03 05:24:47',1),(15,2,4,'!!! GRACIAS POR SU COMPRA !!!  NO SE ACEPTAN DEVOLUCIONES DESPUES DE ESTE DIA. ESTA VENTA ESTA INCLUIDA EN LA FACTURA GLOBAL DEL DIA.','2023-02-03 05:24:47',1),(16,5,4,'','2023-02-03 05:24:47',1),(17,6,4,'','2023-02-03 05:24:47',1),(18,4,4,'ESTE DOCUMENTO ES CON FINES UNICAMENTE INFORMATIVOS Y NO REPRESENTA UNA VENTA.','2023-02-03 05:24:47',1),(21,1,5,'ESTE TICKET NO REPRESENTA UNA VENTA. ENTREGAR A CAJA PARA SU PAGO.','2023-02-03 06:02:36',1),(22,2,5,'!!! GRACIAS POR SU COMPRA !!!  NO SE ACEPTAN DEVOLUCIONES DESPUES DE ESTE DIA. ESTA VENTA ESTA INCLUIDA EN LA FACTURA GLOBAL DEL DIA.','2023-02-03 06:02:36',1),(23,5,5,'','2023-02-03 06:02:36',1),(24,6,5,'','2023-02-03 06:02:36',1),(25,4,5,'ESTE DOCUMENTO ES CON FINES UNICAMENTE INFORMATIVOS Y NO REPRESENTA UNA VENTA.','2023-02-03 06:02:36',1);

--
-- Table structure for table `tpv_pedido`
--

CREATE TABLE `tpv_pedido` (
  `id` int(11) NOT NULL AUTO_INCREMENT,
  `id_cat_tipodoc` int(11) DEFAULT NULL,
  `id_tpv_cliente` int(11) DEFAULT NULL,
  `id_sys_usuario` int(11) DEFAULT NULL,
  `id_tpv_almacen` int(11) DEFAULT NULL,
  `id_tpv_vendedor` int(11) DEFAULT NULL,
  `id_tpv_turno` int(11) DEFAULT NULL,
  `serie` varchar(200) DEFAULT NULL,
  `folio` int(11) DEFAULT NULL,
  `id_sat_metodopago` varchar(10) DEFAULT NULL,
  `fecha` date DEFAULT NULL,
  `hora` time DEFAULT NULL,
  `subtotal` decimal(9,2) DEFAULT NULL,
  `descuento` decimal(9,2) DEFAULT NULL,
  `iva` decimal(9,2) DEFAULT NULL,
  `total` decimal(9,2) DEFAULT NULL,
  `efectivo` decimal(9,2) DEFAULT NULL,
  `cambio` decimal(9,2) DEFAULT NULL,
  `observaciones` text DEFAULT NULL,
  `id_tpv_pedido` int(11) DEFAULT NULL COMMENT 'Cotizacion',
  `timestamp` timestamp NOT NULL DEFAULT current_timestamp() ON UPDATE current_timestamp(),
  `status` int(8) DEFAULT 1,
  PRIMARY KEY (`id`)
) ENGINE=InnoDB AUTO_INCREMENT=311 DEFAULT CHARSET=latin1 COLLATE=latin1_spanish_ci;

--
-- Dumping data for table `tpv_pedido`
--

INSERT INTO `tpv_pedido` VALUES (1,NULL,17,1,1,1,1,'T1',2,'PPD','2023-01-04','09:44:40',59.00,0.00,8.14,59.00,100.00,41.00,NULL,NULL,'2023-01-23 18:18:01',2),(5,NULL,17,1,1,1,1,'T1',3,'PUE','2023-01-04','10:03:33',6.90,0.00,1.10,8.00,NULL,1.69,NULL,NULL,'2023-01-25 19:59:54',2),(16,NULL,17,1,1,1,1,'T1',4,'PUE','2023-01-04','10:57:19',166.38,0.00,26.62,193.00,NULL,48.00,NULL,NULL,'2023-01-06 21:05:04',2),(17,NULL,17,1,1,1,1,'T1',5,'PUE','2023-01-04','11:07:35',116.38,0.00,18.62,135.00,NULL,NULL,NULL,NULL,'2023-01-05 23:28:35',1),(19,NULL,17,1,1,1,1,'T1',6,'PUE','2023-01-04','12:42:32',206.03,0.00,32.96,238.99,NULL,NULL,NULL,NULL,'2023-01-05 23:28:35',1),(20,NULL,17,1,1,1,1,'T1',7,'PUE','2023-01-04','12:43:41',341.03,0.00,54.57,395.60,NULL,0.00,NULL,NULL,'2023-01-07 00:39:26',2),(22,NULL,17,1,1,1,1,'T1',8,'PUE','2023-01-04','12:46:32',99.24,0.00,15.88,115.12,NULL,NULL,NULL,NULL,'2023-01-05 23:28:36',1),(23,NULL,17,1,1,1,1,'T1',9,'PUE','2023-01-04','12:47:59',306.03,0.00,48.96,354.99,NULL,NULL,NULL,NULL,'2023-01-05 23:28:37',1),(26,NULL,17,1,1,1,1,'T1',10,'PUE','2023-01-04','13:05:49',16.05,0.00,2.57,18.62,NULL,NULL,NULL,NULL,'2023-01-05 23:28:38',1),(27,NULL,17,1,1,1,1,'T1',11,'PUE','2023-01-04','13:07:33',31.03,0.00,4.96,35.99,NULL,NULL,NULL,NULL,'2023-01-05 23:28:38',1),(29,NULL,17,1,1,1,1,'T1',12,'PUE','2023-01-04','13:22:13',32.76,0.00,5.24,38.00,NULL,NULL,NULL,NULL,'2023-01-05 23:28:39',1),(39,NULL,17,1,1,1,1,'T1',13,'PUE','2023-01-06','15:15:01',769.83,0.00,123.17,893.00,NULL,107.00,NULL,NULL,'2023-01-06 21:43:49',2),(40,NULL,17,1,1,1,1,'T1',14,'PUE','2023-01-06','15:18:43',1747.41,0.00,279.59,2027.00,NULL,73.00,NULL,NULL,'2023-01-06 21:33:18',2),(41,NULL,17,1,1,1,1,'T1',15,'PUE','2023-01-06','15:22:39',152.57,0.00,24.41,176.98,NULL,23.02,NULL,NULL,'2023-01-06 21:23:01',2),(42,NULL,17,1,1,1,1,'T1',16,'PUE','2023-01-10','09:38:13',53.45,0.00,8.55,62.00,NULL,NULL,NULL,NULL,'2023-01-10 15:38:13',1),(43,NULL,17,1,1,1,1,'T1',17,'PUE','2023-01-10','09:39:10',900.86,0.00,144.14,1045.00,NULL,NULL,NULL,NULL,'2023-01-10 15:39:10',1),(44,NULL,17,1,1,1,1,'T1',18,'PUE','2023-01-10','09:45:03',1863.62,0.00,260.00,2123.62,NULL,0.38,NULL,NULL,'2023-01-10 16:13:05',2),(45,NULL,17,1,1,1,1,'T1',19,'PUE','2023-01-10','09:46:18',10.78,0.00,1.72,12.50,NULL,NULL,NULL,NULL,'2023-01-10 15:46:18',1),(46,NULL,17,1,1,1,1,'T1',20,'PUE','2023-01-10','09:49:45',900.86,0.00,144.14,1045.00,NULL,NULL,NULL,NULL,'2023-01-10 15:49:45',1),(48,NULL,17,1,1,1,1,'T1',21,'PUE','2023-01-10','11:00:08',759.48,0.00,113.79,873.27,NULL,126.73,NULL,NULL,'2023-01-10 17:02:25',2),(54,NULL,17,1,1,1,1,'T1',22,'PUE','2023-01-23','04:10:06',579.30,0.00,92.69,671.99,NULL,NULL,NULL,NULL,'2023-01-23 04:10:06',1),(55,NULL,17,1,1,1,1,'T1',23,'PUE','2023-01-23','18:36:16',6.90,0.00,1.10,8.00,NULL,NULL,NULL,NULL,'2023-01-23 18:36:16',1),(56,NULL,17,1,1,1,1,'T1',24,'PUE','2023-01-23','18:36:47',180.17,0.00,28.83,209.00,NULL,NULL,NULL,NULL,'2023-01-23 18:36:47',1),(57,NULL,17,1,1,1,1,'T1',25,'PUE','2023-01-23','18:41:16',79.31,0.00,12.69,92.00,NULL,NULL,NULL,NULL,'2023-01-23 18:41:16',1),(58,NULL,17,1,1,1,1,'T1',26,'PUE','2023-01-23','18:41:59',56.03,0.00,8.96,64.99,NULL,NULL,NULL,NULL,'2023-01-23 18:41:59',1),(59,NULL,17,1,1,1,1,'T1',27,'PUE','2023-01-23','18:42:40',73.28,0.00,11.72,85.00,NULL,NULL,NULL,NULL,'2023-01-23 18:42:40',1),(60,NULL,17,1,1,1,1,'T1',28,'PUE','2023-01-23','18:43:32',85.34,0.00,13.65,98.99,NULL,NULL,NULL,NULL,'2023-01-23 18:43:32',1),(61,NULL,17,1,1,1,1,'T1',29,'PUE','2023-01-23','18:47:11',85.34,0.00,13.65,98.99,NULL,NULL,NULL,NULL,'2023-01-23 18:47:11',1),(62,NULL,17,1,1,1,1,'T1',30,'PUE','2023-01-23','18:48:18',85.34,0.00,13.65,98.99,NULL,NULL,NULL,NULL,'2023-01-23 18:48:18',1),(63,NULL,17,1,1,1,1,'T1',31,'PUE','2023-01-23','18:51:05',85.34,0.00,13.65,98.99,NULL,NULL,NULL,NULL,'2023-01-23 18:51:05',1),(64,NULL,17,1,1,1,1,'T1',32,'PUE','2023-01-23','18:51:26',85.34,0.00,13.65,98.99,NULL,NULL,NULL,NULL,'2023-01-23 18:51:26',1),(65,NULL,17,1,1,1,1,'T1',33,'PUE','2023-01-23','18:52:01',73.28,0.00,11.72,85.00,NULL,NULL,NULL,NULL,'2023-01-23 18:52:01',1),(66,NULL,17,1,1,1,1,'T1',34,'PUE','2023-01-23','18:52:47',73.28,0.00,11.72,85.00,NULL,NULL,NULL,NULL,'2023-01-23 18:52:47',1),(67,NULL,17,1,1,1,1,'T1',35,'PUE','2023-01-23','18:57:05',73.28,0.00,11.72,85.00,NULL,NULL,NULL,NULL,'2023-01-23 18:57:05',1),(68,NULL,17,1,1,1,1,'T1',36,'PUE','2023-01-23','18:58:21',73.28,0.00,11.72,85.00,NULL,NULL,NULL,NULL,'2023-01-23 18:58:21',1),(69,NULL,17,1,1,1,1,'T1',37,'PUE','2023-01-23','19:01:07',62.07,0.00,9.93,72.00,NULL,NULL,NULL,NULL,'2023-01-23 19:01:07',1),(70,NULL,17,1,1,1,1,'T1',38,'PUE','2023-01-23','19:07:12',116.38,0.00,18.62,135.00,NULL,NULL,NULL,NULL,'2023-01-23 19:07:12',1),(71,NULL,17,1,1,1,1,'T1',39,'PUE','2023-01-23','19:07:39',62.07,0.00,9.93,72.00,NULL,NULL,NULL,NULL,'2023-01-23 19:07:39',1),(72,NULL,17,1,1,1,1,'T1',40,'PUE','2023-01-23','19:08:27',62.07,0.00,9.93,72.00,NULL,NULL,NULL,NULL,'2023-01-23 19:08:27',1),(73,NULL,17,1,1,1,1,'T1',41,'PUE','2023-01-23','21:22:00',87.93,0.00,14.07,102.00,NULL,NULL,NULL,NULL,'2023-01-23 21:22:00',1),(74,NULL,17,1,1,1,1,'T1',42,'PUE','2023-01-23','21:22:54',62.07,0.00,9.93,72.00,NULL,NULL,NULL,NULL,'2023-01-23 21:22:54',1),(75,NULL,17,1,1,1,1,'T1',43,'PUE','2023-01-23','21:31:25',116.38,0.00,18.62,135.00,NULL,NULL,NULL,NULL,'2023-01-23 21:31:25',1),(76,NULL,17,1,1,1,1,'T1',44,'PUE','2023-01-23','21:33:00',62.07,0.00,9.93,72.00,NULL,NULL,NULL,NULL,'2023-01-23 21:33:00',1),(77,NULL,17,1,1,1,1,'T1',45,'PUE','2023-01-23','21:34:22',62.07,0.00,9.93,72.00,NULL,NULL,NULL,NULL,'2023-01-23 21:34:22',1),(78,NULL,17,1,1,1,1,'T1',46,'PUE','2023-01-23','22:46:37',219.83,0.00,35.17,255.00,NULL,NULL,NULL,NULL,'2023-01-23 22:46:37',1),(80,NULL,17,1,1,1,1,'T1',47,'PUE','2023-01-23','23:54:46',104.28,0.00,19.86,124.14,NULL,NULL,NULL,NULL,'2023-01-23 23:54:46',1),(81,NULL,17,1,1,1,1,'T1',48,'PUE','2023-01-23','23:57:16',116.38,0.00,18.62,135.00,NULL,NULL,NULL,NULL,'2023-01-23 23:57:16',1),(87,NULL,17,1,1,1,1,'T1',49,'PUE','2023-01-24','14:22:58',45.27,0.00,7.24,52.51,NULL,7.49,NULL,NULL,'2023-01-24 16:25:36',2),(89,NULL,17,1,1,1,1,'T1',50,'PUE','2023-01-24','14:39:25',141.81,0.00,22.69,164.50,NULL,5.50,NULL,NULL,'2023-01-24 18:03:33',2),(90,NULL,17,1,1,1,1,'T1',51,'PUE','2023-01-24','14:47:49',100.00,0.00,16.00,116.00,NULL,34.00,NULL,NULL,'2023-01-24 18:06:47',2),(91,NULL,17,1,1,1,1,'T1',52,'PUE','2023-01-24','16:32:23',183.62,0.00,29.38,213.00,NULL,2.00,NULL,NULL,'2023-01-24 18:09:04',2),(92,NULL,17,1,1,1,1,'T1',53,'PUE','2023-01-24','16:34:06',196.82,0.00,31.49,228.31,NULL,1.69,NULL,NULL,'2023-01-24 18:13:07',2),(93,NULL,17,1,1,1,1,'T1',54,'PUE','2023-01-24','16:37:20',158.79,0.00,25.41,184.20,NULL,NULL,NULL,NULL,'2023-01-24 16:37:20',1),(94,NULL,17,1,1,1,1,'T1',55,'PUE','2023-01-24','16:38:18',17.24,0.00,2.76,20.00,NULL,NULL,NULL,NULL,'2023-01-24 16:38:18',1),(95,NULL,17,1,1,1,1,'T1',56,'PUE','2023-01-24','16:39:09',36.23,0.00,5.79,42.02,NULL,NULL,NULL,NULL,'2023-01-24 16:39:09',1),(98,NULL,17,1,1,1,1,'T1',57,'PUE','2023-01-24','17:17:16',9.77,0.00,1.56,11.33,NULL,NULL,NULL,NULL,'2023-01-24 17:17:16',1),(100,NULL,17,1,1,1,1,'T1',58,'PUE','2023-01-24','17:41:13',25.00,0.00,4.00,29.00,NULL,NULL,NULL,NULL,'2023-01-24 17:41:13',1),(101,NULL,17,1,1,1,1,'T1',59,'PUE','2023-01-24','17:43:57',21.55,0.00,3.45,25.00,NULL,NULL,NULL,NULL,'2023-01-24 17:43:57',1),(102,NULL,17,1,1,1,1,'T1',60,'PUE','2023-01-24','17:44:46',142.24,0.00,22.76,165.00,NULL,NULL,NULL,NULL,'2023-01-24 17:44:46',1),(104,NULL,17,1,1,1,1,'T1',61,'PUE','2023-01-24','19:16:40',47.58,0.00,7.61,55.19,NULL,NULL,NULL,NULL,'2023-01-24 19:16:40',1),(105,NULL,17,1,1,1,1,'T1',62,'PUE','2023-01-24','19:18:02',85.26,0.00,13.64,98.90,NULL,NULL,NULL,NULL,'2023-01-24 19:18:02',1),(108,NULL,17,1,1,1,1,'T1',63,'PUE','2023-01-25','11:25:28',196.82,0.00,31.49,228.31,NULL,NULL,NULL,NULL,'2023-01-25 17:25:28',1),(109,NULL,17,1,1,1,1,'T1',64,'PUE','2023-01-25','11:30:57',99.92,0.00,15.98,115.90,NULL,NULL,NULL,NULL,'2023-01-25 17:30:57',1),(110,NULL,17,1,1,1,1,'T1',65,'PUE','2023-01-25','11:33:42',88.92,0.00,14.23,103.15,NULL,NULL,NULL,NULL,'2023-01-25 17:33:42',1),(116,NULL,17,1,1,1,1,'T1',66,'PUE','2023-01-25','12:03:55',43.70,0.00,6.99,50.69,NULL,NULL,NULL,NULL,'2023-01-25 18:03:55',1),(117,NULL,17,1,1,1,1,'T1',67,'PUE','2023-01-25','12:04:44',13.36,0.00,2.14,15.50,NULL,NULL,NULL,NULL,'2023-01-25 18:04:44',1),(118,NULL,17,1,1,1,1,'T1',68,'PUE','2023-01-25','12:05:20',35.96,0.00,5.75,41.71,NULL,NULL,NULL,NULL,'2023-01-25 18:05:20',1),(119,NULL,17,1,1,1,1,'T1',69,'PUE','2023-01-25','14:05:07',40.52,0.00,6.48,47.00,NULL,NULL,NULL,NULL,'2023-01-25 20:05:07',1),(120,NULL,17,1,1,1,1,'T1',70,'PUE','2023-01-25','14:06:24',26.28,0.00,4.20,30.48,NULL,NULL,NULL,NULL,'2023-01-25 20:06:24',1),(121,NULL,17,1,1,1,1,'T1',71,'PUE','2023-01-25','14:08:42',9.77,0.00,1.56,11.33,NULL,NULL,NULL,NULL,'2023-01-25 20:08:42',1),(122,NULL,17,1,1,1,1,'T1',72,'PUE','2023-01-25','14:09:12',44.37,0.00,7.10,51.47,NULL,NULL,NULL,NULL,'2023-01-25 20:09:12',1),(123,NULL,17,1,1,1,1,'T1',73,'PUE','2023-01-25','14:12:38',20.70,0.00,3.31,24.01,NULL,NULL,NULL,NULL,'2023-01-25 20:12:38',1),(124,NULL,17,1,1,1,1,'T1',74,'PUE','2023-01-25','14:14:12',54.31,0.00,8.69,63.00,NULL,NULL,NULL,NULL,'2023-01-25 20:14:12',1),(125,NULL,17,1,1,1,1,'T1',75,'PUE','2023-01-25','14:15:23',98.33,0.00,15.73,114.06,NULL,NULL,NULL,NULL,'2023-01-25 20:15:23',1),(126,NULL,17,1,1,1,1,'T1',76,'PUE','2023-01-25','14:16:41',39.66,0.00,6.35,46.01,NULL,NULL,NULL,NULL,'2023-01-25 20:16:41',1),(127,NULL,17,1,1,1,1,'T1',77,'PUE','2023-01-26','14:43:20',737.07,0.00,117.93,855.00,NULL,NULL,NULL,NULL,'2023-01-26 20:43:20',1),(128,NULL,4,4,3,1,2,'TONVENT',1,'PUE','2023-01-26','15:19:06',496.55,0.00,79.45,576.00,NULL,24.00,NULL,NULL,'2023-03-02 19:51:54',2),(129,NULL,4,4,3,1,2,'TONVENT',2,'PUE','2023-01-26','15:27:42',394.83,0.00,63.17,458.00,NULL,42.00,NULL,NULL,'2023-01-26 21:43:34',2),(130,NULL,4,4,3,1,2,'TONVENT',3,'PUE','2023-01-26','16:01:06',40.52,0.00,6.48,47.00,50.00,3.00,NULL,NULL,'2023-01-26 22:02:01',2),(132,NULL,4,4,3,1,2,'TONVENT',4,'PUE','2023-01-27','10:46:27',82.23,0.00,13.16,95.39,100.00,4.61,NULL,NULL,'2023-01-27 16:47:11',2),(133,NULL,4,4,3,1,2,'TONVENT',5,'PUE','2023-01-27','12:17:33',25.86,0.00,4.14,30.00,50.00,20.00,NULL,NULL,'2023-01-27 21:23:31',2),(134,NULL,4,4,3,1,2,'TONVENT',6,'PUE','2023-01-27','12:18:13',531.91,0.00,85.10,617.01,NULL,0.00,NULL,NULL,'2023-01-27 21:21:52',2),(135,NULL,4,4,3,1,2,'TONVENT',7,'PUE','2023-01-29','15:04:45',281.88,0.00,45.10,326.98,350.00,23.02,NULL,NULL,'2023-01-29 21:10:26',2),(136,NULL,4,4,3,1,2,'TONVENT',8,'PUE','2023-01-29','15:07:30',108.52,0.00,17.37,125.89,NULL,0.00,NULL,NULL,'2023-01-29 21:15:30',2),(137,NULL,4,4,3,1,2,'TONVENT',9,'PUE','2023-01-29','15:16:39',116.38,0.00,18.62,135.00,NULL,0.00,NULL,NULL,'2023-01-29 21:19:03',2),(138,NULL,4,4,3,1,2,'TONVENT',10,'PUE','2023-01-29','15:17:19',89.66,0.00,14.34,104.00,110.00,6.00,NULL,NULL,'2023-01-29 21:20:10',2),(139,NULL,4,4,3,1,2,'TONVENT',11,'PUE','2023-01-30','16:37:38',181.92,0.00,29.10,211.02,250.00,38.98,NULL,NULL,'2023-01-30 22:37:56',2),(142,NULL,4,4,3,1,2,'COTTN',1,'PUE','2023-01-30','21:02:21',268.10,0.00,42.90,311.00,NULL,NULL,NULL,NULL,'2023-01-31 03:02:21',1),(143,NULL,4,4,3,1,2,'COTTN',2,'PUE','2023-01-30','21:05:16',268.10,0.00,42.90,311.00,NULL,NULL,NULL,NULL,'2023-01-31 03:05:16',1),(144,NULL,4,4,3,1,2,'COTTN',3,'PUE','2023-01-30','21:06:42',268.10,0.00,42.90,311.00,NULL,NULL,NULL,NULL,'2023-01-31 03:06:42',1),(145,NULL,4,4,3,1,2,'COTTN',4,'PUE','2023-01-30','21:08:51',268.10,0.00,42.90,311.00,NULL,NULL,NULL,NULL,'2023-01-31 03:08:51',1),(146,NULL,4,4,3,1,2,'TONVENT',12,'PUE','2023-01-31','14:50:03',197.04,0.00,31.53,228.57,300.00,71.43,NULL,NULL,'2023-01-31 20:50:47',2),(147,NULL,4,4,3,1,2,'COTTN',5,'PUE','2023-01-31','16:07:40',87.08,0.00,13.93,101.01,NULL,NULL,NULL,NULL,'2023-02-01 06:19:26',99),(149,NULL,4,4,3,1,2,'TONVENT',13,'PUE','2023-01-31','23:10:40',39.95,0.00,6.39,46.34,NULL,NULL,NULL,NULL,'2023-02-01 06:15:21',99),(150,NULL,4,4,3,1,2,'TONVENT',14,'PUE','2023-01-31','23:16:57',1260.34,0.00,201.66,1462.00,NULL,NULL,NULL,NULL,'2023-02-01 06:18:58',99),(151,NULL,4,4,3,1,2,'COTTN',6,'PUE','2023-02-01','01:34:08',89.66,0.00,14.34,104.00,NULL,NULL,NULL,NULL,'2023-02-01 08:36:38',98),(157,NULL,4,4,3,1,2,'TONVENT',16,'PUE','2023-02-01','02:11:07',89.66,0.00,14.34,104.00,NULL,NULL,NULL,151,'2023-02-01 19:02:32',99),(158,NULL,4,4,3,1,2,'COTTN',7,'PUE','2023-02-01','02:37:21',1163.79,0.00,186.21,1350.00,NULL,NULL,NULL,NULL,'2023-02-01 09:19:04',98),(168,NULL,4,4,3,1,2,'TONVENT',17,'PUE','2023-02-01','03:16:19',1163.79,0.00,186.21,1350.00,NULL,NULL,NULL,NULL,'2023-02-01 09:21:25',99),(170,NULL,4,4,3,1,2,'COTTN',8,'PUE','2023-02-01','03:20:30',100.87,0.00,16.14,117.01,NULL,NULL,NULL,NULL,'2023-02-01 09:20:45',98),(171,NULL,4,4,3,1,2,'TONVENT',18,'PUE','2023-02-01','03:20:45',100.87,0.00,16.14,117.01,NULL,NULL,NULL,NULL,'2023-02-01 19:02:27',99),(173,NULL,4,4,3,1,2,'TONVENT',19,'PUE','2023-02-01','03:25:56',791.38,0.00,126.62,918.00,NULL,82.00,NULL,NULL,'2023-02-01 09:35:55',2),(174,NULL,4,4,3,1,2,'COTTN',9,'PUE','2023-02-01','12:52:30',571.54,0.00,91.45,662.99,NULL,NULL,NULL,NULL,'2023-02-01 18:56:20',98),(175,NULL,4,4,3,1,2,'TONVENT',20,'PUE','2023-02-01','12:54:08',458.61,0.00,73.38,531.99,NULL,0.00,NULL,NULL,'2023-02-01 18:54:43',2),(176,NULL,4,4,3,1,2,'TONVENT',21,'PUE','2023-02-01','12:56:20',571.54,0.00,91.45,662.99,200.00,0.00,NULL,NULL,'2023-02-01 18:57:41',2),(178,NULL,4,4,3,1,2,'TONVENT',22,'PUE','2023-02-07','12:48:51',271.53,0.00,43.45,314.98,400.00,85.02,NULL,NULL,'2023-02-07 19:20:57',2),(179,NULL,4,4,3,1,2,'TONVENT',23,'PUE','2023-02-07','13:02:19',231.89,0.00,37.10,268.99,200.00,131.01,NULL,NULL,'2023-02-07 19:10:09',2),(182,NULL,10,5,5,1,5,'PMATVEN',1,'PUE','2023-02-07','21:29:26',7560.02,0.00,1209.60,8769.62,9000.00,230.38,NULL,NULL,'2023-02-08 04:29:59',2),(183,NULL,10,5,5,1,5,'PMATVEN',2,'PUE','2023-02-07','21:36:58',7538.90,0.00,1206.22,8745.12,NULL,0.00,NULL,NULL,'2023-02-08 04:28:04',2),(184,NULL,10,5,5,1,5,'PMATVEN',3,'PUE','2023-02-07','22:32:50',1274.72,0.00,203.96,1478.68,NULL,NULL,NULL,NULL,'2023-02-08 04:32:50',1),(185,NULL,10,5,5,1,5,'PMATVEN',4,'PUE','2023-02-07','22:33:11',803.56,0.00,128.57,932.13,1000.00,67.87,NULL,NULL,'2023-02-08 04:33:27',2),(186,NULL,4,1,3,1,1,'T1',78,'PUE','2023-02-09','17:17:22',215.51,0.00,34.48,249.99,NULL,NULL,'Avenida alvaro obregon entre pino suares y 15 de mayo',NULL,'2023-02-09 23:17:22',1),(187,NULL,4,1,3,1,1,'COTTX',1,'PUE','2023-02-09','18:38:54',5.17,0.00,0.83,6.00,NULL,NULL,NULL,NULL,'2023-02-10 00:38:54',4),(188,NULL,4,1,3,1,1,'COTTX',2,'PUE','2023-02-09','18:39:27',215.51,0.00,34.48,249.99,NULL,NULL,'prueba',NULL,'2023-02-10 00:39:27',4),(189,NULL,4,1,3,1,1,'COTTX',3,'PUE','2023-02-09','18:40:23',215.51,0.00,34.48,249.99,NULL,NULL,'XXXXXXXXXXXXXXXXX',NULL,'2023-02-10 00:40:23',4),(190,NULL,4,1,3,1,1,'COTTX',4,'PUE','2023-02-09','18:45:42',215.51,0.00,34.48,249.99,NULL,NULL,NULL,NULL,'2023-02-10 00:45:42',4),(191,NULL,4,1,3,1,1,'COTTX',5,'PUE','2023-02-09','18:49:07',215.51,0.00,34.48,249.99,NULL,NULL,NULL,NULL,'2023-02-10 00:49:07',4),(192,NULL,4,1,3,1,1,'COTTX',6,'PUE','2023-02-09','18:52:30',215.51,0.00,34.48,249.99,NULL,NULL,NULL,NULL,'2023-02-10 00:52:30',4),(193,NULL,4,1,3,1,1,'T1',79,'PUE','2023-02-09','18:58:19',215.51,0.00,34.48,249.99,NULL,NULL,NULL,NULL,'2023-02-10 00:58:19',1),(194,NULL,4,1,3,1,1,'COTTX',7,'PUE','2023-02-09','19:03:01',215.51,0.00,34.48,249.99,NULL,NULL,NULL,NULL,'2023-02-10 01:03:01',4),(195,NULL,4,1,3,1,1,'COTTX',8,'PUE','2023-02-09','19:06:03',215.51,0.00,34.48,249.99,NULL,NULL,NULL,NULL,'2023-02-10 01:06:03',4),(196,NULL,4,1,3,1,1,'COTTX',9,'PUE','2023-02-09','19:07:32',215.51,0.00,34.48,249.99,NULL,NULL,NULL,NULL,'2023-02-10 01:07:32',4),(197,NULL,4,1,3,1,1,'COTTX',10,'PUE','2023-02-09','19:08:13',215.51,0.00,34.48,249.99,NULL,NULL,NULL,NULL,'2023-02-10 01:08:13',4),(198,NULL,4,1,3,1,1,'COTTX',11,'PUE','2023-02-09','19:09:04',5.17,0.00,0.83,6.00,NULL,NULL,NULL,NULL,'2023-02-10 01:09:04',4),(199,NULL,4,1,3,1,1,'COTTX',12,'PUE','2023-02-09','19:13:23',215.51,0.00,34.48,249.99,NULL,NULL,NULL,NULL,'2023-02-10 01:13:23',4),(200,NULL,4,1,3,1,1,'T1',80,'PUE','2023-02-09','19:14:03',215.51,0.00,34.48,249.99,NULL,NULL,NULL,NULL,'2023-02-10 01:14:03',1),(201,NULL,4,1,3,1,1,'COTTX',13,'PUE','2023-02-12','11:40:00',220.68,0.00,35.31,255.99,NULL,NULL,NULL,NULL,'2023-02-12 17:40:00',4),(205,NULL,4,1,3,1,1,'T1',81,'PUE','2023-02-13','11:09:40',215.51,0.00,34.48,249.99,NULL,0.00,NULL,NULL,'2023-02-13 19:08:49',2),(206,NULL,4,1,3,1,1,'T1',82,'PUE','2023-02-13','13:37:02',215.51,0.00,34.48,249.99,50.00,0.00,NULL,NULL,'2023-02-13 20:43:29',2),(207,NULL,4,1,3,1,1,'T1',83,'PUE','2023-02-13','13:38:38',215.51,0.00,34.48,249.99,NULL,NULL,NULL,NULL,'2023-02-13 19:38:38',1),(208,NULL,4,1,3,1,1,'T1',84,'PUE','2023-02-13','13:39:06',215.51,0.00,34.48,249.99,NULL,NULL,NULL,NULL,'2023-02-13 19:39:06',1),(209,NULL,4,1,3,1,1,'T1',85,'PUE','2023-02-13','13:40:54',5.17,0.00,0.83,6.00,NULL,0.00,NULL,NULL,'2023-02-13 20:06:42',2),(210,NULL,4,1,3,1,1,'T1',86,'PUE','2023-02-13','13:41:59',5.17,0.00,0.83,6.00,NULL,NULL,NULL,NULL,'2023-02-13 19:41:59',1),(211,NULL,4,1,3,1,1,'T1',87,'PUE','2023-02-13','14:09:30',5.17,0.00,0.83,6.00,NULL,NULL,NULL,NULL,'2023-02-13 20:09:30',1),(214,NULL,4,5,3,1,5,'PMATCOT',2,'PUE','2023-02-13','23:58:16',215.51,0.00,34.48,249.99,NULL,NULL,NULL,NULL,'2023-02-14 05:58:16',4),(215,NULL,4,5,3,1,5,'PMATCOT',3,'PUE','2023-02-13','23:59:10',745.69,0.00,119.31,865.00,NULL,NULL,NULL,NULL,'2023-02-14 05:59:10',4),(225,NULL,4,1,3,1,1,'COTTX',14,'PUE','2023-02-14','10:55:56',182.78,0.00,29.24,212.02,NULL,NULL,NULL,NULL,'2023-02-14 16:57:56',98),(226,NULL,4,1,3,1,1,'T1',88,'PUE','2023-02-14','10:57:56',182.78,0.00,29.24,212.02,NULL,NULL,NULL,NULL,'2023-02-14 16:57:56',1),(227,NULL,4,1,3,1,1,'T1',89,'PUE','2023-02-14','10:58:43',44.83,0.00,7.17,52.00,NULL,NULL,NULL,NULL,'2023-02-14 16:58:43',1),(228,NULL,4,5,3,1,5,'PMATCOT',4,'PUE','2023-02-14','10:59:44',18.40,0.00,2.94,21.34,NULL,NULL,NULL,NULL,'2023-02-14 16:59:44',4),(231,NULL,381,4,3,1,2,'COTTN',10,'PUE','2023-02-17','10:58:31',1535.32,0.00,245.64,1780.96,NULL,NULL,'entregas 8 en el parque',NULL,'2023-02-17 17:04:58',98),(232,NULL,381,4,3,1,2,'TONVENT',24,'PUE','2023-02-17','11:04:58',1535.31,0.00,245.65,1780.96,2000.00,1219.04,'entregas 8 en el parque',NULL,'2023-02-17 17:16:15',2),(234,NULL,1161,4,3,1,2,'TONVENT',25,'PUE','2023-02-17','11:25:19',1245.66,0.00,199.31,1444.97,2500.00,1055.03,NULL,NULL,'2023-02-17 17:28:59',2),(235,NULL,1161,4,3,1,2,'TONVENT',26,'PUE','2023-02-17','11:26:27',246.56,0.00,39.45,286.01,300.00,13.99,NULL,NULL,'2023-02-17 17:27:24',2),(236,NULL,381,1,3,1,1,'COTTX',15,'PUE','2023-02-20','09:19:56',708.62,0.00,113.38,822.00,NULL,NULL,NULL,NULL,'2023-02-20 15:40:42',98),(237,NULL,381,1,3,1,1,'T1',90,'PUE','2023-02-20','09:40:42',708.62,0.00,113.38,822.00,100.00,78.00,NULL,NULL,'2023-02-20 16:31:21',2),(239,NULL,4,1,3,1,1,'T1',91,'PUE','2023-02-20','11:01:45',5.17,0.00,0.83,6.00,10.00,4.00,NULL,NULL,'2023-02-20 17:04:38',2),(240,NULL,4,1,3,1,1,'T1',92,'PUE','2023-02-20','11:02:20',17.24,0.00,2.76,20.00,20.00,0.00,NULL,NULL,'2023-02-21 03:26:34',2),(241,NULL,4,1,3,1,1,'T1',93,'PUE','2023-02-20','15:40:04',237.92,0.00,38.07,275.99,276.00,0.01,NULL,NULL,'2023-02-20 21:41:01',2),(242,NULL,4,1,3,1,1,'T1',94,'PUE','2023-02-20','21:28:12',237.92,0.00,38.07,275.99,200.00,0.01,NULL,NULL,'2023-02-21 03:28:43',2),(243,NULL,4,1,3,1,1,'T1',95,'PUE','2023-02-20','21:29:11',215.51,0.00,34.48,249.99,250.00,0.01,NULL,NULL,'2023-02-21 03:29:36',2),(244,NULL,4,1,3,1,1,'T1',96,'PUE','2023-02-20','21:29:22',17.24,0.00,2.76,20.00,20.00,0.00,NULL,NULL,'2023-02-21 03:30:11',2),(245,NULL,4,1,3,1,1,'T1',97,'PUE','2023-02-20','21:31:53',215.51,0.00,34.48,249.99,250.00,0.01,NULL,NULL,'2023-02-21 03:32:18',2),(246,NULL,4,1,3,1,1,'T1',98,'PUE','2023-02-20','21:32:04',17.24,0.00,2.76,20.00,20.00,0.00,NULL,NULL,'2023-02-21 03:32:37',2),(247,NULL,4,1,3,1,1,'T1',99,'PUE','2023-02-20','22:09:55',215.51,0.00,34.48,249.99,NULL,NULL,NULL,NULL,'2023-02-21 04:09:55',1),(248,NULL,4,1,3,1,1,'T1',100,'PUE','2023-02-20','22:21:06',17.24,0.00,2.76,20.00,20.00,0.00,NULL,NULL,'2023-02-21 04:25:38',2),(249,NULL,381,1,3,1,1,'T1',101,'PUE','2023-02-20','23:28:26',237.92,0.00,38.07,275.99,NULL,NULL,NULL,NULL,'2023-02-21 05:28:26',1),(251,NULL,381,1,3,1,1,'T1',102,'PUE','2023-02-21','00:04:29',361.20,0.00,57.79,418.99,200.00,1.01,NULL,NULL,'2023-02-21 08:21:10',2),(252,NULL,4,1,3,1,1,'T1',103,'PUE','2023-02-21','02:26:06',232.75,0.00,37.24,269.99,1.00,0.01,NULL,NULL,'2023-02-21 08:33:19',2),(254,NULL,4,1,3,1,1,'T1',104,'PUE','2023-02-21','02:48:00',3998.27,0.00,639.72,4637.99,4700.00,62.01,NULL,NULL,'2023-02-21 08:48:23',2),(255,NULL,4,1,3,1,1,'T1',105,'PUE','2023-02-21','02:49:23',1077.55,0.00,172.41,1249.96,1300.00,50.04,NULL,NULL,'2023-02-21 08:50:08',2),(256,NULL,4,1,3,1,1,'T1',106,'PUE','2023-02-21','02:52:54',2417.24,0.00,386.76,2804.00,2900.00,96.00,NULL,NULL,'2023-02-21 09:20:00',2),(257,NULL,4,1,3,1,1,'T1',107,'PUE','2023-02-21','03:20:26',2414.66,0.00,386.35,2801.01,3000.00,198.99,NULL,NULL,'2023-02-21 09:20:55',2),(258,NULL,4,1,3,1,1,'T1',108,'PUE','2023-02-21','03:20:41',1955.00,0.00,312.80,2267.80,2300.00,32.20,NULL,NULL,'2023-02-21 16:14:40',2),(260,NULL,4,4,3,1,2,'TONVENT',28,'PUE','2023-02-21','22:53:59',220.68,0.00,35.31,255.99,256.00,0.01,NULL,NULL,'2023-02-22 04:55:14',2),(261,NULL,4,4,3,1,2,'TONVENT',29,'PUE','2023-02-22','03:56:13',22.41,0.00,3.59,26.00,26.00,0.00,NULL,NULL,'2023-02-22 09:56:40',2),(263,NULL,4,4,3,1,2,'TONVENT',30,'PUE','2023-02-22','11:25:55',727.75,0.00,116.44,844.19,845.00,0.81,NULL,NULL,'2023-02-22 17:28:45',2),(266,NULL,1,1,1,1,1,'ADMINVENT',109,'PUE','2023-02-24','02:31:59',17241.38,0.00,2758.62,20000.00,NULL,0.00,NULL,NULL,'2023-02-24 08:43:14',2),(267,NULL,17,2,1,1,6,'MTUXVENT',3,'PUE','2023-02-24','08:35:44',220.68,0.00,35.31,255.99,NULL,0.01,NULL,NULL,'2023-02-24 14:37:05',2),(278,NULL,1,1,3,1,1,'ADMINCOTI',5,'PUE','2023-03-14','14:04:14',215.51,0.00,34.48,249.99,NULL,NULL,'Prueba',NULL,'2023-03-14 23:17:22',98),(279,NULL,1,1,3,1,1,'ADMINCOTI',6,'PUE','2023-03-14','14:06:05',215.51,0.00,34.48,249.99,NULL,NULL,NULL,NULL,'2023-03-14 23:17:17',99),(280,NULL,1,1,3,1,1,'ADMINCOTI',7,'PUE','2023-03-14','14:12:34',5.17,0.00,0.83,6.00,NULL,NULL,NULL,NULL,'2023-03-14 23:17:14',98),(281,NULL,1,1,1,1,1,'ADMINCOTI',8,'PUE','2023-03-14','14:13:34',5.17,0.00,0.83,6.00,NULL,NULL,NULL,NULL,'2023-03-14 23:17:11',98),(282,NULL,1,1,3,1,1,'ADMINVENT',110,'PUE','2023-03-14','14:22:00',215.51,0.00,34.48,249.99,250.00,0.01,'Prueba',NULL,'2023-03-14 23:17:08',2),(283,NULL,1,1,1,1,1,'ADMINVENT',111,'PUE','2023-03-14','14:36:34',5.17,0.00,0.83,6.00,6.00,0.00,NULL,NULL,'2023-03-14 23:17:05',2),(284,NULL,1,1,3,1,1,'ADMINVENT',112,'PUE','2023-03-14','14:42:12',5.17,0.00,0.83,6.00,7.00,1.00,NULL,NULL,'2023-03-14 23:17:00',2),(285,NULL,1,1,3,1,1,'ADMINCOTI',9,'PUE','2023-03-14','15:02:41',215.51,0.00,34.48,249.99,NULL,NULL,NULL,NULL,'2023-03-14 23:16:56',4),(286,NULL,1,1,1,1,1,'ADMINCOTI',10,'PUE','2023-03-14','15:30:33',17.24,0.00,2.76,20.00,NULL,NULL,NULL,NULL,'2023-03-14 23:16:52',4),(287,NULL,1,1,1,1,1,'ADMINCOTI',11,'PUE','2023-03-14','15:32:03',17.24,0.00,2.76,20.00,NULL,NULL,NULL,NULL,'2023-03-14 23:16:39',4),(288,NULL,1,1,1,1,1,'ADMINCOTI',12,'PUE','2023-03-14','15:49:45',215.51,0.00,34.48,249.99,NULL,NULL,NULL,NULL,'2023-03-14 23:16:34',4),(290,NULL,1,1,1,1,1,'ADMINCOTI',13,'PUE','2023-03-14','16:59:34',5.17,0.00,0.83,6.00,NULL,NULL,NULL,NULL,'2023-03-14 23:16:31',4),(291,NULL,1,1,3,1,1,'ADMINCOTI',14,'PUE','2023-03-14','17:01:19',5.17,0.00,0.83,6.00,NULL,NULL,NULL,NULL,'2023-03-14 23:16:28',4),(292,NULL,1,1,1,1,1,'ADMINVENT',113,'PUE','2023-03-14','17:02:00',17.24,0.00,2.76,20.00,20.00,0.00,NULL,NULL,'2023-03-14 23:16:23',2),(293,4,1,1,3,1,1,'ADMINCOTI',15,'PUE','2023-03-14','17:19:46',103.45,0.00,16.55,120.00,NULL,NULL,NULL,NULL,'2023-03-14 23:19:46',4),(294,1,1,1,3,1,1,'ADMINVENT',114,'PUE','2023-03-14','17:20:23',646.53,0.00,103.44,749.97,NULL,NULL,NULL,NULL,'2023-03-14 23:20:23',1),(295,2,1,1,3,1,1,'ADMINVENT',115,'PUE','2023-03-14','17:20:44',17.24,0.00,2.76,20.00,50.00,30.00,NULL,NULL,'2023-03-14 23:21:13',2),(296,4,1,1,3,1,1,'ADMINCOTI',16,'PUE','2023-03-14','17:29:42',17.24,0.00,2.76,20.00,NULL,NULL,NULL,NULL,'2023-03-14 23:29:42',4),(297,1,1,1,3,1,1,'ADMINVENT',116,'PUE','2023-03-16','13:49:27',215.51,0.00,34.48,249.99,NULL,NULL,NULL,NULL,'2023-03-16 19:49:27',1),(306,1,10,1,5,1,1,'ADMINVENT',117,'PUE','2023-03-30','10:03:02',215.52,0.00,34.48,250.00,NULL,NULL,NULL,NULL,'2023-03-30 16:03:02',1),(310,NULL,10,1,1,1,1,'ADMINVENT',118,'','2023-05-21','01:25:51',NULL,NULL,NULL,NULL,NULL,NULL,NULL,NULL,'2023-05-22 15:23:10',0);

--
-- Table structure for table `tpv_pedidodetalle`
--

CREATE TABLE `tpv_pedidodetalle` (
  `id` int(11) NOT NULL AUTO_INCREMENT,
  `id_tpv_pedido` int(11) DEFAULT NULL,
  `id_tpv_vendedor` int(11) DEFAULT NULL,
  `id_tpv_articuloalmacen` int(11) DEFAULT NULL,
  `id_tpv_articuloprecio` int(11) DEFAULT NULL,
  `costo` decimal(9,2) DEFAULT NULL,
  `precio` decimal(9,2) DEFAULT NULL,
  `cantidad` decimal(9,2) DEFAULT NULL,
  `subtotal` decimal(9,2) DEFAULT NULL,
  `descuento` decimal(9,2) DEFAULT NULL,
  `total` decimal(9,2) DEFAULT NULL,
  `timestamp` timestamp NOT NULL DEFAULT current_timestamp() ON UPDATE current_timestamp(),
  `status` int(8) DEFAULT 1,
  PRIMARY KEY (`id`)
) ENGINE=InnoDB AUTO_INCREMENT=540 DEFAULT CHARSET=latin1 COLLATE=latin1_spanish_ci;

--
-- Dumping data for table `tpv_pedidodetalle`
--

INSERT INTO `tpv_pedidodetalle` VALUES (1,1,1,2748,22021,0.00,59.00,1.00,59.00,0.00,59.00,'2023-01-04 15:40:09',1),(6,5,1,938,2149,0.00,8.00,1.00,8.00,0.00,8.00,'2023-01-04 16:02:28',1),(21,16,1,1690,3343,0.00,13.00,7.00,91.00,0.00,91.00,'2023-01-04 16:56:56',1),(22,16,1,2814,22501,0.00,102.00,10.00,102.00,0.00,102.00,'2023-03-13 03:23:24',1),(23,17,1,4258,30982,0.00,135.00,1.00,135.00,0.00,135.00,'2023-01-04 17:07:28',1),(25,19,1,2263,4655,0.00,238.99,1.00,238.99,0.00,238.99,'2023-01-04 18:26:49',1),(26,20,1,3136,24388,0.00,98.90,4.00,395.60,0.00,395.60,'2023-01-04 18:43:30',1),(28,22,1,656,11815,0.00,57.56,2.00,115.12,0.00,115.12,'2023-01-04 18:46:22',1),(29,23,1,3819,28291,0.00,354.99,1.00,354.99,0.00,354.99,'2023-01-04 18:46:57',1),(32,26,1,3736,27778,0.00,18.62,1.00,18.62,0.00,18.62,'2023-01-04 19:05:43',1),(33,27,1,1549,3067,0.00,35.99,1.00,35.99,0.00,35.99,'2023-01-04 19:06:14',1),(35,29,1,1893,3676,0.00,38.00,1.00,38.00,0.00,38.00,'2023-01-04 19:22:09',1),(49,39,1,2298,4738,0.00,259.00,1.00,259.00,0.00,259.00,'2023-01-06 21:14:42',1),(50,39,1,2299,4744,0.00,317.00,2.00,634.00,0.00,634.00,'2023-01-06 21:14:54',1),(51,40,1,2322,4834,0.00,855.00,2.00,1710.00,0.00,1710.00,'2023-01-06 21:18:20',1),(52,40,1,2299,4744,0.00,317.00,1.00,317.00,0.00,317.00,'2023-01-06 21:18:09',1),(53,41,1,3182,6580,0.00,47.00,1.00,47.00,0.00,47.00,'2023-01-06 21:22:22',1),(54,41,1,3184,6586,0.00,64.99,2.00,129.98,0.00,129.98,'2023-01-06 21:22:33',1),(55,42,1,1640,3268,0.00,62.00,1.00,62.00,0.00,62.00,'2023-01-10 15:38:06',1),(56,43,1,230,9880,0.00,1045.00,1.00,1045.00,0.00,1045.00,'2023-01-10 15:39:07',1),(58,44,1,2234,4579,0.00,155.00,1.00,155.00,0.00,155.00,'2023-01-10 15:43:53',1),(59,44,1,3837,8059,0.00,865.00,2.00,1730.00,0.00,1968.62,'2023-01-10 15:43:56',1),(60,45,1,107,106,0.00,12.50,1.00,12.50,0.00,12.50,'2023-01-10 15:46:15',1),(61,46,1,230,9880,0.00,1045.00,1.00,1045.00,0.00,1045.00,'2023-01-10 15:49:37',1),(64,48,1,3096,6379,0.00,175.00,2.00,350.00,0.00,398.27,'2023-01-10 16:59:39',1),(65,48,1,2954,23290,0.00,475.00,1.00,475.00,0.00,475.00,'2023-01-10 16:59:45',1),(76,54,1,2299,4744,0.00,317.00,1.00,317.00,0.00,317.00,'2023-01-23 04:09:59',1),(77,54,1,2297,19453,0.00,354.99,1.00,354.99,0.00,354.99,'2023-01-23 04:10:01',1),(78,55,1,595,1051,0.00,8.00,1.00,8.00,0.00,8.00,'2023-01-23 18:36:12',1),(79,56,1,2262,4651,0.00,209.00,1.00,209.00,0.00,209.00,'2023-01-23 18:36:43',1),(80,57,1,452,871,0.00,92.00,1.00,92.00,0.00,92.00,'2023-01-23 18:41:11',1),(81,58,1,3184,6586,0.00,64.99,1.00,64.99,0.00,64.99,'2023-01-23 18:41:57',1),(82,59,1,3187,6592,0.00,85.00,1.00,85.00,0.00,85.00,'2023-01-23 18:42:38',1),(83,60,1,3185,6589,0.00,98.99,1.00,98.99,0.00,98.99,'2023-01-23 18:43:30',1),(84,61,1,3185,6589,0.00,98.99,1.00,98.99,0.00,98.99,'2023-01-23 18:47:08',1),(85,62,1,3185,6589,0.00,98.99,1.00,98.99,0.00,98.99,'2023-01-23 18:48:16',1),(86,63,1,3185,6589,0.00,98.99,1.00,98.99,0.00,98.99,'2023-01-23 18:51:02',1),(87,64,1,3185,6589,0.00,98.99,1.00,98.99,0.00,98.99,'2023-01-23 18:51:24',1),(88,65,1,3187,6592,0.00,85.00,1.00,85.00,0.00,85.00,'2023-01-23 18:51:59',1),(89,66,1,3187,6592,0.00,85.00,1.00,85.00,0.00,85.00,'2023-01-23 18:52:46',1),(90,67,1,3187,6592,0.00,85.00,1.00,85.00,0.00,85.00,'2023-01-23 18:57:03',1),(91,68,1,3187,6592,0.00,85.00,1.00,85.00,0.00,85.00,'2023-01-23 18:58:19',1),(92,69,1,3188,6595,0.00,72.00,1.00,72.00,0.00,72.00,'2023-01-23 19:01:05',1),(93,70,1,3189,6601,0.00,135.00,1.00,135.00,0.00,135.00,'2023-01-23 19:07:10',1),(94,71,1,3188,6595,0.00,72.00,1.00,72.00,0.00,72.00,'2023-01-23 19:07:38',1),(95,72,1,3188,6595,0.00,72.00,1.00,72.00,0.00,72.00,'2023-01-23 19:08:25',1),(96,73,1,450,868,0.00,102.00,1.00,102.00,0.00,102.00,'2023-01-23 21:21:57',1),(97,74,1,3188,6595,0.00,72.00,1.00,72.00,0.00,72.00,'2023-01-23 21:22:50',1),(98,75,1,3189,6601,0.00,135.00,1.00,135.00,0.00,135.00,'2023-01-23 21:31:20',1),(99,76,1,3188,6595,0.00,72.00,1.00,72.00,0.00,72.00,'2023-01-23 21:32:57',1),(100,77,1,3188,6595,0.00,72.00,1.00,72.00,0.00,72.00,'2023-01-23 21:34:16',1),(101,78,1,1979,4018,0.00,255.00,1.00,255.00,0.00,255.00,'2023-01-23 22:46:26',1),(106,80,1,3188,6595,0.00,72.00,2.00,124.14,0.00,124.14,'2023-01-23 23:54:28',1),(107,81,1,3189,6601,0.00,135.00,1.00,135.00,0.00,135.00,'2023-01-23 23:57:12',1),(123,87,1,1034,2248,0.00,17.50,3.00,52.51,0.00,52.51,'2023-01-24 14:22:44',1),(125,89,1,3100,24073,0.00,164.50,1.00,164.50,0.00,164.50,'2023-01-24 14:39:18',1),(126,90,1,6708,12622,0.00,47.00,2.00,94.01,0.00,94.01,'2023-01-24 14:47:12',1),(127,90,1,273,370,0.00,11.00,2.00,21.99,0.00,21.99,'2023-01-24 14:47:45',1),(128,91,1,2464,20203,0.00,24.00,3.00,72.00,0.00,72.00,'2023-01-24 16:30:00',1),(129,91,1,2463,20200,0.00,25.00,2.00,50.00,0.00,50.00,'2023-01-24 16:30:13',1),(130,91,1,1046,13495,0.00,72.00,1.00,72.00,0.00,72.00,'2023-01-24 16:32:06',1),(131,91,1,2461,20194,0.00,19.00,1.00,19.00,0.00,19.00,'2023-01-24 16:32:16',1),(132,92,1,2919,23137,0.00,228.31,1.00,228.31,0.00,228.31,'2023-01-24 16:34:01',1),(133,93,1,3391,7207,0.00,61.40,3.00,184.20,0.00,184.20,'2023-01-24 16:37:11',1),(134,94,1,1032,2242,0.00,20.00,1.00,20.00,0.00,20.00,'2023-01-24 16:38:14',1),(135,95,1,6895,13597,0.00,12.50,2.00,25.01,0.00,25.01,'2023-01-24 16:38:50',1),(136,95,1,1319,14725,0.00,8.50,2.00,17.01,0.00,17.01,'2023-01-24 16:39:06',1),(145,98,1,815,12505,0.00,11.33,1.00,11.33,0.00,11.33,'2023-01-24 17:12:03',1),(147,100,1,3877,28732,0.00,29.00,1.00,29.00,0.00,29.00,'2023-01-24 17:41:09',1),(148,101,1,2463,20200,0.00,25.00,1.00,25.00,0.00,25.00,'2023-01-24 17:43:52',1),(149,102,1,854,1825,0.00,165.00,1.00,165.00,0.00,165.00,'2023-01-24 17:44:43',1),(151,104,1,2599,20746,0.00,49.00,1.00,49.00,0.00,49.00,'2023-01-24 19:16:12',1),(152,104,1,1001,13306,0.00,6.19,1.00,6.19,0.00,6.19,'2023-01-24 19:16:36',1),(153,105,1,3136,24388,0.00,98.90,1.00,98.90,0.00,98.90,'2023-01-24 19:17:55',1),(159,108,1,2919,23137,0.00,228.31,1.00,228.31,0.00,228.31,'2023-01-25 17:25:03',1),(160,109,1,5797,8320,0.00,6.99,12.00,83.88,0.00,83.88,'2023-01-25 17:30:08',1),(161,109,1,595,1051,0.00,8.00,4.00,32.02,0.00,32.02,'2023-01-25 17:30:26',1),(162,110,1,3802,28162,0.00,103.15,1.00,103.15,0.00,103.15,'2023-01-25 17:32:46',1),(171,116,1,2499,20362,0.00,50.69,1.00,50.69,0.00,50.69,'2023-01-25 18:03:47',1),(172,117,1,443,10894,0.00,15.50,1.00,15.50,0.00,15.50,'2023-01-25 18:04:38',1),(173,118,1,2149,18808,0.00,20.86,2.00,41.71,0.00,41.71,'2023-01-25 18:05:17',1),(174,119,1,1325,14756,0.00,8.00,1.00,8.00,0.00,8.00,'2023-01-25 20:05:02',1),(175,119,1,4376,31933,0.00,39.00,1.00,39.00,0.00,39.00,'2023-01-25 20:04:48',1),(176,120,1,1158,13981,0.00,5.48,1.00,5.48,0.00,5.48,'2023-01-25 20:05:53',1),(177,120,1,3739,7885,0.00,25.00,1.00,25.00,0.00,25.00,'2023-01-25 20:06:12',1),(178,121,1,815,12505,0.00,11.33,1.00,11.33,0.00,11.33,'2023-01-25 20:07:30',1),(179,122,1,1170,14080,0.00,51.47,1.00,51.47,0.00,51.47,'2023-01-25 20:09:06',1),(180,123,1,938,2149,0.00,8.00,3.00,24.01,0.00,24.01,'2023-01-25 20:12:24',1),(181,124,1,2355,4900,0.00,25.00,1.00,25.00,0.00,25.00,'2023-01-25 20:13:37',1),(182,124,1,10832,32305,0.00,38.00,1.00,38.00,0.00,38.00,'2023-01-25 20:14:01',1),(183,125,1,1339,14842,0.00,11.03,2.00,22.06,0.00,22.06,'2023-01-25 20:14:47',1),(184,125,1,16,8512,0.00,92.00,1.00,92.00,0.00,92.00,'2023-01-25 20:15:18',1),(185,126,1,4023,29674,0.00,46.01,1.00,46.01,0.00,46.01,'2023-01-25 20:16:37',1),(186,127,1,2322,4834,0.00,855.00,1.00,855.00,0.00,855.00,'2023-01-26 20:43:10',1),(187,128,1,18684,4738,0.00,259.00,1.00,259.00,0.00,259.00,'2023-01-26 21:18:15',1),(188,128,1,18685,4744,0.00,317.00,1.00,317.00,0.00,317.00,'2023-01-26 21:18:17',1),(189,129,1,18684,22780,0.00,229.00,1.00,229.00,0.00,229.00,'2023-03-02 19:29:06',1),(190,129,1,19249,22777,0.00,229.00,1.00,229.00,0.00,229.00,'2023-01-26 21:27:38',1),(191,130,1,18894,5212,0.00,47.00,1.00,47.00,0.00,47.00,'2023-01-26 22:00:47',1),(193,132,1,16501,9055,0.00,85.00,1.00,85.00,0.00,85.00,'2023-01-27 16:46:11',1),(194,132,1,16502,9058,0.00,5.20,2.00,10.39,0.00,10.39,'2023-01-27 16:46:18',1),(195,133,1,16766,706,0.00,30.00,1.00,30.00,0.00,30.00,'2023-01-27 18:17:28',1),(196,134,1,16836,868,0.00,102.00,1.00,102.00,0.00,102.00,'2023-01-27 18:18:04',1),(197,134,1,17018,1162,0.00,515.01,1.00,515.01,0.00,515.01,'2023-01-27 18:18:09',1),(198,135,1,18719,4843,0.00,214.99,1.00,214.99,0.00,214.99,'2023-01-29 21:04:10',1),(199,135,1,19568,6580,0.00,47.00,1.00,47.00,0.00,47.00,'2023-01-29 21:04:12',1),(200,135,1,19570,6586,0.00,64.99,1.00,64.99,0.00,64.99,'2023-01-29 21:04:15',1),(201,136,1,17911,2998,0.00,22.30,3.00,66.89,0.00,66.89,'2023-01-29 21:07:23',1),(202,136,1,17914,3004,0.00,59.00,1.00,59.00,0.00,59.00,'2023-01-29 21:07:25',1),(203,137,1,16492,103,0.00,69.00,1.00,69.00,0.00,69.00,'2023-01-29 21:16:33',1),(204,137,1,17017,1159,0.00,66.00,1.00,66.00,0.00,66.00,'2023-01-29 21:16:35',1),(205,138,1,17324,2149,0.00,8.00,1.00,8.00,0.00,8.00,'2023-01-29 21:17:14',1),(206,138,1,17336,2155,0.00,27.00,1.00,27.00,0.00,27.00,'2023-01-29 21:17:15',1),(207,138,1,17343,2164,0.00,69.00,1.00,69.00,0.00,69.00,'2023-01-29 21:17:16',1),(208,139,1,19038,5758,0.00,39.00,1.00,39.00,0.00,39.00,'2023-01-30 22:37:18',1),(209,139,1,19040,5761,0.00,20.00,1.00,20.00,0.00,20.00,'2023-01-30 22:37:19',1),(210,139,1,18290,17788,0.00,66.00,1.00,66.00,0.00,66.00,'2023-01-30 22:37:21',1),(211,139,1,19023,5710,0.00,22.01,1.00,22.01,0.00,22.01,'2023-01-30 22:37:23',1),(212,139,1,18731,4864,0.00,32.00,2.00,64.01,0.00,64.01,'2023-01-30 22:37:31',1),(216,142,1,16836,868,0.00,102.00,1.00,102.00,0.00,102.00,'2023-01-31 02:58:41',1),(217,142,1,16838,871,0.00,92.00,1.00,92.00,0.00,92.00,'2023-01-31 02:58:44',1),(218,142,1,16839,874,0.00,117.00,1.00,117.00,0.00,117.00,'2023-01-31 02:58:49',1),(219,143,1,16836,868,0.00,102.00,1.00,102.00,0.00,102.00,'2023-01-31 03:05:05',1),(220,143,1,16838,871,0.00,92.00,1.00,92.00,0.00,92.00,'2023-01-31 03:05:06',1),(221,143,1,16839,874,0.00,117.00,1.00,117.00,0.00,117.00,'2023-01-31 03:05:08',1),(222,144,1,16836,868,0.00,102.00,1.00,102.00,0.00,102.00,'2023-01-31 03:06:30',1),(223,144,1,16838,871,0.00,92.00,1.00,92.00,0.00,92.00,'2023-01-31 03:06:34',1),(224,144,1,16839,874,0.00,117.00,1.00,117.00,0.00,117.00,'2023-01-31 03:06:38',1),(225,145,1,16836,868,0.00,102.00,1.00,102.00,0.00,102.00,'2023-01-31 03:08:36',1),(226,145,1,16838,871,0.00,92.00,1.00,92.00,0.00,92.00,'2023-01-31 03:08:42',1),(227,145,1,16839,874,0.00,117.00,1.00,117.00,0.00,117.00,'2023-01-31 03:08:46',1),(228,146,1,20778,32014,0.00,228.57,1.00,228.57,0.00,228.57,'2023-01-31 20:50:00',1),(229,147,1,18730,4861,0.00,32.00,1.00,32.00,0.00,32.00,'2023-02-01 06:19:26',99),(230,147,1,19023,5710,0.00,22.01,1.00,22.01,0.00,22.01,'2023-02-01 06:19:26',99),(231,147,1,19038,5758,0.00,39.00,1.00,39.00,0.00,39.00,'2023-02-01 06:19:26',99),(250,147,1,17324,2149,0.00,8.00,1.00,8.00,0.00,8.00,'2023-02-01 06:19:26',99),(251,149,1,16384,1,0.00,19.00,1.00,19.00,0.00,19.00,'2023-02-01 06:15:21',99),(252,149,1,16385,4,0.00,2.34,1.00,2.34,0.00,2.34,'2023-02-01 06:15:21',99),(253,149,1,16386,7,0.00,25.00,1.00,25.00,0.00,25.00,'2023-02-01 06:15:21',99),(254,150,1,16899,907,0.00,502.20,1.00,502.20,0.00,502.20,'2023-02-01 06:18:58',99),(255,150,1,16938,961,0.00,959.80,1.00,959.80,0.00,959.80,'2023-02-01 06:18:58',99),(256,151,1,17324,2149,0.00,8.00,1.00,8.00,0.00,8.00,'2023-02-01 07:33:47',1),(257,151,1,17336,2155,0.00,27.00,1.00,27.00,0.00,27.00,'2023-02-01 07:33:49',1),(258,151,1,17343,2164,0.00,69.00,1.00,69.00,0.00,69.00,'2023-02-01 07:33:52',1),(269,157,1,17324,2149,0.00,8.00,1.00,8.00,0.00,8.00,'2023-02-01 19:02:32',99),(270,157,1,17336,2155,0.00,27.00,1.00,27.00,0.00,27.00,'2023-02-01 19:02:32',99),(271,157,1,17343,2164,0.00,69.00,1.00,69.00,0.00,69.00,'2023-02-01 19:02:32',99),(272,158,1,16631,9994,0.00,195.00,1.00,195.00,0.00,195.00,'2023-02-01 08:37:16',1),(273,158,1,16630,9967,0.00,1155.00,1.00,1155.00,0.00,1155.00,'2023-02-01 08:37:18',1),(292,168,1,16631,9994,0.00,195.00,1.00,195.00,0.00,195.00,'2023-02-01 09:21:25',99),(293,168,1,16630,9967,0.00,1155.00,1.00,1155.00,0.00,1155.00,'2023-02-01 09:21:25',99),(296,170,1,16994,1096,0.00,27.00,2.00,54.01,0.00,54.01,'2023-02-01 09:20:22',1),(297,170,1,17019,1168,0.00,25.00,1.00,25.00,0.00,25.00,'2023-02-01 09:20:23',1),(298,170,1,17020,1171,0.00,38.00,1.00,38.00,0.00,38.00,'2023-02-01 09:20:24',1),(299,171,1,16994,1096,0.00,27.00,2.00,54.01,0.00,54.01,'2023-02-01 19:02:27',99),(300,171,1,17019,1168,0.00,25.00,1.00,25.00,0.00,25.00,'2023-02-01 19:02:27',99),(301,171,1,17020,1171,0.00,38.00,1.00,38.00,0.00,38.00,'2023-02-01 19:02:27',99),(304,173,1,16981,1051,0.00,8.00,1.00,8.00,0.00,8.00,'2023-02-01 09:25:30',1),(305,173,1,16991,1072,0.00,195.00,1.00,195.00,0.00,195.00,'2023-02-01 09:25:43',1),(306,173,1,17047,1264,0.00,715.00,1.00,715.00,0.00,715.00,'2023-02-01 09:25:50',1),(307,174,1,17060,1312,0.00,188.00,1.00,188.00,0.00,188.00,'2023-02-01 18:52:19',1),(308,174,1,17061,1318,0.00,188.00,1.00,188.00,0.00,188.00,'2023-02-01 18:52:21',1),(309,174,1,17037,1243,0.00,127.99,1.00,127.99,0.00,127.99,'2023-02-01 18:52:24',1),(310,175,1,18685,4744,0.00,317.00,1.00,317.00,0.00,317.00,'2023-02-01 18:54:01',1),(311,175,1,18719,4843,0.00,214.99,1.00,214.99,0.00,214.99,'2023-02-01 18:54:02',1),(312,174,1,19481,6376,0.00,159.00,1.00,159.00,0.00,159.00,'2023-02-01 18:56:08',1),(313,176,1,17060,1312,0.00,188.00,1.00,188.00,0.00,188.00,'2023-02-01 18:56:20',1),(314,176,1,17061,1318,0.00,188.00,1.00,188.00,0.00,188.00,'2023-02-01 18:56:20',1),(315,176,1,17037,1243,0.00,127.99,1.00,127.99,0.00,127.99,'2023-02-01 18:56:20',1),(316,176,1,19481,6376,0.00,159.00,1.00,159.00,0.00,159.00,'2023-02-01 18:56:20',1),(318,178,1,17203,12517,0.00,249.99,1.00,249.99,0.00,249.99,'2023-02-07 18:43:43',1),(319,178,1,19570,6586,0.00,64.99,1.00,64.99,0.00,64.99,'2023-02-07 18:44:00',1),(320,179,1,27271,32569,0.00,268.99,1.00,268.99,0.00,268.99,'2023-02-07 19:02:16',1),(326,182,1,28742,33304,0.00,8769.62,1.00,8769.62,0.00,8769.62,'2023-02-08 03:29:19',1),(327,183,1,28824,33550,0.00,8745.12,1.00,8745.12,0.00,8745.12,'2023-02-08 03:36:55',1),(328,184,1,28851,33631,0.00,1478.68,1.00,1478.68,0.00,1478.68,'2023-02-08 04:32:47',1),(329,185,1,28852,33634,0.00,932.13,1.00,932.13,0.00,932.13,'2023-02-08 04:33:08',1),(330,186,1,17203,12517,0.00,249.99,1.00,249.99,0.00,249.99,'2023-02-09 23:13:54',1),(331,187,1,23068,12520,0.00,6.00,1.00,6.00,0.00,6.00,'2023-02-10 00:38:51',1),(332,188,1,17203,12517,0.00,249.99,1.00,249.99,0.00,249.99,'2023-02-10 00:39:22',1),(333,189,1,17203,12517,0.00,249.99,1.00,249.99,0.00,249.99,'2023-02-10 00:40:16',1),(334,190,1,17203,12517,0.00,249.99,1.00,249.99,0.00,249.99,'2023-02-10 00:45:35',1),(335,191,1,17203,12517,0.00,249.99,1.00,249.99,0.00,249.99,'2023-02-10 00:48:57',1),(336,192,1,17203,12517,0.00,249.99,1.00,249.99,0.00,249.99,'2023-02-10 00:52:27',1),(337,193,1,17203,12517,0.00,249.99,1.00,249.99,0.00,249.99,'2023-02-10 00:58:15',1),(338,194,1,17203,12517,0.00,249.99,1.00,249.99,0.00,249.99,'2023-02-10 01:02:59',1),(339,195,1,17203,12517,0.00,249.99,1.00,249.99,0.00,249.99,'2023-02-10 01:06:00',1),(340,196,1,17203,12517,0.00,249.99,1.00,249.99,0.00,249.99,'2023-02-10 01:07:28',1),(341,197,1,17203,12517,0.00,249.99,1.00,249.99,0.00,249.99,'2023-02-10 01:08:08',1),(342,198,1,23068,12520,0.00,6.00,1.00,6.00,0.00,6.00,'2023-02-10 01:09:01',1),(343,199,1,17203,12517,0.00,249.99,1.00,249.99,0.00,249.99,'2023-02-10 01:13:21',1),(344,200,1,17203,12517,0.00,249.99,1.00,249.99,0.00,249.99,'2023-02-10 01:14:01',1),(345,201,1,17203,12517,0.00,249.99,1.00,249.99,0.00,249.99,'2023-02-12 17:39:45',1),(346,201,1,23068,12520,0.00,6.00,1.00,6.00,0.00,6.00,'2023-02-12 17:39:53',1),(372,205,1,17203,12517,0.00,249.99,1.00,249.99,0.00,249.99,'2023-02-13 16:55:49',1),(373,206,1,17203,12517,0.00,249.99,1.00,249.99,0.00,249.99,'2023-02-13 19:36:58',1),(374,207,1,17203,12517,0.00,249.99,1.00,249.99,0.00,249.99,'2023-02-13 19:38:35',1),(375,208,1,17203,12517,0.00,249.99,1.00,249.99,0.00,249.99,'2023-02-13 19:39:04',1),(376,209,1,23068,12520,0.00,6.00,1.00,6.00,0.00,6.00,'2023-02-13 19:40:52',1),(377,210,1,23068,12520,0.00,6.00,1.00,6.00,0.00,6.00,'2023-02-13 19:41:57',1),(378,211,1,23068,12520,0.00,6.00,1.00,6.00,0.00,6.00,'2023-02-13 20:09:25',1),(381,214,1,17203,12517,0.00,249.99,1.00,249.99,0.00,249.99,'2023-02-14 05:58:10',1),(382,215,1,20223,8059,0.00,865.00,1.00,865.00,0.00,865.00,'2023-02-14 05:58:58',1),(392,225,1,17110,1534,0.00,29.00,2.00,58.00,0.00,58.00,'2023-02-14 16:55:24',1),(393,225,1,17112,1537,0.00,46.01,1.00,46.01,0.00,46.01,'2023-02-14 16:55:30',1),(394,225,1,17118,1540,0.00,62.00,1.00,62.00,0.00,62.00,'2023-02-14 16:55:36',1),(395,225,1,17127,1543,0.00,46.01,1.00,46.01,0.00,46.01,'2023-02-14 16:55:39',1),(396,226,1,17110,1534,0.00,29.00,2.00,58.00,0.00,58.00,'2023-02-14 16:57:56',1),(397,226,1,17112,1537,0.00,46.01,1.00,46.01,0.00,46.01,'2023-02-14 16:57:56',1),(398,226,1,17118,1540,0.00,62.00,1.00,62.00,0.00,62.00,'2023-02-14 16:57:56',1),(399,226,1,17127,1543,0.00,46.01,1.00,46.01,0.00,46.01,'2023-02-14 16:57:56',1),(400,227,1,18163,3490,0.00,25.00,1.00,25.00,0.00,25.00,'2023-02-14 16:58:38',1),(401,227,1,18164,3493,0.00,27.00,1.00,27.00,0.00,27.00,'2023-02-14 16:58:39',1),(402,228,1,16384,1,0.00,19.00,1.00,19.00,0.00,19.00,'2023-02-14 16:59:37',1),(403,228,1,16385,4,0.00,2.34,1.00,2.34,0.00,2.34,'2023-02-14 16:59:38',1),(406,231,1,17203,12517,0.00,249.99,1.00,249.99,0.00,249.99,'2023-02-17 16:56:34',1),(407,231,1,17203,12517,0.00,249.99,1.00,249.99,0.00,249.99,'2023-02-17 16:56:34',1),(408,231,1,18685,4744,0.00,317.00,3.00,951.01,0.00,951.01,'2023-02-17 16:56:51',1),(409,231,1,19570,6586,0.00,64.99,2.00,129.99,0.00,129.99,'2023-02-17 16:56:52',1),(410,231,1,17008,11704,0.00,99.99,2.00,199.98,0.00,199.98,'2023-02-17 17:04:23',1),(411,232,1,17203,12517,0.00,249.99,1.00,249.99,0.00,249.99,'2023-02-17 17:04:58',1),(412,232,1,17203,12517,0.00,249.99,1.00,249.99,0.00,249.99,'2023-02-17 17:04:58',1),(413,232,1,18685,4744,0.00,317.00,3.00,951.01,0.00,951.01,'2023-02-17 17:04:58',1),(414,232,1,19570,6586,0.00,64.99,2.00,129.99,0.00,129.99,'2023-02-17 17:04:58',1),(415,232,1,17008,11704,0.00,99.99,2.00,199.98,0.00,199.98,'2023-02-17 17:04:58',1),(421,234,1,17203,12517,0.00,249.99,1.00,249.99,0.00,249.99,'2023-02-17 17:24:49',1),(422,234,1,20857,8392,0.00,165.00,1.00,165.00,0.00,165.00,'2023-02-17 17:25:08',1),(423,234,1,27270,32566,0.00,760.99,1.00,760.99,0.00,760.99,'2023-02-17 17:25:11',1),(424,234,1,27271,32569,0.00,268.99,1.00,268.99,0.00,268.99,'2023-02-17 17:25:12',1),(425,235,1,20858,32593,0.00,66.00,1.00,66.00,0.00,66.00,'2023-02-17 17:26:19',1),(426,235,1,20859,32596,0.00,196.01,1.00,196.01,0.00,196.01,'2023-02-17 17:26:19',1),(427,235,1,20860,32599,0.00,24.00,1.00,24.00,0.00,24.00,'2023-02-17 17:26:20',1),(428,236,1,18685,4744,0.00,317.00,1.00,317.00,0.00,317.00,'2023-02-20 15:19:05',1),(429,236,1,17203,12517,0.00,249.99,1.00,249.99,0.00,249.99,'2023-02-20 15:19:10',1),(430,236,1,19573,6592,0.00,85.00,3.00,255.01,0.00,255.01,'2023-02-20 15:19:49',1),(431,237,1,18685,4744,0.00,317.00,1.00,317.00,0.00,317.00,'2023-02-20 15:40:42',1),(432,237,1,17203,12517,0.00,249.99,1.00,249.99,0.00,249.99,'2023-02-20 15:40:42',1),(433,237,1,19573,6592,0.00,85.00,3.00,255.01,0.00,255.01,'2023-02-20 15:40:42',1),(435,239,1,23068,12520,0.00,6.00,1.00,6.00,0.00,6.00,'2023-02-20 17:01:35',1),(436,240,1,17330,13015,0.00,20.00,1.00,20.00,0.00,20.00,'2023-02-20 17:02:16',1),(437,241,1,17203,12517,0.00,249.99,1.00,249.99,0.00,249.99,'2023-02-20 21:39:47',1),(438,241,1,17330,13015,0.00,20.00,1.00,20.00,0.00,20.00,'2023-02-20 21:39:52',1),(439,241,1,23068,12520,0.00,6.00,1.00,6.00,0.00,6.00,'2023-02-20 21:39:58',1),(440,242,1,23068,12520,0.00,6.00,1.00,6.00,0.00,6.00,'2023-02-21 03:27:59',1),(441,242,1,17203,12517,0.00,249.99,1.00,249.99,0.00,249.99,'2023-02-21 03:28:02',1),(442,242,1,17335,13030,0.00,20.00,1.00,20.00,0.00,20.00,'2023-02-21 03:28:09',1),(443,243,1,17203,12517,0.00,249.99,1.00,249.99,0.00,249.99,'2023-02-21 03:29:09',1),(444,244,1,17335,13030,0.00,20.00,1.00,20.00,0.00,20.00,'2023-02-21 03:29:20',1),(445,245,1,17203,12517,0.00,249.99,1.00,249.99,0.00,249.99,'2023-02-21 03:31:51',1),(446,246,1,17330,13015,0.00,20.00,1.00,20.00,0.00,20.00,'2023-02-21 03:32:02',1),(447,247,1,17203,12517,0.00,249.99,1.00,249.99,0.00,249.99,'2023-02-21 04:09:49',1),(448,248,1,17330,13015,0.00,20.00,1.00,20.00,0.00,20.00,'2023-02-21 04:21:05',1),(449,249,1,17203,12517,0.00,249.99,1.00,249.99,0.00,249.99,'2023-02-21 05:28:17',1),(450,249,1,23068,12520,0.00,6.00,1.00,6.00,0.00,6.00,'2023-02-21 05:28:19',1),(451,249,1,17330,13015,0.00,20.00,1.00,20.00,0.00,20.00,'2023-02-21 05:28:22',1),(454,251,1,17203,12517,0.00,249.99,1.00,249.99,0.00,249.99,'2023-02-21 06:04:08',1),(455,251,1,17330,13015,0.00,20.00,1.00,20.00,0.00,20.00,'2023-02-21 06:04:13',1),(456,251,1,19199,22498,0.00,149.00,5.00,149.00,0.00,149.00,'2023-03-13 03:25:51',1),(457,252,1,17203,12517,0.00,249.99,1.00,249.99,0.00,249.99,'2023-02-21 08:25:59',1),(458,252,1,17335,13030,0.00,20.00,1.00,20.00,0.00,20.00,'2023-02-21 08:26:04',1),(461,254,1,19346,23365,0.00,1466.50,1.00,1466.50,0.00,1466.50,'2023-02-21 08:47:50',1),(462,254,1,20220,28414,0.00,2266.49,1.00,2266.49,0.00,2266.49,'2023-02-21 08:47:51',1),(463,254,1,20221,28417,0.00,905.00,1.00,905.00,0.00,905.00,'2023-02-21 08:47:53',1),(464,255,1,17203,12517,0.00,249.99,5.00,1249.96,0.00,1249.96,'2023-02-21 08:49:21',1),(465,256,1,19912,26332,0.00,2804.00,1.00,2804.00,0.00,2804.00,'2023-02-21 08:52:51',1),(466,257,1,16736,667,0.00,2250.01,1.00,2250.01,0.00,2250.01,'2023-02-21 09:20:21',1),(467,257,1,16738,685,0.00,551.00,1.00,551.00,0.00,551.00,'2023-02-21 09:20:23',1),(468,258,1,16740,688,0.00,2267.80,1.00,2267.80,0.00,2267.80,'2023-02-21 09:20:39',1),(469,259,1,17203,12517,0.00,249.99,1.00,249.99,0.00,249.99,'2023-02-22 04:51:57',1),(470,260,1,17203,12517,0.00,249.99,1.00,249.99,0.00,249.99,'2023-02-22 04:53:54',1),(471,260,1,23068,12520,0.00,6.00,1.00,6.00,0.00,6.00,'2023-02-22 04:53:56',1),(472,261,1,23068,12520,0.00,6.00,1.00,6.00,0.00,6.00,'2023-02-22 09:56:05',1),(473,261,1,17335,13030,0.00,20.00,1.00,20.00,0.00,20.00,'2023-02-22 09:56:10',1),(478,263,1,17203,12517,0.00,249.99,1.00,249.99,0.00,249.99,'2023-02-22 17:25:38',1),(479,263,1,17335,13030,0.00,20.00,1.00,20.00,0.00,20.00,'2023-02-22 17:25:42',1),(480,263,1,16737,10375,0.00,574.20,1.00,574.20,0.00,574.20,'2023-02-22 17:25:47',1),(481,264,1,817,12517,0.00,249.99,1.00,249.99,0.00,249.99,'2023-02-23 19:38:54',1),(482,264,1,6682,12520,0.00,6.00,1.00,6.00,0.00,6.00,'2023-02-23 19:38:56',1),(483,265,1,817,12517,0.00,249.99,1.00,249.99,0.00,249.99,'2023-02-23 21:07:39',1),(484,266,1,817,-1,0.00,250.00,80.00,20000.00,0.00,20000.00,'2023-02-24 08:31:45',1),(485,267,1,817,12517,0.00,249.99,1.00,249.99,0.00,249.99,'2023-02-24 14:35:36',1),(486,267,1,6682,12520,0.00,6.00,1.00,6.00,0.00,6.00,'2023-02-24 14:35:39',1),(499,278,1,17203,12517,0.00,249.99,1.00,249.99,0.00,249.99,'2023-03-14 20:04:09',1),(500,279,1,17203,12517,0.00,249.99,1.00,249.99,0.00,249.99,'2023-03-14 20:57:16',99),(501,280,1,23068,12520,0.00,6.00,1.00,6.00,0.00,6.00,'2023-03-14 20:12:31',1),(502,281,1,6682,12520,0.00,6.00,1.00,6.00,0.00,6.00,'2023-03-14 20:13:31',1),(503,282,1,17203,12517,0.00,249.99,1.00,249.99,0.00,249.99,'2023-03-14 20:22:00',1),(504,283,1,6682,12520,0.00,6.00,1.00,6.00,0.00,6.00,'2023-03-14 20:36:34',1),(505,284,1,23068,12520,0.00,6.00,1.00,6.00,0.00,6.00,'2023-03-14 20:42:12',1),(506,285,1,17203,12517,0.00,249.99,1.00,249.99,0.00,249.99,'2023-03-14 21:02:38',1),(507,286,1,944,13015,0.00,20.00,1.00,20.00,0.00,20.00,'2023-03-14 21:30:30',1),(508,287,1,944,13015,0.00,20.00,1.00,20.00,0.00,20.00,'2023-03-14 21:32:00',1),(509,288,1,817,12517,0.00,249.99,1.00,249.99,0.00,249.99,'2023-03-14 21:49:42',1),(511,290,1,6682,12520,0.00,6.00,1.00,6.00,0.00,6.00,'2023-03-14 22:59:32',1),(512,291,1,23068,12520,0.00,6.00,1.00,6.00,0.00,6.00,'2023-03-14 23:01:16',1),(513,292,1,944,13015,0.00,20.00,1.00,20.00,0.00,20.00,'2023-03-14 23:01:58',1),(514,293,1,17330,13015,0.00,20.00,6.00,120.00,0.00,120.00,'2023-03-14 23:19:42',1),(515,294,1,17203,12517,0.00,249.99,3.00,749.97,0.00,749.97,'2023-03-14 23:20:21',1),(516,295,1,17335,13030,0.00,20.00,1.00,20.00,0.00,20.00,'2023-03-14 23:20:40',1),(517,296,1,17330,13015,0.00,20.00,1.00,20.00,0.00,20.00,'2023-03-14 23:29:40',1),(518,297,1,17203,12517,0.00,249.99,1.00,249.99,0.00,249.99,'2023-03-16 19:49:11',1),(531,306,1,28921,12523,0.00,250.00,1.00,250.00,0.00,250.00,'2023-03-30 16:03:00',1),(539,310,1,220,9827,0.00,29.00,2.00,58.00,0.00,58.00,'2023-05-21 19:25:59',1);

--
-- Table structure for table `tpv_pedidodetalleimpuesto`
--

CREATE TABLE `tpv_pedidodetalleimpuesto` (
  `id` int(11) NOT NULL AUTO_INCREMENT,
  `id_cat_impuesto` int(11) DEFAULT NULL,
  `id_tpv_pedidodetalle` int(11) DEFAULT NULL,
  `monto` decimal(9,2) DEFAULT NULL,
  `status` int(11) DEFAULT 1,
  `timestamp` timestamp NOT NULL DEFAULT current_timestamp() ON UPDATE current_timestamp(),
  PRIMARY KEY (`id`)
) ENGINE=InnoDB AUTO_INCREMENT=539 DEFAULT CHARSET=utf8mb4 COLLATE=utf8mb4_general_ci;

--
-- Dumping data for table `tpv_pedidodetalleimpuesto`
--

INSERT INTO `tpv_pedidodetalleimpuesto` VALUES (1,1,1,8.14,1,'2023-01-04 15:40:09'),(6,1,6,1.10,1,'2023-01-04 16:02:28'),(21,1,21,1.79,1,'2023-01-04 16:56:52'),(22,1,22,14.07,1,'2023-01-04 16:57:11'),(23,1,23,18.62,1,'2023-01-04 17:07:28'),(24,1,24,39.86,1,'2023-01-04 17:09:34'),(25,1,25,39.86,1,'2023-01-04 18:26:42'),(26,1,26,13.64,1,'2023-01-04 18:43:22'),(27,1,27,7.94,1,'2023-01-04 18:44:28'),(28,1,28,7.94,1,'2023-01-04 18:46:16'),(29,1,29,48.96,1,'2023-01-04 18:46:57'),(30,1,30,34.48,1,'2023-01-04 18:48:15'),(32,1,32,2.57,1,'2023-01-04 19:05:43'),(33,1,33,4.96,1,'2023-01-04 19:06:14'),(35,1,35,5.24,1,'2023-01-04 19:22:09'),(37,1,37,34.48,1,'2023-01-04 19:40:01'),(38,1,38,1.72,1,'2023-01-05 23:30:21'),(39,1,39,1.72,1,'2023-01-06 15:35:17'),(40,1,40,119.31,1,'2023-01-06 15:59:07'),(42,1,42,3.04,1,'2023-01-06 15:59:19'),(43,1,43,3.72,1,'2023-01-06 15:59:19'),(44,1,44,1.72,1,'2023-01-06 19:20:10'),(45,1,45,46.76,1,'2023-01-06 21:07:48'),(46,1,46,46.76,1,'2023-01-06 21:11:04'),(49,1,49,35.72,1,'2023-01-06 21:14:42'),(50,1,50,43.72,1,'2023-01-06 21:14:47'),(51,1,51,117.93,1,'2023-01-06 21:18:05'),(52,1,52,43.72,1,'2023-01-06 21:18:09'),(53,1,53,6.48,1,'2023-01-06 21:22:22'),(54,1,54,8.96,1,'2023-01-06 21:22:26'),(55,1,55,8.55,1,'2023-01-10 15:38:06'),(56,1,56,144.14,1,'2023-01-10 15:39:07'),(58,1,58,21.38,1,'2023-01-10 15:43:53'),(59,1,59,119.31,1,'2023-01-10 15:43:55'),(60,1,60,1.72,1,'2023-01-10 15:46:15'),(61,1,61,144.14,1,'2023-01-10 15:49:37'),(62,1,62,19.17,1,'2023-01-10 16:31:04'),(64,1,64,24.14,1,'2023-01-10 16:59:38'),(65,1,65,65.52,1,'2023-01-10 16:59:45'),(66,1,66,46.76,1,'2023-01-14 18:09:41'),(67,1,67,33.79,1,'2023-01-14 18:09:51'),(68,1,68,30.21,1,'2023-01-14 18:09:59'),(69,1,69,21.93,1,'2023-01-16 16:58:12'),(70,1,70,204.83,1,'2023-01-16 23:45:14'),(71,1,71,284.83,1,'2023-01-16 23:45:16'),(72,1,72,261.38,1,'2023-01-16 23:45:18'),(75,1,75,43.72,1,'2023-01-22 23:41:38'),(76,1,76,43.72,1,'2023-01-23 04:09:59'),(77,1,77,48.96,1,'2023-01-23 04:10:01'),(78,1,78,1.10,1,'2023-01-23 18:36:12'),(79,1,79,28.83,1,'2023-01-23 18:36:43'),(80,1,80,12.69,1,'2023-01-23 18:41:11'),(81,1,81,8.96,1,'2023-01-23 18:41:57'),(82,1,82,11.72,1,'2023-01-23 18:42:38'),(83,1,83,13.65,1,'2023-01-23 18:43:30'),(84,1,84,13.65,1,'2023-01-23 18:47:08'),(85,1,85,13.65,1,'2023-01-23 18:48:16'),(86,1,86,13.65,1,'2023-01-23 18:51:02'),(87,1,87,13.65,1,'2023-01-23 18:51:24'),(88,1,88,11.72,1,'2023-01-23 18:51:59'),(89,1,89,11.72,1,'2023-01-23 18:52:46'),(90,1,90,11.72,1,'2023-01-23 18:57:03'),(91,1,91,11.72,1,'2023-01-23 18:58:19'),(92,1,92,9.93,1,'2023-01-23 19:01:05'),(93,1,93,18.62,1,'2023-01-23 19:07:10'),(94,1,94,9.93,1,'2023-01-23 19:07:38'),(95,1,95,9.93,1,'2023-01-23 19:08:25'),(96,1,96,14.07,1,'2023-01-23 21:21:57'),(97,1,97,9.93,1,'2023-01-23 21:22:50'),(98,1,98,18.62,1,'2023-01-23 21:31:20'),(99,1,99,9.93,1,'2023-01-23 21:32:57'),(100,1,100,9.93,1,'2023-01-23 21:34:16'),(101,1,101,35.17,1,'2023-01-23 22:46:26'),(105,0,105,0.00,1,'2023-01-23 23:51:32'),(106,1,106,9.93,1,'2023-01-23 23:54:19'),(107,1,107,18.62,1,'2023-01-23 23:57:12'),(113,0,113,0.00,1,'2023-01-24 13:39:11'),(120,1,120,2.41,1,'2023-01-24 14:02:37'),(122,1,122,2.41,1,'2023-01-24 14:17:38'),(123,1,123,2.41,1,'2023-01-24 14:22:44'),(124,1,124,8.28,1,'2023-01-24 14:36:15'),(125,1,125,31.04,1,'2023-01-24 14:38:28'),(126,1,126,6.48,1,'2023-01-24 14:47:09'),(127,1,127,1.52,1,'2023-01-24 14:47:41'),(128,1,128,3.31,1,'2023-01-24 16:29:57'),(129,1,129,3.45,1,'2023-01-24 16:30:12'),(130,1,130,9.93,1,'2023-01-24 16:31:37'),(131,1,131,2.62,1,'2023-01-24 16:32:16'),(132,1,132,31.49,1,'2023-01-24 16:34:01'),(133,1,133,10.90,1,'2023-01-24 16:36:26'),(134,1,134,2.76,1,'2023-01-24 16:38:14'),(135,1,135,1.72,1,'2023-01-24 16:38:49'),(136,1,136,1.17,1,'2023-01-24 16:39:05'),(143,0,143,0.00,1,'2023-01-24 16:54:49'),(144,0,144,0.00,1,'2023-01-24 17:01:54'),(145,1,145,1.56,1,'2023-01-24 17:12:03'),(146,1,146,4.00,1,'2023-01-24 17:18:15'),(147,1,147,4.00,1,'2023-01-24 17:41:09'),(148,1,148,3.45,1,'2023-01-24 17:43:52'),(149,1,149,22.76,1,'2023-01-24 17:44:43'),(150,1,150,34.48,1,'2023-01-24 18:58:04'),(151,1,151,6.76,1,'2023-01-24 19:16:12'),(152,1,152,0.85,1,'2023-01-24 19:16:36'),(153,1,153,13.64,1,'2023-01-24 19:17:55'),(154,1,154,5.38,1,'2023-01-25 14:59:50'),(155,1,155,12.69,1,'2023-01-25 15:00:02'),(156,1,156,3.86,1,'2023-01-25 15:00:17'),(157,1,157,126.21,1,'2023-01-25 15:01:30'),(158,1,158,1.10,1,'2023-01-25 17:01:19'),(159,1,159,31.49,1,'2023-01-25 17:25:03'),(160,1,160,0.96,1,'2023-01-25 17:29:55'),(161,1,161,1.10,1,'2023-01-25 17:30:24'),(162,1,162,14.23,1,'2023-01-25 17:32:46'),(165,1,165,10.48,1,'2023-01-25 17:58:22'),(166,1,166,10.48,1,'2023-01-25 17:59:13'),(167,1,167,10.48,1,'2023-01-25 17:59:43'),(168,1,168,10.48,1,'2023-01-25 18:00:45'),(169,1,169,2.14,1,'2023-01-25 18:01:50'),(171,1,171,10.48,1,'2023-01-25 18:03:29'),(172,1,172,2.14,1,'2023-01-25 18:04:38'),(173,1,173,2.88,1,'2023-01-25 18:05:15'),(174,1,174,1.31,1,'2023-01-25 20:04:27'),(175,1,175,5.38,1,'2023-01-25 20:04:48'),(176,1,176,0.76,1,'2023-01-25 20:05:53'),(177,1,177,3.45,1,'2023-01-25 20:06:12'),(178,1,178,1.56,1,'2023-01-25 20:07:30'),(179,1,179,7.10,1,'2023-01-25 20:09:06'),(180,1,180,1.10,1,'2023-01-25 20:11:37'),(181,1,181,3.45,1,'2023-01-25 20:13:37'),(182,1,182,5.24,1,'2023-01-25 20:14:01'),(183,1,183,1.52,1,'2023-01-25 20:14:45'),(184,1,184,12.69,1,'2023-01-25 20:15:18'),(185,1,185,6.35,1,'2023-01-25 20:16:37'),(186,1,186,117.93,1,'2023-01-26 20:43:10'),(187,1,187,35.72,1,'2023-01-26 21:18:15'),(188,1,188,43.72,1,'2023-01-26 21:18:17'),(189,1,189,31.59,1,'2023-01-26 21:27:36'),(190,1,190,31.59,1,'2023-01-26 21:27:38'),(191,1,191,6.48,1,'2023-01-26 22:00:47'),(193,1,193,11.72,1,'2023-01-27 16:46:11'),(194,1,194,0.72,1,'2023-01-27 16:46:13'),(195,1,195,4.14,1,'2023-01-27 18:17:28'),(196,1,196,14.07,1,'2023-01-27 18:18:04'),(197,1,197,71.04,1,'2023-01-27 18:18:09'),(198,1,198,29.65,1,'2023-01-29 21:04:10'),(199,1,199,6.48,1,'2023-01-29 21:04:12'),(200,1,200,8.96,1,'2023-01-29 21:04:15'),(201,1,201,3.08,1,'2023-01-29 21:07:20'),(202,1,202,8.14,1,'2023-01-29 21:07:25'),(203,1,203,9.52,1,'2023-01-29 21:16:33'),(204,1,204,9.10,1,'2023-01-29 21:16:35'),(205,1,205,1.10,1,'2023-01-29 21:17:14'),(206,1,206,3.72,1,'2023-01-29 21:17:15'),(207,1,207,9.52,1,'2023-01-29 21:17:16'),(208,1,208,5.38,1,'2023-01-30 22:37:18'),(209,1,209,2.76,1,'2023-01-30 22:37:19'),(210,1,210,9.10,1,'2023-01-30 22:37:21'),(211,1,211,3.04,1,'2023-01-30 22:37:23'),(212,1,212,4.41,1,'2023-01-30 22:37:24'),(216,1,216,14.07,1,'2023-01-31 02:58:41'),(217,1,217,12.69,1,'2023-01-31 02:58:44'),(218,1,218,16.14,1,'2023-01-31 02:58:49'),(219,1,219,14.07,1,'2023-01-31 03:05:05'),(220,1,220,12.69,1,'2023-01-31 03:05:06'),(221,1,221,16.14,1,'2023-01-31 03:05:08'),(222,1,222,14.07,1,'2023-01-31 03:06:30'),(223,1,223,12.69,1,'2023-01-31 03:06:34'),(224,1,224,16.14,1,'2023-01-31 03:06:38'),(225,1,225,14.07,1,'2023-01-31 03:08:36'),(226,1,226,12.69,1,'2023-01-31 03:08:42'),(227,1,227,16.14,1,'2023-01-31 03:08:46'),(228,1,228,31.53,1,'2023-01-31 20:50:00'),(229,1,229,4.41,1,'2023-01-31 22:07:33'),(230,1,230,3.04,1,'2023-01-31 22:07:34'),(231,1,231,5.38,1,'2023-01-31 22:07:35'),(242,1,242,14.07,1,'2023-02-01 04:03:28'),(250,1,250,1.10,1,'2023-02-01 05:09:45'),(251,1,251,2.62,99,'2023-02-01 06:15:21'),(252,1,252,0.32,99,'2023-02-01 06:15:21'),(253,1,253,3.45,99,'2023-02-01 06:15:21'),(254,1,254,69.27,99,'2023-02-01 06:18:58'),(255,1,255,132.39,99,'2023-02-01 06:18:58'),(256,1,256,1.10,1,'2023-02-01 07:33:47'),(257,1,257,3.72,1,'2023-02-01 07:33:49'),(258,1,258,9.52,1,'2023-02-01 07:33:52'),(259,1,260,1.10,1,'2023-02-01 08:05:37'),(260,1,261,3.72,1,'2023-02-01 08:05:37'),(261,1,262,9.52,1,'2023-02-01 08:05:37'),(262,1,263,1.10,1,'2023-02-01 08:07:46'),(263,1,264,3.72,1,'2023-02-01 08:07:46'),(264,1,265,9.52,1,'2023-02-01 08:07:46'),(265,1,266,1.10,1,'2023-02-01 08:10:13'),(266,1,267,3.72,1,'2023-02-01 08:10:13'),(267,1,268,9.52,1,'2023-02-01 08:10:13'),(268,1,269,1.10,99,'2023-02-01 19:02:32'),(269,1,270,3.72,99,'2023-02-01 19:02:32'),(270,1,271,9.52,99,'2023-02-01 19:02:32'),(271,1,272,26.90,1,'2023-02-01 08:37:16'),(272,1,273,159.31,1,'2023-02-01 08:37:18'),(273,1,274,26.90,1,'2023-02-01 08:46:22'),(274,1,275,159.31,1,'2023-02-01 08:46:22'),(275,1,276,26.90,1,'2023-02-01 08:48:28'),(276,1,277,159.31,1,'2023-02-01 08:48:28'),(277,1,278,26.90,1,'2023-02-01 08:50:47'),(278,1,279,159.31,1,'2023-02-01 08:50:47'),(279,1,280,26.90,1,'2023-02-01 08:58:22'),(280,1,281,159.31,1,'2023-02-01 08:58:22'),(281,1,282,26.90,1,'2023-02-01 09:01:58'),(282,1,283,159.31,1,'2023-02-01 09:01:58'),(283,1,284,26.90,1,'2023-02-01 09:03:31'),(284,1,285,159.31,1,'2023-02-01 09:03:31'),(285,1,286,26.90,1,'2023-02-01 09:06:08'),(286,1,287,159.31,1,'2023-02-01 09:06:08'),(287,1,288,26.90,1,'2023-02-01 09:06:53'),(288,1,289,159.31,1,'2023-02-01 09:06:53'),(289,1,290,26.90,1,'2023-02-01 09:08:43'),(290,1,291,159.31,1,'2023-02-01 09:08:43'),(291,1,292,26.90,99,'2023-02-01 09:21:25'),(292,1,293,159.31,99,'2023-02-01 09:21:25'),(293,1,294,26.90,1,'2023-02-01 09:19:04'),(294,1,295,159.31,1,'2023-02-01 09:19:04'),(295,1,296,3.72,1,'2023-02-01 09:20:21'),(296,1,297,3.45,1,'2023-02-01 09:20:23'),(297,1,298,5.24,1,'2023-02-01 09:20:24'),(298,1,299,3.72,99,'2023-02-01 19:02:27'),(299,1,300,3.45,99,'2023-02-01 19:02:27'),(300,1,301,5.24,99,'2023-02-01 19:02:27'),(301,1,302,1.10,1,'2023-02-01 09:21:55'),(302,1,303,26.90,1,'2023-02-01 09:22:22'),(303,1,304,1.10,1,'2023-02-01 09:25:30'),(304,1,305,26.90,1,'2023-02-01 09:25:43'),(305,1,306,98.62,1,'2023-02-01 09:25:50'),(306,1,307,25.93,1,'2023-02-01 18:52:19'),(307,1,308,25.93,1,'2023-02-01 18:52:21'),(308,1,309,17.65,1,'2023-02-01 18:52:24'),(309,1,310,43.72,1,'2023-02-01 18:54:01'),(310,1,311,29.65,1,'2023-02-01 18:54:02'),(311,1,312,21.93,1,'2023-02-01 18:56:08'),(312,1,313,25.93,1,'2023-02-01 18:56:20'),(313,1,314,25.93,1,'2023-02-01 18:56:20'),(314,1,315,17.65,1,'2023-02-01 18:56:20'),(315,1,316,21.93,1,'2023-02-01 18:56:20'),(316,1,317,255.17,1,'2023-02-07 09:29:33'),(317,1,318,34.48,1,'2023-02-07 18:43:43'),(318,1,319,8.96,1,'2023-02-07 18:44:00'),(319,1,320,37.10,1,'2023-02-07 19:02:16'),(320,1,321,66.81,1,'2023-02-07 20:05:38'),(321,1,322,4.54,1,'2023-02-07 20:05:40'),(322,1,323,21.46,1,'2023-02-07 20:05:41'),(324,1,325,1209.60,1,'2023-02-08 03:29:07'),(325,1,326,1209.60,1,'2023-02-08 03:29:19'),(326,1,327,1206.22,1,'2023-02-08 03:36:55'),(327,1,328,203.96,1,'2023-02-08 04:32:47'),(328,1,329,128.57,1,'2023-02-08 04:33:08'),(329,1,330,34.48,1,'2023-02-09 23:13:54'),(330,1,331,0.83,1,'2023-02-10 00:38:51'),(331,1,332,34.48,1,'2023-02-10 00:39:22'),(332,1,333,34.48,1,'2023-02-10 00:40:16'),(333,1,334,34.48,1,'2023-02-10 00:45:35'),(334,1,335,34.48,1,'2023-02-10 00:48:57'),(335,1,336,34.48,1,'2023-02-10 00:52:27'),(336,1,337,34.48,1,'2023-02-10 00:58:15'),(337,1,338,34.48,1,'2023-02-10 01:02:59'),(338,1,339,34.48,1,'2023-02-10 01:06:00'),(339,1,340,34.48,1,'2023-02-10 01:07:28'),(340,1,341,34.48,1,'2023-02-10 01:08:08'),(341,1,342,0.83,1,'2023-02-10 01:09:01'),(342,1,343,34.48,1,'2023-02-10 01:13:21'),(343,1,344,34.48,1,'2023-02-10 01:14:01'),(344,1,345,34.48,1,'2023-02-12 17:39:45'),(345,1,346,0.83,1,'2023-02-12 17:39:53'),(346,1,347,34.48,1,'2023-02-13 16:50:18'),(347,1,348,0.83,1,'2023-02-13 16:50:27'),(348,1,349,34.48,1,'2023-02-13 16:51:39'),(349,1,350,0.83,1,'2023-02-13 16:51:52'),(350,1,351,7.59,1,'2023-02-13 16:52:06'),(351,1,352,2.76,1,'2023-02-13 16:52:07'),(352,1,353,3.72,1,'2023-02-13 16:52:08'),(353,1,354,27.04,1,'2023-02-13 16:52:09'),(354,1,355,3.31,1,'2023-02-13 16:52:11'),(355,1,356,2.14,1,'2023-02-13 16:52:13'),(356,1,357,2.41,1,'2023-02-13 16:52:14'),(357,1,358,5.38,1,'2023-02-13 16:52:19'),(358,1,359,34.48,1,'2023-02-13 16:52:52'),(359,1,360,0.83,1,'2023-02-13 16:52:58'),(360,1,361,4.00,1,'2023-02-13 16:53:15'),(361,1,362,6.35,1,'2023-02-13 16:53:16'),(362,1,363,8.55,1,'2023-02-13 16:53:17'),(363,1,364,6.35,1,'2023-02-13 16:53:19'),(364,1,365,21.38,1,'2023-02-13 16:53:19'),(365,1,366,3.93,1,'2023-02-13 16:53:21'),(366,1,367,7.59,1,'2023-02-13 16:53:22'),(367,1,368,11.86,1,'2023-02-13 16:53:22'),(368,1,369,7.59,1,'2023-02-13 16:53:23'),(369,1,370,9.93,1,'2023-02-13 16:53:24'),(370,1,371,6.35,1,'2023-02-13 16:53:26'),(371,1,372,34.48,1,'2023-02-13 16:55:49'),(372,1,373,34.48,1,'2023-02-13 19:36:58'),(373,1,374,34.48,1,'2023-02-13 19:38:35'),(374,1,375,34.48,1,'2023-02-13 19:39:04'),(375,1,376,0.83,1,'2023-02-13 19:40:52'),(376,1,377,0.83,1,'2023-02-13 19:41:57'),(377,1,378,0.83,1,'2023-02-13 20:09:25'),(378,1,379,34.48,1,'2023-02-13 21:05:07'),(379,1,380,34.48,1,'2023-02-13 23:23:22'),(380,1,381,34.48,1,'2023-02-14 05:58:10'),(381,1,382,119.31,1,'2023-02-14 05:58:58'),(382,1,383,34.48,1,'2023-02-14 16:19:51'),(383,1,384,34.48,1,'2023-02-14 16:20:50'),(384,1,385,34.48,1,'2023-02-14 16:31:40'),(385,1,386,34.48,1,'2023-02-14 16:42:15'),(386,1,387,34.48,1,'2023-02-14 16:45:25'),(387,1,388,34.48,1,'2023-02-14 16:47:01'),(388,1,389,34.48,1,'2023-02-14 16:48:51'),(389,1,390,34.48,1,'2023-02-14 16:49:36'),(390,1,391,34.48,1,'2023-02-14 16:51:07'),(391,1,392,4.00,1,'2023-02-14 16:55:23'),(392,1,393,6.35,1,'2023-02-14 16:55:30'),(393,1,394,8.55,1,'2023-02-14 16:55:36'),(394,1,395,6.35,1,'2023-02-14 16:55:39'),(395,1,396,4.00,1,'2023-02-14 16:57:56'),(396,1,397,6.35,1,'2023-02-14 16:57:56'),(397,1,398,8.55,1,'2023-02-14 16:57:56'),(398,1,399,6.35,1,'2023-02-14 16:57:56'),(399,1,400,3.45,1,'2023-02-14 16:58:38'),(400,1,401,3.72,1,'2023-02-14 16:58:39'),(401,1,402,2.62,1,'2023-02-14 16:59:37'),(402,1,403,0.32,1,'2023-02-14 16:59:38'),(403,1,404,34.48,1,'2023-02-16 15:54:19'),(404,1,405,6.07,1,'2023-02-16 17:45:32'),(405,1,406,34.48,1,'2023-02-17 16:56:34'),(406,1,407,34.48,1,'2023-02-17 16:56:34'),(407,1,408,43.72,1,'2023-02-17 16:56:51'),(408,1,409,8.96,1,'2023-02-17 16:56:52'),(409,1,410,13.79,1,'2023-02-17 17:04:22'),(410,1,411,34.48,1,'2023-02-17 17:04:58'),(411,1,412,34.48,1,'2023-02-17 17:04:58'),(412,1,413,43.72,1,'2023-02-17 17:04:58'),(413,1,414,8.96,1,'2023-02-17 17:04:58'),(414,1,415,13.79,1,'2023-02-17 17:04:58'),(415,1,416,34.48,1,'2023-02-17 17:21:57'),(416,1,417,65.75,1,'2023-02-17 17:22:22'),(417,1,418,39.85,1,'2023-02-17 17:22:24'),(418,1,419,71.04,1,'2023-02-17 17:22:46'),(419,1,420,6.35,1,'2023-02-17 17:22:48'),(420,1,421,34.48,1,'2023-02-17 17:24:49'),(421,1,422,22.76,1,'2023-02-17 17:25:08'),(422,1,423,104.96,1,'2023-02-17 17:25:11'),(423,1,424,37.10,1,'2023-02-17 17:25:12'),(424,1,425,9.10,1,'2023-02-17 17:26:19'),(425,1,426,27.04,1,'2023-02-17 17:26:19'),(426,1,427,3.31,1,'2023-02-17 17:26:20'),(427,1,428,43.72,1,'2023-02-20 15:19:05'),(428,1,429,34.48,1,'2023-02-20 15:19:10'),(429,1,430,11.72,1,'2023-02-20 15:19:41'),(430,1,431,43.72,1,'2023-02-20 15:40:42'),(431,1,432,34.48,1,'2023-02-20 15:40:42'),(432,1,433,11.72,1,'2023-02-20 15:40:42'),(433,1,434,34.48,1,'2023-02-20 16:49:26'),(434,1,435,0.83,1,'2023-02-20 17:01:35'),(435,1,436,2.76,1,'2023-02-20 17:02:16'),(436,1,437,34.48,1,'2023-02-20 21:39:47'),(437,1,438,2.76,1,'2023-02-20 21:39:52'),(438,1,439,0.83,1,'2023-02-20 21:39:58'),(439,1,440,0.83,1,'2023-02-21 03:27:59'),(440,1,441,34.48,1,'2023-02-21 03:28:02'),(441,1,442,2.76,1,'2023-02-21 03:28:09'),(442,1,443,34.48,1,'2023-02-21 03:29:09'),(443,1,444,2.76,1,'2023-02-21 03:29:20'),(444,1,445,34.48,1,'2023-02-21 03:31:51'),(445,1,446,2.76,1,'2023-02-21 03:32:02'),(446,1,447,34.48,1,'2023-02-21 04:09:49'),(447,1,448,2.76,1,'2023-02-21 04:21:05'),(448,1,449,34.48,1,'2023-02-21 05:28:17'),(449,1,450,0.83,1,'2023-02-21 05:28:19'),(450,1,451,2.76,1,'2023-02-21 05:28:22'),(451,1,452,34.48,1,'2023-02-21 06:01:47'),(452,1,453,0.83,1,'2023-02-21 06:03:18'),(453,1,454,34.48,1,'2023-02-21 06:04:08'),(454,1,455,2.76,1,'2023-02-21 06:04:13'),(455,1,456,20.55,1,'2023-02-21 06:04:25'),(456,1,457,34.48,1,'2023-02-21 08:25:59'),(457,1,458,2.76,1,'2023-02-21 08:26:04'),(458,1,459,202.28,1,'2023-02-21 08:47:04'),(459,1,460,312.62,1,'2023-02-21 08:47:05'),(460,1,461,202.28,1,'2023-02-21 08:47:50'),(461,1,462,312.62,1,'2023-02-21 08:47:51'),(462,1,463,124.83,1,'2023-02-21 08:47:53'),(463,1,464,34.48,1,'2023-02-21 08:49:12'),(464,1,465,386.76,1,'2023-02-21 08:52:51'),(465,1,466,310.35,1,'2023-02-21 09:20:21'),(466,1,467,76.00,1,'2023-02-21 09:20:23'),(467,1,468,312.80,1,'2023-02-21 09:20:39'),(468,1,469,34.48,1,'2023-02-22 04:51:57'),(469,1,470,34.48,1,'2023-02-22 04:53:54'),(470,1,471,0.83,1,'2023-02-22 04:53:56'),(471,1,472,0.83,1,'2023-02-22 09:56:05'),(472,1,473,2.76,1,'2023-02-22 09:56:10'),(473,1,474,34.48,1,'2023-02-22 17:22:28'),(474,1,475,2.76,1,'2023-02-22 17:23:23'),(475,1,476,79.20,1,'2023-02-22 17:23:40'),(476,1,477,21.93,1,'2023-02-22 17:24:09'),(477,1,478,34.48,1,'2023-02-22 17:25:38'),(478,1,479,2.76,1,'2023-02-22 17:25:42'),(479,1,480,79.20,1,'2023-02-22 17:25:47'),(480,1,481,34.48,1,'2023-02-23 19:38:54'),(481,1,482,0.83,1,'2023-02-23 19:38:56'),(482,1,483,34.48,1,'2023-02-23 21:07:39'),(483,1,484,34.48,1,'2023-02-24 08:13:41'),(484,1,485,34.48,1,'2023-02-24 14:35:36'),(485,1,486,0.83,1,'2023-02-24 14:35:39'),(486,1,487,34.48,1,'2023-03-08 20:32:12'),(487,1,488,34.48,1,'2023-03-13 15:18:35'),(488,1,489,34.48,1,'2023-03-13 19:54:06'),(489,1,490,2.76,1,'2023-03-13 19:54:20'),(490,1,491,34.48,1,'2023-03-13 20:46:08'),(491,1,492,34.48,1,'2023-03-13 21:05:15'),(492,1,493,34.48,1,'2023-03-13 21:05:41'),(493,1,494,34.48,1,'2023-03-13 21:06:34'),(494,1,495,34.48,1,'2023-03-13 21:09:05'),(495,1,496,34.48,1,'2023-03-13 21:10:24'),(496,1,497,2.76,1,'2023-03-13 21:13:41'),(497,1,498,34.48,1,'2023-03-14 19:57:11'),(498,1,499,34.48,1,'2023-03-14 20:04:09'),(499,1,500,34.48,1,'2023-03-14 20:06:00'),(500,1,501,0.83,1,'2023-03-14 20:12:31'),(501,1,502,0.83,1,'2023-03-14 20:13:31'),(502,1,503,34.48,1,'2023-03-14 20:22:00'),(503,1,504,0.83,1,'2023-03-14 20:36:34'),(504,1,505,0.83,1,'2023-03-14 20:42:12'),(505,1,506,34.48,1,'2023-03-14 21:02:38'),(506,1,507,2.76,1,'2023-03-14 21:30:30'),(507,1,508,2.76,1,'2023-03-14 21:32:00'),(508,1,509,34.48,1,'2023-03-14 21:49:42'),(509,1,510,34.48,1,'2023-03-14 22:10:28'),(510,1,511,0.83,1,'2023-03-14 22:59:32'),(511,1,512,0.83,1,'2023-03-14 23:01:16'),(512,1,513,2.76,1,'2023-03-14 23:01:58'),(513,1,514,2.76,1,'2023-03-14 23:19:36'),(514,1,515,34.48,1,'2023-03-14 23:20:17'),(515,1,516,2.76,1,'2023-03-14 23:20:40'),(516,1,517,2.76,1,'2023-03-14 23:29:40'),(517,1,518,34.48,1,'2023-03-16 19:49:11'),(518,1,519,34.48,1,'2023-03-16 21:16:41'),(520,1,521,34.48,1,'2023-03-17 16:38:25'),(521,1,522,34.48,1,'2023-03-17 16:38:29'),(522,1,523,1.56,1,'2023-03-17 16:38:40'),(523,1,524,34.48,1,'2023-03-17 16:41:32'),(524,1,525,0.83,1,'2023-03-17 16:41:41'),(525,1,526,0.83,1,'2023-03-17 16:45:17'),(526,1,527,1.56,1,'2023-03-17 16:45:27'),(527,1,528,34.48,1,'2023-03-17 18:04:41'),(530,1,531,34.48,1,'2023-03-30 16:03:00'),(531,1,532,34.48,1,'2023-04-19 16:56:13'),(532,1,533,0.83,1,'2023-04-19 16:56:32'),(533,1,534,34.48,1,'2023-04-19 17:07:16'),(534,1,535,34.48,1,'2023-04-19 17:07:42'),(535,1,536,34.48,1,'2023-04-19 17:08:01'),(536,1,537,34.48,1,'2023-04-19 17:08:20'),(537,1,538,34.48,1,'2023-04-19 17:08:37'),(538,1,539,4.83,1,'2023-05-21 19:25:51');

--
-- Table structure for table `tpv_pedidofolio`
--

CREATE TABLE `tpv_pedidofolio` (
  `id` int(11) NOT NULL AUTO_INCREMENT,
  `descripcion` varchar(256) DEFAULT NULL,
  `timestamp` timestamp NOT NULL DEFAULT current_timestamp() ON UPDATE current_timestamp(),
  `status` int(8) DEFAULT 1,
  PRIMARY KEY (`id`)
) ENGINE=InnoDB DEFAULT CHARSET=latin1 COLLATE=latin1_spanish_ci;

--
-- Dumping data for table `tpv_pedidofolio`
--


--
-- Table structure for table `tpv_pedidoformapago`
--

CREATE TABLE `tpv_pedidoformapago` (
  `id` int(11) NOT NULL AUTO_INCREMENT,
  `id_tpv_pedido` int(11) DEFAULT NULL,
  `id_sat_formapago` varchar(10) DEFAULT NULL,
  `fecha` date DEFAULT NULL,
  `hora` time DEFAULT NULL,
  `monto` decimal(9,2) DEFAULT NULL,
  `id_sat_banco` varchar(10) DEFAULT NULL,
  `id_tpv_monedero` int(11) DEFAULT NULL,
  `id_tpv_bancomensualidad` int(11) DEFAULT NULL,
  `identificador` varchar(100) DEFAULT NULL,
  `timestamp` timestamp NOT NULL DEFAULT current_timestamp() ON UPDATE current_timestamp(),
  `status` int(8) DEFAULT 1,
  PRIMARY KEY (`id`)
) ENGINE=InnoDB AUTO_INCREMENT=140 DEFAULT CHARSET=latin1 COLLATE=latin1_spanish_ci;

--
-- Dumping data for table `tpv_pedidoformapago`
--

INSERT INTO `tpv_pedidoformapago` VALUES (1,1,'01','2023-01-06','14:55:37',59.00,NULL,NULL,NULL,NULL,'2023-01-06 20:55:37',1),(2,5,'01','2023-01-06','14:56:58',8.00,NULL,NULL,NULL,NULL,'2023-01-06 20:56:58',1),(3,16,'01','2023-01-06','15:05:04',102.00,NULL,NULL,NULL,NULL,'2023-01-06 21:05:04',1),(4,41,'01','2023-01-06','15:23:01',176.98,NULL,NULL,NULL,NULL,'2023-01-06 21:23:01',1),(5,40,'01','2023-01-06','15:33:18',2027.00,NULL,NULL,NULL,NULL,'2023-01-06 21:33:18',1),(6,39,'01','2023-01-06','15:43:49',893.00,NULL,NULL,NULL,NULL,'2023-01-06 21:43:49',1),(7,20,'01','2023-01-06','18:39:26',395.60,'002',NULL,NULL,NULL,'2023-01-07 00:39:26',1),(8,44,'01','2023-01-10','10:13:05',2123.62,NULL,NULL,NULL,NULL,'2023-01-10 16:13:05',1),(9,48,'01','2023-01-10','11:02:25',873.27,NULL,NULL,NULL,NULL,'2023-01-10 17:02:25',1),(20,87,'01','2023-01-24','16:25:36',52.51,NULL,NULL,NULL,NULL,'2023-01-24 16:25:36',1),(21,89,'01','2023-01-24','18:03:33',164.50,NULL,NULL,NULL,NULL,'2023-01-24 18:03:33',1),(22,90,'01','2023-01-24','18:06:47',116.00,NULL,NULL,NULL,NULL,'2023-01-24 18:06:47',1),(23,91,'01','2023-01-24','18:09:04',213.00,NULL,NULL,NULL,NULL,'2023-01-24 18:09:04',1),(24,92,'01','2023-01-24','18:13:07',228.31,NULL,NULL,NULL,NULL,'2023-01-24 18:13:07',1),(26,5,'01','2023-01-25','13:13:29',228.31,NULL,NULL,NULL,NULL,'2023-01-25 19:13:29',1),(32,5,'01','2023-01-25','13:40:57',228.31,NULL,NULL,NULL,NULL,'2023-01-25 19:40:57',1),(33,5,'01','2023-01-25','13:43:50',228.31,NULL,NULL,NULL,NULL,'2023-01-25 19:43:50',1),(35,5,'01','2023-01-25','13:48:40',228.31,NULL,NULL,NULL,NULL,'2023-01-25 19:48:40',1),(36,5,'01','2023-01-25','13:51:26',228.31,NULL,NULL,NULL,NULL,'2023-01-25 19:51:26',1),(43,5,'01','2023-01-25','13:54:55',228.31,NULL,NULL,NULL,NULL,'2023-01-25 19:54:55',1),(44,5,'01','2023-01-25','13:57:03',228.31,NULL,NULL,NULL,NULL,'2023-01-25 19:57:03',1),(49,5,'01','2023-01-25','13:59:54',228.31,NULL,NULL,NULL,NULL,'2023-01-25 19:59:54',1),(55,129,'01','2023-01-26','15:43:34',458.00,NULL,NULL,NULL,NULL,'2023-01-26 21:43:34',1),(56,128,'01','2023-01-26','15:44:10',576.00,NULL,NULL,NULL,NULL,'2023-01-26 21:44:10',1),(57,130,'01','2023-01-26','16:02:01',47.00,NULL,NULL,NULL,NULL,'2023-01-26 22:02:01',1),(58,132,'01','2023-01-27','10:47:11',95.39,NULL,NULL,NULL,NULL,'2023-01-27 16:47:11',1),(59,134,'28','2023-01-27','15:21:52',617.01,'2',NULL,NULL,NULL,'2023-01-27 21:54:10',1),(60,133,'01','2023-01-27','15:23:31',30.00,NULL,NULL,NULL,NULL,'2023-01-27 21:23:31',1),(61,135,'01','2023-01-29','15:10:26',326.98,NULL,NULL,NULL,NULL,'2023-01-29 21:10:26',1),(62,136,'28','2023-01-29','15:15:30',125.89,'2',NULL,NULL,NULL,'2023-01-29 21:15:30',1),(63,137,'03','2023-01-29','15:19:03',135.00,'72',NULL,NULL,'122458','2023-01-29 21:19:03',1),(64,138,'01','2023-01-29','15:20:10',104.00,NULL,NULL,NULL,NULL,'2023-01-29 21:20:10',1),(65,139,'01','2023-01-30','16:37:56',211.02,NULL,NULL,NULL,NULL,'2023-01-30 22:37:56',1),(66,146,'01','2023-01-31','14:50:47',228.57,NULL,NULL,NULL,NULL,'2023-01-31 20:50:47',1),(67,173,'28','2023-02-01','03:35:55',1000.00,'138',NULL,NULL,NULL,'2023-02-01 09:35:55',1),(68,175,'28','2023-02-01','12:54:43',531.99,'138',NULL,NULL,NULL,'2023-02-01 18:54:43',1),(69,176,'01','2023-02-01','12:57:41',200.00,NULL,NULL,NULL,NULL,'2023-02-01 18:57:41',1),(70,176,'28','2023-02-01','12:57:41',462.99,'138',NULL,NULL,NULL,'2023-02-01 18:57:41',1),(71,179,'01','2023-02-07','13:10:09',68.99,NULL,NULL,NULL,NULL,'2023-02-07 19:10:09',1),(72,179,'28','2023-02-07','13:10:09',200.00,'138',NULL,NULL,NULL,'2023-02-07 19:10:09',1),(73,178,'01','2023-02-07','13:20:57',314.98,NULL,NULL,NULL,NULL,'2023-02-07 19:20:57',1),(74,183,'28','2023-02-07','22:28:04',8745.12,'138',NULL,NULL,NULL,'2023-02-08 04:28:04',1),(75,182,'01','2023-02-07','22:29:59',8769.62,NULL,NULL,NULL,NULL,'2023-02-08 04:29:59',1),(76,185,'01','2023-02-07','22:33:27',932.13,NULL,NULL,NULL,NULL,'2023-02-08 04:33:27',1),(77,205,'28','2023-02-13','13:08:49',100.00,'138',NULL,NULL,NULL,'2023-02-13 19:08:49',1),(78,205,'04','2023-02-13','13:08:49',100.00,'138',NULL,1,NULL,'2023-02-13 19:08:49',1),(79,205,'02','2023-02-13','13:08:49',10.00,'138',NULL,NULL,'3','2023-02-13 19:08:49',1),(80,205,'03','2023-02-13','13:08:49',39.99,'138',NULL,NULL,'4','2023-02-13 19:08:49',1),(81,209,'28','2023-02-13','14:06:42',3.00,'138',NULL,NULL,'12345','2023-02-13 20:06:42',1),(82,209,'04','2023-02-13','14:06:42',3.00,'138',NULL,1,'678910','2023-02-13 20:06:42',1),(83,206,'01','2023-02-13','14:43:29',50.00,NULL,NULL,NULL,NULL,'2023-02-13 20:43:29',1),(84,206,'28','2023-02-13','14:43:29',50.00,'138',NULL,NULL,'1','2023-02-13 20:43:29',1),(85,206,'04','2023-02-13','14:43:29',50.00,'138',NULL,1,'2','2023-02-13 20:43:29',1),(86,206,'02','2023-02-13','14:43:29',50.00,'138',NULL,NULL,'3','2023-02-13 20:43:29',1),(87,206,'03','2023-02-13','14:43:29',49.99,'138',NULL,NULL,'4','2023-02-13 20:43:29',1),(88,232,'01','2023-02-17','11:16:15',780.96,NULL,NULL,NULL,NULL,'2023-02-17 17:16:15',1),(89,232,'28','2023-02-17','11:16:15',1000.00,'138',NULL,NULL,'123','2023-02-17 17:16:15',1),(90,235,'01','2023-02-17','11:27:24',286.01,NULL,NULL,NULL,NULL,'2023-02-17 17:27:24',1),(91,234,'01','2023-02-17','11:28:59',1444.97,NULL,NULL,NULL,NULL,'2023-02-17 17:28:59',1),(92,237,'01','2023-02-20','10:31:21',22.00,NULL,NULL,NULL,NULL,'2023-02-20 16:31:21',1),(93,237,'01','2023-02-20','10:31:21',100.00,NULL,NULL,NULL,NULL,'2023-02-20 16:31:21',1),(94,237,'28','2023-02-20','10:31:21',100.00,'138',NULL,NULL,NULL,'2023-02-20 16:31:21',1),(95,237,'04','2023-02-20','10:31:21',100.00,'138',NULL,1,NULL,'2023-02-20 16:31:21',1),(96,237,'02','2023-02-20','10:31:21',100.00,'138',NULL,NULL,NULL,'2023-02-20 16:31:21',1),(97,237,'03','2023-02-20','10:31:21',100.00,'138',NULL,NULL,NULL,'2023-02-20 16:31:21',1),(98,237,'05','2023-02-20','10:31:21',300.00,NULL,1,NULL,NULL,'2023-02-20 16:31:21',1),(99,239,'01','2023-02-20','11:04:38',6.00,NULL,NULL,NULL,NULL,'2023-02-20 17:04:38',1),(100,241,'01','2023-02-20','15:41:01',275.99,NULL,NULL,NULL,NULL,'2023-02-20 21:41:01',1),(101,240,'01','2023-02-20','21:26:34',20.00,NULL,NULL,NULL,NULL,'2023-02-21 03:26:34',1),(102,242,'01','2023-02-20','21:28:43',199.99,NULL,NULL,NULL,NULL,'2023-02-21 03:28:43',1),(103,242,'01','2023-02-20','21:28:43',76.00,NULL,NULL,NULL,NULL,'2023-02-21 03:28:43',1),(104,243,'01','2023-02-20','21:29:36',249.99,NULL,NULL,NULL,NULL,'2023-02-21 03:29:36',1),(105,244,'01','2023-02-20','21:30:11',20.00,NULL,NULL,NULL,NULL,'2023-02-21 03:30:11',1),(106,245,'01','2023-02-20','21:32:18',249.99,NULL,NULL,NULL,NULL,'2023-02-21 03:32:18',1),(107,246,'01','2023-02-20','21:32:37',20.00,NULL,NULL,NULL,NULL,'2023-02-21 03:32:37',1),(108,248,'01','2023-02-20','22:25:38',20.00,NULL,NULL,NULL,NULL,'2023-02-21 04:25:38',1),(109,251,'01','2023-02-21','02:08:12',418.99,NULL,NULL,NULL,NULL,'2023-02-21 08:08:12',1),(110,251,'01','2023-02-21','02:10:44',418.99,NULL,NULL,NULL,NULL,'2023-02-21 08:10:44',1),(111,251,'01','2023-02-21','02:11:24',418.99,NULL,NULL,NULL,NULL,'2023-02-21 08:11:24',1),(112,251,'01','2023-02-21','02:15:20',418.99,NULL,NULL,NULL,NULL,'2023-02-21 08:15:20',1),(113,251,'01','2023-02-21','02:17:03',418.99,NULL,NULL,NULL,NULL,'2023-02-21 08:17:03',1),(114,251,'01','2023-02-21','02:21:10',198.99,NULL,NULL,NULL,NULL,'2023-02-21 08:21:10',1),(115,251,'28','2023-02-21','02:21:10',220.00,'138',NULL,NULL,NULL,'2023-02-21 08:21:10',1),(116,252,'01','2023-02-21','02:33:19',0.99,NULL,NULL,NULL,NULL,'2023-02-21 08:33:19',1),(117,252,'01','2023-02-21','02:33:19',269.00,NULL,NULL,NULL,NULL,'2023-02-21 08:33:19',1),(118,254,'01','2023-02-21','02:48:23',4637.99,NULL,NULL,NULL,NULL,'2023-02-21 08:48:23',1),(119,255,'01','2023-02-21','02:50:08',1249.96,NULL,NULL,NULL,NULL,'2023-02-21 08:50:08',1),(120,256,'01','2023-02-21','03:20:00',2804.00,NULL,NULL,NULL,NULL,'2023-02-21 09:20:00',1),(121,257,'01','2023-02-21','03:20:55',2801.01,NULL,NULL,NULL,NULL,'2023-02-21 09:20:55',1),(122,258,'01','2023-02-21','10:14:40',2267.80,NULL,NULL,NULL,NULL,'2023-02-21 16:14:40',1),(123,259,'01','2023-02-21','22:52:32',249.99,NULL,NULL,NULL,NULL,'2023-02-22 04:52:32',1),(124,260,'01','2023-02-21','22:54:34',255.99,NULL,NULL,NULL,NULL,'2023-02-22 04:54:34',1),(125,260,'01','2023-02-21','22:55:14',255.99,NULL,NULL,NULL,NULL,'2023-02-22 04:55:14',1),(126,261,'01','2023-02-22','03:56:40',26.00,NULL,NULL,NULL,NULL,'2023-02-22 09:56:40',1),(127,263,'01','2023-02-22','11:28:45',844.19,NULL,NULL,NULL,NULL,'2023-02-22 17:28:45',1),(128,264,'01','2023-02-23','13:39:49',255.99,NULL,NULL,NULL,NULL,'2023-02-23 19:39:49',1),(129,264,'01','2023-02-23','13:48:50',255.99,NULL,NULL,NULL,NULL,'2023-02-23 19:48:50',1),(130,265,'01','2023-02-23','15:08:28',249.99,NULL,NULL,NULL,NULL,'2023-02-23 21:08:28',1),(131,265,'01','2023-02-23','15:10:09',249.99,NULL,NULL,NULL,NULL,'2023-02-23 21:10:09',1),(132,264,'01','2023-02-23','15:15:09',255.99,NULL,NULL,NULL,NULL,'2023-02-23 21:15:09',1),(133,266,'03','2023-02-24','02:43:14',20000.00,'2',NULL,NULL,'12354','2023-02-24 08:43:14',1),(134,267,'28','2023-02-24','08:37:05',256.00,'2',NULL,NULL,'112323341','2023-02-24 14:37:05',1),(135,282,'01','2023-03-14','14:32:10',249.99,NULL,NULL,NULL,NULL,'2023-03-14 20:32:10',1),(136,283,'01','2023-03-14','14:41:31',6.00,NULL,NULL,NULL,NULL,'2023-03-14 20:41:31',1),(137,292,'01','2023-03-14','17:03:48',20.00,NULL,NULL,NULL,NULL,'2023-03-14 23:03:48',1),(138,284,'01','2023-03-14','17:04:23',6.00,NULL,NULL,NULL,NULL,'2023-03-14 23:04:23',1),(139,295,'01','2023-03-14','17:21:13',20.00,NULL,NULL,NULL,NULL,'2023-03-14 23:21:13',1);

--
-- Table structure for table `tpv_pedidosugerido`
--

CREATE TABLE `tpv_pedidosugerido` (
  `id` int(11) NOT NULL AUTO_INCREMENT,
  `id_sys_usuario` int(11) DEFAULT NULL,
  `id_tpv_turno` int(11) DEFAULT NULL,
  `id_cat_tipodoc` int(11) DEFAULT NULL,
  `folio` varchar(100) DEFAULT NULL,
  `id_tpv_proveedor` int(11) DEFAULT NULL,
  `id_tpv_almacenes` varchar(256) DEFAULT NULL,
  `ultimosmeses` int(5) DEFAULT NULL,
  `dias` int(8) DEFAULT NULL,
  `fecha` date DEFAULT NULL,
  `hora` time DEFAULT NULL,
  `status` int(8) NOT NULL DEFAULT 0,
  PRIMARY KEY (`id`)
) ENGINE=InnoDB AUTO_INCREMENT=46 DEFAULT CHARSET=utf8mb4 COLLATE=utf8mb4_unicode_ci;

--
-- Dumping data for table `tpv_pedidosugerido`
--

INSERT INTO `tpv_pedidosugerido` VALUES (21,4,2,9,'TONPEDSUG-68',1,'3,1',3,60,'2023-03-10','04:21:49',1),(22,4,2,9,'TONPEDSUG-69',1,'3,1',12,60,'2023-03-10','04:23:47',1),(23,4,2,9,'TONPEDSUG-70',1,'3,1',6,60,'2023-03-10','04:24:04',1),(25,4,2,9,'TONPEDSUG-71',1,'3,1',9,60,'2023-03-12','09:19:52',1),(28,4,2,9,'TONPEDSUG-72',1,'2,3,1',6,60,'2023-03-13','04:49:33',1),(29,1,1,9,'ADMINPEDSUG-1',1,'3,1',3,45,'2023-03-13','05:40:54',1),(30,1,1,9,'ADMINPEDSUG-2',1,'2,3,1',6,45,'2023-03-14','11:04:16',1),(31,1,1,9,'ADMINPEDSUG-3',1,'3,1',6,45,'2023-03-14','11:06:30',1),(32,1,1,9,'ADMINPEDSUG-4',1,'3,1',3,45,'2023-03-14','11:10:30',1),(33,1,1,9,'ADMINPEDSUG-5',1,'3,1',3,45,'2023-03-14','12:10:12',1),(34,1,1,9,'ADMINPEDSUG-6',1,'3,1',3,45,'2023-03-14','12:10:52',1),(35,1,1,9,'ADMINPEDSUG-7',1,'3,1',3,45,'2023-03-14','12:11:56',1),(36,1,1,9,'ADMINPEDSUG-8',1,'3,1',3,45,'2023-03-14','12:13:17',1),(37,1,1,9,'ADMINPEDSUG-9',1,'3,1',3,45,'2023-03-14','12:22:04',1),(38,1,1,9,'ADMINPEDSUG-10',1,'3,1',3,45,'2023-03-14','12:27:33',1),(39,1,1,9,'ADMINPEDSUG-11',1,'3,1',3,45,'2023-03-14','12:31:26',1),(40,1,1,9,'ADMINPEDSUG-12',1,'3',3,45,'2023-03-16','02:33:32',1),(41,1,1,9,'ADMINPEDSUG-13',1,'3',3,45,'2023-03-16','02:40:35',1),(42,1,1,9,'ADMINPEDSUG-14',1,'3,1',3,60,'2023-03-16','02:46:47',1),(43,1,1,9,'ADMINPEDSUG-15',1,'3,1',3,30,'2023-03-16','02:47:19',1),(44,1,1,9,'ADMINPEDSUG-16',1,'3,1',3,30,'2023-03-16','02:50:14',1),(45,1,1,9,'ADMINPEDSUG-17',1,'3,1',3,10,'2023-03-16','02:51:22',1);

--
-- Table structure for table `tpv_pedidosugeridodetalle`
--

CREATE TABLE `tpv_pedidosugeridodetalle` (
  `id` int(11) NOT NULL AUTO_INCREMENT,
  `id_tpv_pedidosugerido` int(11) DEFAULT NULL,
  `id_tpv_articulo` int(11) DEFAULT NULL,
  `codigo` varchar(256) DEFAULT NULL,
  `descripcion` varchar(256) DEFAULT NULL,
  `costo` decimal(9,2) DEFAULT NULL,
  `existencia` decimal(9,2) DEFAULT NULL,
  `promedio` decimal(9,2) DEFAULT NULL,
  `cantpedir` decimal(9,2) DEFAULT NULL,
  `cantsolicitada` decimal(9,2) DEFAULT NULL,
  `timestamp` timestamp NOT NULL DEFAULT current_timestamp() ON UPDATE current_timestamp(),
  `status` int(8) DEFAULT 1,
  PRIMARY KEY (`id`)
) ENGINE=InnoDB AUTO_INCREMENT=219 DEFAULT CHARSET=utf8mb4 COLLATE=utf8mb4_unicode_ci;

--
-- Dumping data for table `tpv_pedidosugeridodetalle`
--

INSERT INTO `tpv_pedidosugeridodetalle` VALUES (1,1,8786,'MANPAL7004','Mango de reposición para pala T-2000 puño offset Y 26',42.32,0.00,1.00,2.00,NULL,'2023-03-10 21:30:15',1),(2,1,8785,'MANPAL7003','Mango de reposición para pala Classic puño Y 27 Truper',60.26,0.00,1.00,2.00,NULL,'2023-03-10 21:30:15',1),(3,1,10757,'TALPIS7000','Taladro de piso 8 de 250 W (1/3 HP) broquero de 1/2',1860.77,0.00,1.00,2.00,NULL,'2023-03-10 21:30:15',1),(4,1,10758,'TALTRU7001','Taladro 3/8 400 W profesional Truper',492.54,0.00,1.00,2.00,NULL,'2023-03-10 21:30:15',1),(5,1,10063,'RACTRU7001','Rack para 3 carretillas estibadas Truper',1443.91,0.00,1.00,2.00,NULL,'2023-03-10 21:30:15',1),(6,2,8786,'MANPAL7004','Mango de reposición para pala T-2000 puño offset Y 26',42.32,0.00,1.00,2.00,NULL,'2023-03-10 21:30:54',1),(7,2,8785,'MANPAL7003','Mango de reposición para pala Classic puño Y 27 Truper',60.26,0.00,1.00,2.00,NULL,'2023-03-10 21:30:54',1),(8,2,10757,'TALPIS7000','Taladro de piso 8 de 250 W (1/3 HP) broquero de 1/2',1860.77,0.00,1.00,2.00,NULL,'2023-03-10 21:30:54',1),(9,2,10758,'TALTRU7001','Taladro 3/8 400 W profesional Truper',492.54,0.00,1.00,2.00,NULL,'2023-03-10 21:30:54',1),(10,2,10063,'RACTRU7001','Rack para 3 carretillas estibadas Truper',1443.91,0.00,1.00,2.00,NULL,'2023-03-10 21:30:54',1),(11,3,8786,'MANPAL7004','Mango de reposición para pala T-2000 puño offset Y 26',42.32,0.00,1.00,2.00,NULL,'2023-03-10 21:31:22',1),(12,3,8785,'MANPAL7003','Mango de reposición para pala Classic puño Y 27 Truper',60.26,0.00,1.00,2.00,NULL,'2023-03-10 21:31:22',1),(13,3,10757,'TALPIS7000','Taladro de piso 8 de 250 W (1/3 HP) broquero de 1/2',1860.77,0.00,1.00,2.00,NULL,'2023-03-10 21:31:22',1),(14,3,10758,'TALTRU7001','Taladro 3/8 400 W profesional Truper',492.54,0.00,1.00,2.00,NULL,'2023-03-10 21:31:22',1),(15,3,10063,'RACTRU7001','Rack para 3 carretillas estibadas Truper',1443.91,0.00,1.00,2.00,NULL,'2023-03-10 21:31:22',1),(16,4,8786,'MANPAL7004','Mango de reposición para pala T-2000 puño offset Y 26',42.32,0.00,1.00,2.00,NULL,'2023-03-10 21:31:53',1),(17,4,8785,'MANPAL7003','Mango de reposición para pala Classic puño Y 27 Truper',60.26,0.00,1.00,2.00,NULL,'2023-03-10 21:31:54',1),(18,4,10757,'TALPIS7000','Taladro de piso 8 de 250 W (1/3 HP) broquero de 1/2',1860.77,0.00,1.00,2.00,NULL,'2023-03-10 21:31:54',1),(19,4,10758,'TALTRU7001','Taladro 3/8 400 W profesional Truper',492.54,0.00,1.00,2.00,NULL,'2023-03-10 21:31:54',1),(20,4,10063,'RACTRU7001','Rack para 3 carretillas estibadas Truper',1443.91,0.00,1.00,2.00,NULL,'2023-03-10 21:31:54',1),(21,5,8786,'MANPAL7004','Mango de reposición para pala T-2000 puño offset Y 26',42.32,0.00,1.00,2.00,NULL,'2023-03-10 21:32:53',1),(22,5,8785,'MANPAL7003','Mango de reposición para pala Classic puño Y 27 Truper',60.26,0.00,1.00,2.00,NULL,'2023-03-10 21:32:53',1),(23,5,10757,'TALPIS7000','Taladro de piso 8 de 250 W (1/3 HP) broquero de 1/2',1860.77,0.00,1.00,2.00,NULL,'2023-03-10 21:32:53',1),(24,5,10758,'TALTRU7001','Taladro 3/8 400 W profesional Truper',492.54,0.00,1.00,2.00,NULL,'2023-03-10 21:32:53',1),(25,5,10063,'RACTRU7001','Rack para 3 carretillas estibadas Truper',1443.91,0.00,1.00,2.00,NULL,'2023-03-10 21:32:53',1),(26,6,8786,'MANPAL7004','Mango de reposición para pala T-2000 puño offset Y 26',42.32,0.00,1.00,2.00,NULL,'2023-03-10 21:33:53',1),(27,6,8785,'MANPAL7003','Mango de reposición para pala Classic puño Y 27 Truper',60.26,0.00,1.00,2.00,NULL,'2023-03-10 21:33:53',1),(28,6,10757,'TALPIS7000','Taladro de piso 8 de 250 W (1/3 HP) broquero de 1/2',1860.77,0.00,1.00,2.00,NULL,'2023-03-10 21:33:53',1),(29,6,10758,'TALTRU7001','Taladro 3/8 400 W profesional Truper',492.54,0.00,1.00,2.00,NULL,'2023-03-10 21:33:53',1),(30,6,10063,'RACTRU7001','Rack para 3 carretillas estibadas Truper',1443.91,0.00,1.00,2.00,NULL,'2023-03-10 21:33:53',1),(31,7,8786,'MANPAL7004','Mango de reposición para pala T-2000 puño offset Y 26',42.32,0.00,1.00,2.00,NULL,'2023-03-10 21:34:33',1),(32,7,8785,'MANPAL7003','Mango de reposición para pala Classic puño Y 27 Truper',60.26,0.00,1.00,2.00,NULL,'2023-03-10 21:34:33',1),(33,7,10757,'TALPIS7000','Taladro de piso 8 de 250 W (1/3 HP) broquero de 1/2',1860.77,0.00,1.00,2.00,NULL,'2023-03-10 21:34:33',1),(34,7,10758,'TALTRU7001','Taladro 3/8 400 W profesional Truper',492.54,0.00,1.00,2.00,NULL,'2023-03-10 21:34:33',1),(35,7,10063,'RACTRU7001','Rack para 3 carretillas estibadas Truper',1443.91,0.00,1.00,2.00,NULL,'2023-03-10 21:34:33',1),(36,8,8786,'MANPAL7004','Mango de reposición para pala T-2000 puño offset Y 26',42.32,0.00,1.00,2.00,NULL,'2023-03-10 21:42:11',1),(37,8,8785,'MANPAL7003','Mango de reposición para pala Classic puño Y 27 Truper',60.26,0.00,1.00,2.00,NULL,'2023-03-10 21:42:12',1),(38,8,10757,'TALPIS7000','Taladro de piso 8 de 250 W (1/3 HP) broquero de 1/2',1860.77,0.00,1.00,2.00,NULL,'2023-03-10 21:42:12',1),(39,8,10758,'TALTRU7001','Taladro 3/8 400 W profesional Truper',492.54,0.00,1.00,2.00,NULL,'2023-03-10 21:42:12',1),(40,8,10063,'RACTRU7001','Rack para 3 carretillas estibadas Truper',1443.91,0.00,1.00,2.00,NULL,'2023-03-10 21:42:12',1),(41,9,8786,'MANPAL7004','Mango de reposición para pala T-2000 puño offset Y 26',42.32,0.00,1.00,0.67,NULL,'2023-03-10 21:45:04',1),(42,9,8785,'MANPAL7003','Mango de reposición para pala Classic puño Y 27 Truper',60.26,0.00,1.00,0.67,NULL,'2023-03-10 21:45:04',1),(43,9,10757,'TALPIS7000','Taladro de piso 8 de 250 W (1/3 HP) broquero de 1/2',1860.77,0.00,1.00,0.67,NULL,'2023-03-10 21:45:04',1),(44,9,10758,'TALTRU7001','Taladro 3/8 400 W profesional Truper',492.54,0.00,1.00,0.67,NULL,'2023-03-10 21:45:04',1),(45,9,10063,'RACTRU7001','Rack para 3 carretillas estibadas Truper',1443.91,0.00,1.00,0.67,NULL,'2023-03-10 21:45:04',1),(46,10,8786,'MANPAL7004','Mango de reposición para pala T-2000 puño offset Y 26',42.32,0.00,1.00,2.00,NULL,'2023-03-10 21:53:45',1),(47,10,8785,'MANPAL7003','Mango de reposición para pala Classic puño Y 27 Truper',60.26,0.00,1.00,2.00,NULL,'2023-03-10 21:53:45',1),(48,10,10757,'TALPIS7000','Taladro de piso 8 de 250 W (1/3 HP) broquero de 1/2',1860.77,0.00,1.00,2.00,NULL,'2023-03-10 21:53:45',1),(49,10,10758,'TALTRU7001','Taladro 3/8 400 W profesional Truper',492.54,0.00,1.00,2.00,NULL,'2023-03-10 21:53:45',1),(50,10,10063,'RACTRU7001','Rack para 3 carretillas estibadas Truper',1443.91,0.00,1.00,2.00,NULL,'2023-03-10 21:53:45',1),(51,11,8786,'MANPAL7004','Mango de reposición para pala T-2000 puño offset Y 26',42.32,0.00,1.00,2.00,NULL,'2023-03-10 21:56:54',1),(52,11,8785,'MANPAL7003','Mango de reposición para pala Classic puño Y 27 Truper',60.26,0.00,1.00,2.00,NULL,'2023-03-10 21:56:54',1),(53,11,10757,'TALPIS7000','Taladro de piso 8 de 250 W (1/3 HP) broquero de 1/2',1860.77,0.00,1.00,2.00,NULL,'2023-03-10 21:56:55',1),(54,11,10758,'TALTRU7001','Taladro 3/8 400 W profesional Truper',492.54,0.00,1.00,2.00,NULL,'2023-03-10 21:56:55',1),(55,11,10063,'RACTRU7001','Rack para 3 carretillas estibadas Truper',1443.91,0.00,1.00,2.00,NULL,'2023-03-10 21:56:55',1),(56,12,8786,'MANPAL7004','Mango de reposición para pala T-2000 puño offset Y 26',42.32,0.00,1.00,2.00,NULL,'2023-03-10 21:57:47',1),(57,12,8785,'MANPAL7003','Mango de reposición para pala Classic puño Y 27 Truper',60.26,0.00,1.00,2.00,NULL,'2023-03-10 21:57:47',1),(58,12,10757,'TALPIS7000','Taladro de piso 8 de 250 W (1/3 HP) broquero de 1/2',1860.77,0.00,1.00,2.00,NULL,'2023-03-10 21:57:47',1),(59,12,10758,'TALTRU7001','Taladro 3/8 400 W profesional Truper',492.54,0.00,1.00,2.00,NULL,'2023-03-10 21:57:47',1),(60,12,10063,'RACTRU7001','Rack para 3 carretillas estibadas Truper',1443.91,0.00,1.00,2.00,NULL,'2023-03-10 21:57:47',1),(61,13,8786,'MANPAL7004','Mango de reposición para pala T-2000 puño offset Y 26',42.32,0.00,1.00,2.00,NULL,'2023-03-10 22:01:18',1),(62,13,8785,'MANPAL7003','Mango de reposición para pala Classic puño Y 27 Truper',60.26,0.00,1.00,2.00,NULL,'2023-03-10 22:01:18',1),(63,13,10757,'TALPIS7000','Taladro de piso 8 de 250 W (1/3 HP) broquero de 1/2',1860.77,0.00,1.00,2.00,NULL,'2023-03-10 22:01:18',1),(64,13,10758,'TALTRU7001','Taladro 3/8 400 W profesional Truper',492.54,0.00,1.00,2.00,NULL,'2023-03-10 22:01:18',1),(65,13,10063,'RACTRU7001','Rack para 3 carretillas estibadas Truper',1443.91,0.00,1.00,2.00,NULL,'2023-03-10 22:01:19',1),(66,14,8786,'MANPAL7004','Mango de reposición para pala T-2000 puño offset Y 26',42.32,0.00,1.00,2.00,NULL,'2023-03-10 22:02:09',1),(67,14,8785,'MANPAL7003','Mango de reposición para pala Classic puño Y 27 Truper',60.26,0.00,1.00,2.00,NULL,'2023-03-10 22:02:09',1),(68,14,10757,'TALPIS7000','Taladro de piso 8 de 250 W (1/3 HP) broquero de 1/2',1860.77,0.00,1.00,2.00,NULL,'2023-03-10 22:02:09',1),(69,14,10758,'TALTRU7001','Taladro 3/8 400 W profesional Truper',492.54,0.00,1.00,2.00,NULL,'2023-03-10 22:02:09',1),(70,14,10063,'RACTRU7001','Rack para 3 carretillas estibadas Truper',1443.91,0.00,1.00,2.00,NULL,'2023-03-10 22:02:09',1),(71,15,8786,'MANPAL7004','Mango de reposición para pala T-2000 puño offset Y 26',42.32,0.00,1.00,2.00,NULL,'2023-03-10 22:03:16',1),(72,15,8785,'MANPAL7003','Mango de reposición para pala Classic puño Y 27 Truper',60.26,0.00,1.00,2.00,NULL,'2023-03-10 22:03:16',1),(73,15,10757,'TALPIS7000','Taladro de piso 8 de 250 W (1/3 HP) broquero de 1/2',1860.77,0.00,1.00,2.00,NULL,'2023-03-10 22:03:16',1),(74,15,10758,'TALTRU7001','Taladro 3/8 400 W profesional Truper',492.54,0.00,1.00,2.00,NULL,'2023-03-10 22:03:16',1),(75,15,10063,'RACTRU7001','Rack para 3 carretillas estibadas Truper',1443.91,0.00,1.00,2.00,NULL,'2023-03-10 22:03:16',1),(76,16,8786,'MANPAL7004','Mango de reposición para pala T-2000 puño offset Y 26',42.32,0.00,1.00,2.00,NULL,'2023-03-10 22:03:36',1),(77,16,8785,'MANPAL7003','Mango de reposición para pala Classic puño Y 27 Truper',60.26,0.00,1.00,2.00,NULL,'2023-03-10 22:03:36',1),(78,16,10757,'TALPIS7000','Taladro de piso 8 de 250 W (1/3 HP) broquero de 1/2',1860.77,0.00,1.00,2.00,NULL,'2023-03-10 22:03:36',1),(79,16,10758,'TALTRU7001','Taladro 3/8 400 W profesional Truper',492.54,0.00,1.00,2.00,NULL,'2023-03-10 22:03:37',1),(80,16,10063,'RACTRU7001','Rack para 3 carretillas estibadas Truper',1443.91,0.00,1.00,2.00,NULL,'2023-03-10 22:03:37',1),(81,17,8786,'MANPAL7004','Mango de reposición para pala T-2000 puño offset Y 26',42.32,0.00,1.00,2.00,NULL,'2023-03-10 22:05:45',1),(82,17,8785,'MANPAL7003','Mango de reposición para pala Classic puño Y 27 Truper',60.26,0.00,1.00,2.00,NULL,'2023-03-10 22:05:45',1),(83,17,10757,'TALPIS7000','Taladro de piso 8 de 250 W (1/3 HP) broquero de 1/2',1860.77,0.00,1.00,2.00,NULL,'2023-03-10 22:05:45',1),(84,17,10758,'TALTRU7001','Taladro 3/8 400 W profesional Truper',492.54,0.00,1.00,2.00,NULL,'2023-03-10 22:05:45',1),(85,17,10063,'RACTRU7001','Rack para 3 carretillas estibadas Truper',1443.91,0.00,1.00,2.00,NULL,'2023-03-10 22:05:46',1),(86,18,8786,'MANPAL7004','Mango de reposición para pala T-2000 puño offset Y 26',42.32,0.00,1.00,2.00,NULL,'2023-03-10 22:13:15',1),(87,18,8785,'MANPAL7003','Mango de reposición para pala Classic puño Y 27 Truper',60.26,0.00,1.00,2.00,NULL,'2023-03-10 22:13:15',1),(88,18,10757,'TALPIS7000','Taladro de piso 8 de 250 W (1/3 HP) broquero de 1/2',1860.77,0.00,1.00,2.00,NULL,'2023-03-10 22:13:15',1),(89,18,10758,'TALTRU7001','Taladro 3/8 400 W profesional Truper',492.54,0.00,1.00,2.00,NULL,'2023-03-10 22:13:15',1),(90,18,10063,'RACTRU7001','Rack para 3 carretillas estibadas Truper',1443.91,0.00,1.00,2.00,NULL,'2023-03-10 22:13:15',1),(96,20,8786,'MANPAL7004','Mango de reposición para pala T-2000 puño offset Y 26',42.32,0.00,1.00,2.00,1.00,'2023-03-10 22:16:46',1),(97,20,8785,'MANPAL7003','Mango de reposición para pala Classic puño Y 27 Truper',60.26,0.00,1.00,2.00,2.00,'2023-03-10 22:16:47',1),(98,20,10757,'TALPIS7000','Taladro de piso 8 de 250 W (1/3 HP) broquero de 1/2',1860.77,0.00,1.00,2.00,3.00,'2023-03-10 22:16:48',1),(99,20,10758,'TALTRU7001','Taladro 3/8 400 W profesional Truper',492.54,0.00,1.00,2.00,NULL,'2023-03-10 22:16:43',1),(100,20,10063,'RACTRU7001','Rack para 3 carretillas estibadas Truper',1443.91,0.00,1.00,2.00,NULL,'2023-03-10 22:16:43',1),(101,21,8786,'MANPAL7004','Mango de reposición para pala T-2000 puño offset Y 26',42.32,0.00,1.00,2.00,NULL,'2023-03-10 22:21:49',1),(102,21,8785,'MANPAL7003','Mango de reposición para pala Classic puño Y 27 Truper',60.26,0.00,1.00,2.00,NULL,'2023-03-10 22:21:49',1),(103,21,10757,'TALPIS7000','Taladro de piso 8 de 250 W (1/3 HP) broquero de 1/2',1860.77,0.00,1.00,2.00,NULL,'2023-03-10 22:21:49',1),(104,21,10758,'TALTRU7001','Taladro 3/8 400 W profesional Truper',492.54,0.00,1.00,2.00,NULL,'2023-03-10 22:21:49',1),(105,21,10063,'RACTRU7001','Rack para 3 carretillas estibadas Truper',1443.91,0.00,1.00,2.00,NULL,'2023-03-10 22:21:49',1),(106,22,8786,'MANPAL7004','Mango de reposición para pala T-2000 puño offset Y 26',42.32,0.00,1.00,2.00,NULL,'2023-03-10 22:23:47',1),(107,22,8785,'MANPAL7003','Mango de reposición para pala Classic puño Y 27 Truper',60.26,0.00,1.00,2.00,NULL,'2023-03-10 22:23:47',1),(108,22,10757,'TALPIS7000','Taladro de piso 8 de 250 W (1/3 HP) broquero de 1/2',1860.77,0.00,1.00,2.00,NULL,'2023-03-10 22:23:47',1),(109,22,10758,'TALTRU7001','Taladro 3/8 400 W profesional Truper',492.54,0.00,1.00,2.00,NULL,'2023-03-10 22:23:47',1),(110,22,10063,'RACTRU7001','Rack para 3 carretillas estibadas Truper',1443.91,0.00,1.00,2.00,NULL,'2023-03-10 22:23:48',1),(111,23,8786,'MANPAL7004','Mango de reposición para pala T-2000 puño offset Y 26',42.32,0.00,1.00,2.00,1.00,'2023-03-10 22:24:08',1),(112,23,8785,'MANPAL7003','Mango de reposición para pala Classic puño Y 27 Truper',60.26,0.00,1.00,2.00,2.00,'2023-03-10 22:24:09',1),(113,23,10757,'TALPIS7000','Taladro de piso 8 de 250 W (1/3 HP) broquero de 1/2',1860.77,0.00,1.00,2.00,3.00,'2023-03-10 22:24:10',1),(114,23,10758,'TALTRU7001','Taladro 3/8 400 W profesional Truper',492.54,0.00,1.00,2.00,4.00,'2023-03-10 22:24:12',1),(115,23,10063,'RACTRU7001','Rack para 3 carretillas estibadas Truper',1443.91,0.00,1.00,2.00,5.00,'2023-03-10 22:24:13',1),(116,25,8786,'MANPAL7004','Mango de reposición para pala T-2000 puño offset Y 26',42.32,0.00,1.00,2.00,NULL,'2023-03-13 03:19:52',1),(117,25,8785,'MANPAL7003','Mango de reposición para pala Classic puño Y 27 Truper',60.26,0.00,1.00,2.00,NULL,'2023-03-13 03:19:52',1),(118,25,10757,'TALPIS7000','Taladro de piso 8 de 250 W (1/3 HP) broquero de 1/2',1860.77,0.00,1.00,2.00,NULL,'2023-03-13 03:19:52',1),(119,25,10758,'TALTRU7001','Taladro 3/8 400 W profesional Truper',492.54,0.00,1.00,2.00,NULL,'2023-03-13 03:19:52',1),(120,25,10063,'RACTRU7001','Rack para 3 carretillas estibadas Truper',1443.91,0.00,1.00,2.00,NULL,'2023-03-13 03:19:52',1),(131,28,8786,'MANPAL7004','Mango de reposición para pala T-2000 puño offset Y 26',42.32,0.00,10.00,20.00,20.00,'2023-03-13 22:49:45',1),(132,28,8785,'MANPAL7003','Mango de reposición para pala Classic puño Y 27 Truper',60.26,0.00,5.00,10.00,10.00,'2023-03-13 22:49:46',1),(133,28,10757,'TALPIS7000','Taladro de piso 8 de 250 W (1/3 HP) broquero de 1/2',1860.77,0.00,1.00,2.00,5.00,'2023-03-13 22:49:48',1),(134,28,10758,'TALTRU7001','Taladro 3/8 400 W profesional Truper',492.54,0.00,1.00,2.00,5.00,'2023-03-13 22:49:48',1),(135,28,10063,'RACTRU7001','Rack para 3 carretillas estibadas Truper',1443.91,0.00,1.00,2.00,5.00,'2023-03-13 22:49:49',1),(136,29,8786,'MANPAL7004','Mango de reposición para pala T-2000 puño offset Y 26',42.32,0.00,10.00,15.00,1.00,'2023-03-13 23:41:00',1),(137,29,8785,'MANPAL7003','Mango de reposición para pala Classic puño Y 27 Truper',60.26,0.00,5.00,7.50,2.00,'2023-03-13 23:41:00',1),(138,29,10757,'TALPIS7000','Taladro de piso 8 de 250 W (1/3 HP) broquero de 1/2',1860.77,0.00,1.00,1.50,3.00,'2023-03-13 23:41:02',1),(139,29,10758,'TALTRU7001','Taladro 3/8 400 W profesional Truper',492.54,0.00,1.00,1.50,4.00,'2023-03-13 23:41:03',1),(140,29,10063,'RACTRU7001','Rack para 3 carretillas estibadas Truper',1443.91,0.00,1.00,1.50,5.00,'2023-03-13 23:41:04',1),(141,30,8786,'MANPAL7004','Mango de reposición para pala T-2000 puño offset Y 26',42.32,0.00,10.00,15.00,1.00,'2023-03-14 17:04:19',1),(142,30,8785,'MANPAL7003','Mango de reposición para pala Classic puño Y 27 Truper',60.26,0.00,5.00,7.50,2.00,'2023-03-14 17:04:20',1),(143,30,10757,'TALPIS7000','Taladro de piso 8 de 250 W (1/3 HP) broquero de 1/2',1860.77,0.00,1.00,1.50,3.00,'2023-03-14 17:04:21',1),(144,30,10758,'TALTRU7001','Taladro 3/8 400 W profesional Truper',492.54,0.00,1.00,1.50,4.00,'2023-03-14 17:04:22',1),(145,30,10063,'RACTRU7001','Rack para 3 carretillas estibadas Truper',1443.91,0.00,1.00,1.50,5.00,'2023-03-14 17:04:23',1),(146,31,8786,'MANPAL7004','Mango de reposición para pala T-2000 puño offset Y 26',42.32,0.00,10.00,15.00,NULL,'2023-03-14 17:06:30',1),(147,31,8785,'MANPAL7003','Mango de reposición para pala Classic puño Y 27 Truper',60.26,0.00,5.00,7.50,NULL,'2023-03-14 17:06:30',1),(148,31,10757,'TALPIS7000','Taladro de piso 8 de 250 W (1/3 HP) broquero de 1/2',1860.77,0.00,1.00,1.50,NULL,'2023-03-14 17:06:30',1),(149,31,10758,'TALTRU7001','Taladro 3/8 400 W profesional Truper',492.54,0.00,1.00,1.50,NULL,'2023-03-14 17:06:30',1),(150,31,10063,'RACTRU7001','Rack para 3 carretillas estibadas Truper',1443.91,0.00,1.00,1.50,NULL,'2023-03-14 17:06:30',1),(151,32,8786,'MANPAL7004','Mango de reposición para pala T-2000 puño offset Y 26',42.32,0.00,10.00,15.00,NULL,'2023-03-14 17:10:30',1),(152,32,8785,'MANPAL7003','Mango de reposición para pala Classic puño Y 27 Truper',60.26,0.00,5.00,7.50,NULL,'2023-03-14 17:10:30',1),(153,32,10757,'TALPIS7000','Taladro de piso 8 de 250 W (1/3 HP) broquero de 1/2',1860.77,0.00,1.00,1.50,NULL,'2023-03-14 17:10:30',1),(154,32,10758,'TALTRU7001','Taladro 3/8 400 W profesional Truper',492.54,0.00,1.00,1.50,NULL,'2023-03-14 17:10:30',1),(155,32,10063,'RACTRU7001','Rack para 3 carretillas estibadas Truper',1443.91,0.00,1.00,1.50,NULL,'2023-03-14 17:10:30',1),(156,33,8786,'MANPAL7004','Mango de reposición para pala T-2000 puño offset Y 26',42.32,0.00,10.00,15.00,1.00,'2023-03-14 18:10:19',1),(157,33,8785,'MANPAL7003','Mango de reposición para pala Classic puño Y 27 Truper',60.26,0.00,5.00,7.50,2.00,'2023-03-14 18:10:21',1),(158,33,10757,'TALPIS7000','Taladro de piso 8 de 250 W (1/3 HP) broquero de 1/2',1860.77,0.00,1.00,1.50,3.00,'2023-03-14 18:10:22',1),(159,33,10758,'TALTRU7001','Taladro 3/8 400 W profesional Truper',492.54,0.00,1.00,1.50,4.00,'2023-03-14 18:10:22',1),(160,33,10063,'RACTRU7001','Rack para 3 carretillas estibadas Truper',1443.91,0.00,1.00,1.50,5.00,'2023-03-14 18:10:24',1),(161,34,8786,'MANPAL7004','Mango de reposición para pala T-2000 puño offset Y 26',42.32,0.00,10.00,15.00,NULL,'2023-03-14 18:10:52',1),(162,34,8785,'MANPAL7003','Mango de reposición para pala Classic puño Y 27 Truper',60.26,0.00,5.00,7.50,NULL,'2023-03-14 18:10:52',1),(163,34,10757,'TALPIS7000','Taladro de piso 8 de 250 W (1/3 HP) broquero de 1/2',1860.77,0.00,1.00,1.50,NULL,'2023-03-14 18:10:52',1),(164,34,10758,'TALTRU7001','Taladro 3/8 400 W profesional Truper',492.54,0.00,1.00,1.50,NULL,'2023-03-14 18:10:52',1),(165,34,10063,'RACTRU7001','Rack para 3 carretillas estibadas Truper',1443.91,0.00,1.00,1.50,NULL,'2023-03-14 18:10:52',1),(166,35,8786,'MANPAL7004','Mango de reposición para pala T-2000 puño offset Y 26',42.32,0.00,10.00,15.00,NULL,'2023-03-14 18:11:56',1),(167,35,8785,'MANPAL7003','Mango de reposición para pala Classic puño Y 27 Truper',60.26,0.00,5.00,7.50,NULL,'2023-03-14 18:11:56',1),(168,35,10757,'TALPIS7000','Taladro de piso 8 de 250 W (1/3 HP) broquero de 1/2',1860.77,0.00,1.00,1.50,NULL,'2023-03-14 18:11:56',1),(169,35,10758,'TALTRU7001','Taladro 3/8 400 W profesional Truper',492.54,0.00,1.00,1.50,NULL,'2023-03-14 18:11:56',1),(170,35,10063,'RACTRU7001','Rack para 3 carretillas estibadas Truper',1443.91,0.00,1.00,1.50,NULL,'2023-03-14 18:11:56',1),(171,36,8786,'MANPAL7004','Mango de reposición para pala T-2000 puño offset Y 26',42.32,0.00,10.00,15.00,NULL,'2023-03-14 18:13:17',1),(172,36,8785,'MANPAL7003','Mango de reposición para pala Classic puño Y 27 Truper',60.26,0.00,5.00,7.50,NULL,'2023-03-14 18:13:17',1),(173,36,10757,'TALPIS7000','Taladro de piso 8 de 250 W (1/3 HP) broquero de 1/2',1860.77,0.00,1.00,1.50,NULL,'2023-03-14 18:13:17',1),(174,36,10758,'TALTRU7001','Taladro 3/8 400 W profesional Truper',492.54,0.00,1.00,1.50,NULL,'2023-03-14 18:13:17',1),(175,36,10063,'RACTRU7001','Rack para 3 carretillas estibadas Truper',1443.91,0.00,1.00,1.50,NULL,'2023-03-14 18:13:17',1),(176,37,8786,'MANPAL7004','Mango de reposición para pala T-2000 puño offset Y 26',42.32,0.00,10.00,15.00,NULL,'2023-03-14 18:22:04',1),(177,37,8785,'MANPAL7003','Mango de reposición para pala Classic puño Y 27 Truper',60.26,0.00,5.00,7.50,NULL,'2023-03-14 18:22:04',1),(178,37,10757,'TALPIS7000','Taladro de piso 8 de 250 W (1/3 HP) broquero de 1/2',1860.77,0.00,1.00,1.50,NULL,'2023-03-14 18:22:04',1),(179,37,10758,'TALTRU7001','Taladro 3/8 400 W profesional Truper',492.54,0.00,1.00,1.50,NULL,'2023-03-14 18:22:04',1),(180,37,10063,'RACTRU7001','Rack para 3 carretillas estibadas Truper',1443.91,0.00,1.00,1.50,NULL,'2023-03-14 18:22:04',1),(181,38,8786,'MANPAL7004','Mango de reposición para pala T-2000 puño offset Y 26',42.32,0.00,10.00,15.00,NULL,'2023-03-14 18:27:33',1),(182,38,8785,'MANPAL7003','Mango de reposición para pala Classic puño Y 27 Truper',60.26,0.00,5.00,7.50,NULL,'2023-03-14 18:27:33',1),(183,38,10757,'TALPIS7000','Taladro de piso 8 de 250 W (1/3 HP) broquero de 1/2',1860.77,0.00,1.00,1.50,NULL,'2023-03-14 18:27:33',1),(184,38,10758,'TALTRU7001','Taladro 3/8 400 W profesional Truper',492.54,0.00,1.00,1.50,NULL,'2023-03-14 18:27:33',1),(185,38,10063,'RACTRU7001','Rack para 3 carretillas estibadas Truper',1443.91,0.00,1.00,1.50,NULL,'2023-03-14 18:27:33',1),(186,39,8786,'MANPAL7004','Mango de reposición para pala T-2000 puño offset Y 26',42.32,0.00,10.00,15.00,10.00,'2023-03-14 18:31:28',1),(187,39,8785,'MANPAL7003','Mango de reposición para pala Classic puño Y 27 Truper',60.26,0.00,5.00,7.50,20.00,'2023-03-14 18:31:29',1),(188,39,10757,'TALPIS7000','Taladro de piso 8 de 250 W (1/3 HP) broquero de 1/2',1860.77,0.00,1.00,1.50,30.00,'2023-03-14 18:31:30',1),(189,39,10758,'TALTRU7001','Taladro 3/8 400 W profesional Truper',492.54,0.00,1.00,1.50,40.00,'2023-03-14 18:31:32',1),(190,39,10063,'RACTRU7001','Rack para 3 carretillas estibadas Truper',1443.91,0.00,1.00,1.50,50.00,'2023-03-14 18:31:33',1),(191,40,8785,'MANPAL7003','Mango de reposición para pala Classic puño Y 27 Truper',60.26,0.00,5.00,7.50,NULL,'2023-03-16 20:33:32',1),(192,40,10757,'TALPIS7000','Taladro de piso 8 de 250 W (1/3 HP) broquero de 1/2',1860.77,0.00,1.00,1.50,NULL,'2023-03-16 20:33:32',1),(193,40,10758,'TALTRU7001','Taladro 3/8 400 W profesional Truper',492.54,0.00,1.00,1.50,NULL,'2023-03-16 20:33:32',1),(194,40,10063,'RACTRU7001','Rack para 3 carretillas estibadas Truper',1443.91,0.00,1.00,1.50,NULL,'2023-03-16 20:33:32',1),(195,41,8785,'MANPAL7003','Mango de reposición para pala Classic puño Y 27 Truper',60.26,0.00,5.00,7.50,NULL,'2023-03-16 20:40:35',1),(196,41,10757,'TALPIS7000','Taladro de piso 8 de 250 W (1/3 HP) broquero de 1/2',1860.77,0.00,1.00,1.50,NULL,'2023-03-16 20:40:35',1),(197,41,10758,'TALTRU7001','Taladro 3/8 400 W profesional Truper',492.54,0.00,1.00,1.50,NULL,'2023-03-16 20:40:35',1),(198,41,10063,'RACTRU7001','Rack para 3 carretillas estibadas Truper',1443.91,0.00,1.00,1.50,NULL,'2023-03-16 20:40:35',1),(199,42,8786,'MANPAL7004','Mango de reposición para pala T-2000 puño offset Y 26',42.32,0.00,10.00,20.00,NULL,'2023-03-16 20:46:47',1),(200,42,8785,'MANPAL7003','Mango de reposición para pala Classic puño Y 27 Truper',60.26,0.00,5.00,10.00,NULL,'2023-03-16 20:46:47',1),(201,42,10757,'TALPIS7000','Taladro de piso 8 de 250 W (1/3 HP) broquero de 1/2',1860.77,0.00,1.00,2.00,NULL,'2023-03-16 20:46:47',1),(202,42,10758,'TALTRU7001','Taladro 3/8 400 W profesional Truper',492.54,0.00,1.00,2.00,NULL,'2023-03-16 20:46:47',1),(203,42,10063,'RACTRU7001','Rack para 3 carretillas estibadas Truper',1443.91,0.00,1.00,2.00,NULL,'2023-03-16 20:46:47',1),(204,43,8786,'MANPAL7004','Mango de reposición para pala T-2000 puño offset Y 26',42.32,0.00,10.00,10.00,NULL,'2023-03-16 20:47:19',1),(205,43,8785,'MANPAL7003','Mango de reposición para pala Classic puño Y 27 Truper',60.26,0.00,5.00,5.00,NULL,'2023-03-16 20:47:19',1),(206,43,10757,'TALPIS7000','Taladro de piso 8 de 250 W (1/3 HP) broquero de 1/2',1860.77,0.00,1.00,1.00,NULL,'2023-03-16 20:47:19',1),(207,43,10758,'TALTRU7001','Taladro 3/8 400 W profesional Truper',492.54,0.00,1.00,1.00,NULL,'2023-03-16 20:47:19',1),(208,43,10063,'RACTRU7001','Rack para 3 carretillas estibadas Truper',1443.91,0.00,1.00,1.00,NULL,'2023-03-16 20:47:19',1),(209,44,8786,'MANPAL7004','Mango de reposición para pala T-2000 puño offset Y 26',42.32,0.00,10.00,10.00,NULL,'2023-03-16 20:50:14',1),(210,44,8785,'MANPAL7003','Mango de reposición para pala Classic puño Y 27 Truper',60.26,0.00,5.00,5.00,NULL,'2023-03-16 20:50:14',1),(211,44,10757,'TALPIS7000','Taladro de piso 8 de 250 W (1/3 HP) broquero de 1/2',1860.77,0.00,1.00,1.00,NULL,'2023-03-16 20:50:14',1),(212,44,10758,'TALTRU7001','Taladro 3/8 400 W profesional Truper',492.54,0.00,1.00,1.00,NULL,'2023-03-16 20:50:14',1),(213,44,10063,'RACTRU7001','Rack para 3 carretillas estibadas Truper',1443.91,0.00,1.00,1.00,NULL,'2023-03-16 20:50:14',1),(214,45,8786,'MANPAL7004','Mango de reposición para pala T-2000 puño offset Y 26',42.32,0.00,10.00,3.33,NULL,'2023-03-16 20:51:22',1),(215,45,8785,'MANPAL7003','Mango de reposición para pala Classic puño Y 27 Truper',60.26,0.00,5.00,1.67,NULL,'2023-03-16 20:51:22',1),(216,45,10757,'TALPIS7000','Taladro de piso 8 de 250 W (1/3 HP) broquero de 1/2',1860.77,0.00,1.00,0.33,NULL,'2023-03-16 20:51:22',1),(217,45,10758,'TALTRU7001','Taladro 3/8 400 W profesional Truper',492.54,0.00,1.00,0.33,NULL,'2023-03-16 20:51:22',1),(218,45,10063,'RACTRU7001','Rack para 3 carretillas estibadas Truper',1443.91,0.00,1.00,0.33,NULL,'2023-03-16 20:51:22',1);

--
-- Table structure for table `tpv_pedidosugeridomeses`
--

CREATE TABLE `tpv_pedidosugeridomeses` (
  `id` int(11) NOT NULL AUTO_INCREMENT,
  `id_tpv_pedidosugeridodetalle` int(11) DEFAULT NULL,
  `mes` varchar(100) DEFAULT NULL,
  `cantidad` decimal(9,2) DEFAULT NULL,
  `timestamp` timestamp NOT NULL DEFAULT current_timestamp(),
  `status` int(5) DEFAULT 1,
  PRIMARY KEY (`id`)
) ENGINE=InnoDB AUTO_INCREMENT=985 DEFAULT CHARSET=utf8mb4 COLLATE=utf8mb4_unicode_ci;

--
-- Dumping data for table `tpv_pedidosugeridomeses`
--

INSERT INTO `tpv_pedidosugeridomeses` VALUES (1,1,'diciembre',0.00,'2023-03-10 21:30:15',1),(2,1,'enero',1.00,'2023-03-10 21:30:15',1),(3,1,'febrero',0.00,'2023-03-10 21:30:15',1),(4,2,'diciembre',0.00,'2023-03-10 21:30:15',1),(5,2,'enero',0.00,'2023-03-10 21:30:15',1),(6,2,'febrero',1.00,'2023-03-10 21:30:15',1),(7,3,'diciembre',0.00,'2023-03-10 21:30:15',1),(8,3,'enero',0.00,'2023-03-10 21:30:15',1),(9,3,'febrero',1.00,'2023-03-10 21:30:15',1),(10,4,'diciembre',0.00,'2023-03-10 21:30:15',1),(11,4,'enero',0.00,'2023-03-10 21:30:15',1),(12,4,'febrero',1.00,'2023-03-10 21:30:15',1),(13,5,'diciembre',0.00,'2023-03-10 21:30:15',1),(14,5,'enero',0.00,'2023-03-10 21:30:15',1),(15,5,'febrero',1.00,'2023-03-10 21:30:15',1),(16,6,'diciembre',0.00,'2023-03-10 21:30:54',1),(17,6,'enero',1.00,'2023-03-10 21:30:54',1),(18,6,'febrero',0.00,'2023-03-10 21:30:54',1),(19,7,'diciembre',0.00,'2023-03-10 21:30:54',1),(20,7,'enero',0.00,'2023-03-10 21:30:54',1),(21,7,'febrero',1.00,'2023-03-10 21:30:54',1),(22,8,'diciembre',0.00,'2023-03-10 21:30:54',1),(23,8,'enero',0.00,'2023-03-10 21:30:54',1),(24,8,'febrero',1.00,'2023-03-10 21:30:54',1),(25,9,'diciembre',0.00,'2023-03-10 21:30:54',1),(26,9,'enero',0.00,'2023-03-10 21:30:54',1),(27,9,'febrero',1.00,'2023-03-10 21:30:54',1),(28,10,'diciembre',0.00,'2023-03-10 21:30:54',1),(29,10,'enero',0.00,'2023-03-10 21:30:54',1),(30,10,'febrero',1.00,'2023-03-10 21:30:54',1),(31,11,'diciembre',0.00,'2023-03-10 21:31:22',1),(32,11,'enero',1.00,'2023-03-10 21:31:22',1),(33,11,'febrero',0.00,'2023-03-10 21:31:22',1),(34,12,'diciembre',0.00,'2023-03-10 21:31:22',1),(35,12,'enero',0.00,'2023-03-10 21:31:22',1),(36,12,'febrero',1.00,'2023-03-10 21:31:22',1),(37,13,'diciembre',0.00,'2023-03-10 21:31:22',1),(38,13,'enero',0.00,'2023-03-10 21:31:22',1),(39,13,'febrero',1.00,'2023-03-10 21:31:22',1),(40,14,'diciembre',0.00,'2023-03-10 21:31:22',1),(41,14,'enero',0.00,'2023-03-10 21:31:22',1),(42,14,'febrero',1.00,'2023-03-10 21:31:22',1),(43,15,'diciembre',0.00,'2023-03-10 21:31:22',1),(44,15,'enero',0.00,'2023-03-10 21:31:22',1),(45,15,'febrero',1.00,'2023-03-10 21:31:22',1),(46,16,'diciembre',0.00,'2023-03-10 21:31:53',1),(47,16,'enero',1.00,'2023-03-10 21:31:53',1),(48,16,'febrero',0.00,'2023-03-10 21:31:54',1),(49,17,'diciembre',0.00,'2023-03-10 21:31:54',1),(50,17,'enero',0.00,'2023-03-10 21:31:54',1),(51,17,'febrero',1.00,'2023-03-10 21:31:54',1),(52,18,'diciembre',0.00,'2023-03-10 21:31:54',1),(53,18,'enero',0.00,'2023-03-10 21:31:54',1),(54,18,'febrero',1.00,'2023-03-10 21:31:54',1),(55,19,'diciembre',0.00,'2023-03-10 21:31:54',1),(56,19,'enero',0.00,'2023-03-10 21:31:54',1),(57,19,'febrero',1.00,'2023-03-10 21:31:54',1),(58,20,'diciembre',0.00,'2023-03-10 21:31:54',1),(59,20,'enero',0.00,'2023-03-10 21:31:54',1),(60,20,'febrero',1.00,'2023-03-10 21:31:54',1),(61,21,'diciembre',0.00,'2023-03-10 21:32:53',1),(62,21,'enero',1.00,'2023-03-10 21:32:53',1),(63,21,'febrero',0.00,'2023-03-10 21:32:53',1),(64,22,'diciembre',0.00,'2023-03-10 21:32:53',1),(65,22,'enero',0.00,'2023-03-10 21:32:53',1),(66,22,'febrero',1.00,'2023-03-10 21:32:53',1),(67,23,'diciembre',0.00,'2023-03-10 21:32:53',1),(68,23,'enero',0.00,'2023-03-10 21:32:53',1),(69,23,'febrero',1.00,'2023-03-10 21:32:53',1),(70,24,'diciembre',0.00,'2023-03-10 21:32:53',1),(71,24,'enero',0.00,'2023-03-10 21:32:53',1),(72,24,'febrero',1.00,'2023-03-10 21:32:53',1),(73,25,'diciembre',0.00,'2023-03-10 21:32:53',1),(74,25,'enero',0.00,'2023-03-10 21:32:53',1),(75,25,'febrero',1.00,'2023-03-10 21:32:53',1),(76,26,'diciembre',0.00,'2023-03-10 21:33:53',1),(77,26,'enero',1.00,'2023-03-10 21:33:53',1),(78,26,'febrero',0.00,'2023-03-10 21:33:53',1),(79,27,'diciembre',0.00,'2023-03-10 21:33:53',1),(80,27,'enero',0.00,'2023-03-10 21:33:53',1),(81,27,'febrero',1.00,'2023-03-10 21:33:53',1),(82,28,'diciembre',0.00,'2023-03-10 21:33:53',1),(83,28,'enero',0.00,'2023-03-10 21:33:53',1),(84,28,'febrero',1.00,'2023-03-10 21:33:53',1),(85,29,'diciembre',0.00,'2023-03-10 21:33:53',1),(86,29,'enero',0.00,'2023-03-10 21:33:53',1),(87,29,'febrero',1.00,'2023-03-10 21:33:53',1),(88,30,'diciembre',0.00,'2023-03-10 21:33:53',1),(89,30,'enero',0.00,'2023-03-10 21:33:53',1),(90,30,'febrero',1.00,'2023-03-10 21:33:53',1),(91,31,'diciembre',0.00,'2023-03-10 21:34:33',1),(92,31,'enero',1.00,'2023-03-10 21:34:33',1),(93,31,'febrero',0.00,'2023-03-10 21:34:33',1),(94,32,'diciembre',0.00,'2023-03-10 21:34:33',1),(95,32,'enero',0.00,'2023-03-10 21:34:33',1),(96,32,'febrero',1.00,'2023-03-10 21:34:33',1),(97,33,'diciembre',0.00,'2023-03-10 21:34:33',1),(98,33,'enero',0.00,'2023-03-10 21:34:33',1),(99,33,'febrero',1.00,'2023-03-10 21:34:33',1),(100,34,'diciembre',0.00,'2023-03-10 21:34:33',1),(101,34,'enero',0.00,'2023-03-10 21:34:33',1),(102,34,'febrero',1.00,'2023-03-10 21:34:33',1),(103,35,'diciembre',0.00,'2023-03-10 21:34:33',1),(104,35,'enero',0.00,'2023-03-10 21:34:33',1),(105,35,'febrero',1.00,'2023-03-10 21:34:33',1),(106,36,'diciembre',0.00,'2023-03-10 21:42:12',1),(107,36,'enero',1.00,'2023-03-10 21:42:12',1),(108,36,'febrero',0.00,'2023-03-10 21:42:12',1),(109,37,'diciembre',0.00,'2023-03-10 21:42:12',1),(110,37,'enero',0.00,'2023-03-10 21:42:12',1),(111,37,'febrero',1.00,'2023-03-10 21:42:12',1),(112,38,'diciembre',0.00,'2023-03-10 21:42:12',1),(113,38,'enero',0.00,'2023-03-10 21:42:12',1),(114,38,'febrero',1.00,'2023-03-10 21:42:12',1),(115,39,'diciembre',0.00,'2023-03-10 21:42:12',1),(116,39,'enero',0.00,'2023-03-10 21:42:12',1),(117,39,'febrero',1.00,'2023-03-10 21:42:12',1),(118,40,'diciembre',0.00,'2023-03-10 21:42:12',1),(119,40,'enero',0.00,'2023-03-10 21:42:12',1),(120,40,'febrero',1.00,'2023-03-10 21:42:12',1),(121,41,'diciembre',0.00,'2023-03-10 21:45:04',1),(122,41,'enero',1.00,'2023-03-10 21:45:04',1),(123,41,'febrero',0.00,'2023-03-10 21:45:04',1),(124,42,'diciembre',0.00,'2023-03-10 21:45:04',1),(125,42,'enero',0.00,'2023-03-10 21:45:04',1),(126,42,'febrero',1.00,'2023-03-10 21:45:04',1),(127,43,'diciembre',0.00,'2023-03-10 21:45:04',1),(128,43,'enero',0.00,'2023-03-10 21:45:04',1),(129,43,'febrero',1.00,'2023-03-10 21:45:04',1),(130,44,'diciembre',0.00,'2023-03-10 21:45:04',1),(131,44,'enero',0.00,'2023-03-10 21:45:04',1),(132,44,'febrero',1.00,'2023-03-10 21:45:04',1),(133,45,'diciembre',0.00,'2023-03-10 21:45:04',1),(134,45,'enero',0.00,'2023-03-10 21:45:04',1),(135,45,'febrero',1.00,'2023-03-10 21:45:04',1),(136,46,'diciembre',0.00,'2023-03-10 21:53:45',1),(137,46,'enero',1.00,'2023-03-10 21:53:45',1),(138,46,'febrero',0.00,'2023-03-10 21:53:45',1),(139,47,'diciembre',0.00,'2023-03-10 21:53:45',1),(140,47,'enero',0.00,'2023-03-10 21:53:45',1),(141,47,'febrero',1.00,'2023-03-10 21:53:45',1),(142,48,'diciembre',0.00,'2023-03-10 21:53:45',1),(143,48,'enero',0.00,'2023-03-10 21:53:45',1),(144,48,'febrero',1.00,'2023-03-10 21:53:45',1),(145,49,'diciembre',0.00,'2023-03-10 21:53:45',1),(146,49,'enero',0.00,'2023-03-10 21:53:45',1),(147,49,'febrero',1.00,'2023-03-10 21:53:45',1),(148,50,'diciembre',0.00,'2023-03-10 21:53:45',1),(149,50,'enero',0.00,'2023-03-10 21:53:45',1),(150,50,'febrero',1.00,'2023-03-10 21:53:45',1),(151,51,'diciembre',0.00,'2023-03-10 21:56:54',1),(152,51,'enero',1.00,'2023-03-10 21:56:54',1),(153,51,'febrero',0.00,'2023-03-10 21:56:54',1),(154,52,'diciembre',0.00,'2023-03-10 21:56:55',1),(155,52,'enero',0.00,'2023-03-10 21:56:55',1),(156,52,'febrero',1.00,'2023-03-10 21:56:55',1),(157,53,'diciembre',0.00,'2023-03-10 21:56:55',1),(158,53,'enero',0.00,'2023-03-10 21:56:55',1),(159,53,'febrero',1.00,'2023-03-10 21:56:55',1),(160,54,'diciembre',0.00,'2023-03-10 21:56:55',1),(161,54,'enero',0.00,'2023-03-10 21:56:55',1),(162,54,'febrero',1.00,'2023-03-10 21:56:55',1),(163,55,'diciembre',0.00,'2023-03-10 21:56:55',1),(164,55,'enero',0.00,'2023-03-10 21:56:55',1),(165,55,'febrero',1.00,'2023-03-10 21:56:55',1),(166,56,'diciembre',0.00,'2023-03-10 21:57:47',1),(167,56,'enero',1.00,'2023-03-10 21:57:47',1),(168,56,'febrero',0.00,'2023-03-10 21:57:47',1),(169,57,'diciembre',0.00,'2023-03-10 21:57:47',1),(170,57,'enero',0.00,'2023-03-10 21:57:47',1),(171,57,'febrero',1.00,'2023-03-10 21:57:47',1),(172,58,'diciembre',0.00,'2023-03-10 21:57:47',1),(173,58,'enero',0.00,'2023-03-10 21:57:47',1),(174,58,'febrero',1.00,'2023-03-10 21:57:47',1),(175,59,'diciembre',0.00,'2023-03-10 21:57:47',1),(176,59,'enero',0.00,'2023-03-10 21:57:47',1),(177,59,'febrero',1.00,'2023-03-10 21:57:47',1),(178,60,'diciembre',0.00,'2023-03-10 21:57:47',1),(179,60,'enero',0.00,'2023-03-10 21:57:47',1),(180,60,'febrero',1.00,'2023-03-10 21:57:47',1),(181,61,'diciembre',0.00,'2023-03-10 22:01:18',1),(182,61,'enero',1.00,'2023-03-10 22:01:18',1),(183,61,'febrero',0.00,'2023-03-10 22:01:18',1),(184,62,'diciembre',0.00,'2023-03-10 22:01:18',1),(185,62,'enero',0.00,'2023-03-10 22:01:18',1),(186,62,'febrero',1.00,'2023-03-10 22:01:18',1),(187,63,'diciembre',0.00,'2023-03-10 22:01:18',1),(188,63,'enero',0.00,'2023-03-10 22:01:18',1),(189,63,'febrero',1.00,'2023-03-10 22:01:18',1),(190,64,'diciembre',0.00,'2023-03-10 22:01:19',1),(191,64,'enero',0.00,'2023-03-10 22:01:19',1),(192,64,'febrero',1.00,'2023-03-10 22:01:19',1),(193,65,'diciembre',0.00,'2023-03-10 22:01:19',1),(194,65,'enero',0.00,'2023-03-10 22:01:19',1),(195,65,'febrero',1.00,'2023-03-10 22:01:19',1),(196,66,'diciembre',0.00,'2023-03-10 22:02:09',1),(197,66,'enero',1.00,'2023-03-10 22:02:09',1),(198,66,'febrero',0.00,'2023-03-10 22:02:09',1),(199,67,'diciembre',0.00,'2023-03-10 22:02:09',1),(200,67,'enero',0.00,'2023-03-10 22:02:09',1),(201,67,'febrero',1.00,'2023-03-10 22:02:09',1),(202,68,'diciembre',0.00,'2023-03-10 22:02:09',1),(203,68,'enero',0.00,'2023-03-10 22:02:09',1),(204,68,'febrero',1.00,'2023-03-10 22:02:09',1),(205,69,'diciembre',0.00,'2023-03-10 22:02:09',1),(206,69,'enero',0.00,'2023-03-10 22:02:09',1),(207,69,'febrero',1.00,'2023-03-10 22:02:09',1),(208,70,'diciembre',0.00,'2023-03-10 22:02:09',1),(209,70,'enero',0.00,'2023-03-10 22:02:09',1),(210,70,'febrero',1.00,'2023-03-10 22:02:09',1),(211,71,'diciembre',0.00,'2023-03-10 22:03:16',1),(212,71,'enero',1.00,'2023-03-10 22:03:16',1),(213,71,'febrero',0.00,'2023-03-10 22:03:16',1),(214,72,'diciembre',0.00,'2023-03-10 22:03:16',1),(215,72,'enero',0.00,'2023-03-10 22:03:16',1),(216,72,'febrero',1.00,'2023-03-10 22:03:16',1),(217,73,'diciembre',0.00,'2023-03-10 22:03:16',1),(218,73,'enero',0.00,'2023-03-10 22:03:16',1),(219,73,'febrero',1.00,'2023-03-10 22:03:16',1),(220,74,'diciembre',0.00,'2023-03-10 22:03:16',1),(221,74,'enero',0.00,'2023-03-10 22:03:16',1),(222,74,'febrero',1.00,'2023-03-10 22:03:16',1),(223,75,'diciembre',0.00,'2023-03-10 22:03:16',1),(224,75,'enero',0.00,'2023-03-10 22:03:16',1),(225,75,'febrero',1.00,'2023-03-10 22:03:16',1),(226,76,'junio',0.00,'2023-03-10 22:03:36',1),(227,76,'julio',0.00,'2023-03-10 22:03:36',1),(228,76,'agosto',0.00,'2023-03-10 22:03:36',1),(229,76,'septiembre',0.00,'2023-03-10 22:03:36',1),(230,76,'octubre',0.00,'2023-03-10 22:03:36',1),(231,76,'noviembre',0.00,'2023-03-10 22:03:36',1),(232,76,'diciembre',0.00,'2023-03-10 22:03:36',1),(233,76,'enero',1.00,'2023-03-10 22:03:36',1),(234,76,'febrero',0.00,'2023-03-10 22:03:36',1),(235,77,'junio',0.00,'2023-03-10 22:03:36',1),(236,77,'julio',0.00,'2023-03-10 22:03:36',1),(237,77,'agosto',0.00,'2023-03-10 22:03:36',1),(238,77,'septiembre',0.00,'2023-03-10 22:03:36',1),(239,77,'octubre',0.00,'2023-03-10 22:03:36',1),(240,77,'noviembre',0.00,'2023-03-10 22:03:36',1),(241,77,'diciembre',0.00,'2023-03-10 22:03:36',1),(242,77,'enero',0.00,'2023-03-10 22:03:36',1),(243,77,'febrero',1.00,'2023-03-10 22:03:36',1),(244,78,'junio',0.00,'2023-03-10 22:03:36',1),(245,78,'julio',0.00,'2023-03-10 22:03:36',1),(246,78,'agosto',0.00,'2023-03-10 22:03:36',1),(247,78,'septiembre',0.00,'2023-03-10 22:03:37',1),(248,78,'octubre',0.00,'2023-03-10 22:03:37',1),(249,78,'noviembre',0.00,'2023-03-10 22:03:37',1),(250,78,'diciembre',0.00,'2023-03-10 22:03:37',1),(251,78,'enero',0.00,'2023-03-10 22:03:37',1),(252,78,'febrero',1.00,'2023-03-10 22:03:37',1),(253,79,'junio',0.00,'2023-03-10 22:03:37',1),(254,79,'julio',0.00,'2023-03-10 22:03:37',1),(255,79,'agosto',0.00,'2023-03-10 22:03:37',1),(256,79,'septiembre',0.00,'2023-03-10 22:03:37',1),(257,79,'octubre',0.00,'2023-03-10 22:03:37',1),(258,79,'noviembre',0.00,'2023-03-10 22:03:37',1),(259,79,'diciembre',0.00,'2023-03-10 22:03:37',1),(260,79,'enero',0.00,'2023-03-10 22:03:37',1),(261,79,'febrero',1.00,'2023-03-10 22:03:37',1),(262,80,'junio',0.00,'2023-03-10 22:03:37',1),(263,80,'julio',0.00,'2023-03-10 22:03:37',1),(264,80,'agosto',0.00,'2023-03-10 22:03:37',1),(265,80,'septiembre',0.00,'2023-03-10 22:03:37',1),(266,80,'octubre',0.00,'2023-03-10 22:03:37',1),(267,80,'noviembre',0.00,'2023-03-10 22:03:37',1),(268,80,'diciembre',0.00,'2023-03-10 22:03:37',1),(269,80,'enero',0.00,'2023-03-10 22:03:37',1),(270,80,'febrero',1.00,'2023-03-10 22:03:37',1),(271,81,'marzo',0.00,'2023-03-10 22:05:45',1),(272,81,'abril',0.00,'2023-03-10 22:05:45',1),(273,81,'mayo',0.00,'2023-03-10 22:05:45',1),(274,81,'junio',0.00,'2023-03-10 22:05:45',1),(275,81,'julio',0.00,'2023-03-10 22:05:45',1),(276,81,'agosto',0.00,'2023-03-10 22:05:45',1),(277,81,'septiembre',0.00,'2023-03-10 22:05:45',1),(278,81,'octubre',0.00,'2023-03-10 22:05:45',1),(279,81,'noviembre',0.00,'2023-03-10 22:05:45',1),(280,81,'diciembre',0.00,'2023-03-10 22:05:45',1),(281,81,'enero',1.00,'2023-03-10 22:05:45',1),(282,81,'febrero',0.00,'2023-03-10 22:05:45',1),(283,82,'marzo',0.00,'2023-03-10 22:05:45',1),(284,82,'abril',0.00,'2023-03-10 22:05:45',1),(285,82,'mayo',0.00,'2023-03-10 22:05:45',1),(286,82,'junio',0.00,'2023-03-10 22:05:45',1),(287,82,'julio',0.00,'2023-03-10 22:05:45',1),(288,82,'agosto',0.00,'2023-03-10 22:05:45',1),(289,82,'septiembre',0.00,'2023-03-10 22:05:45',1),(290,82,'octubre',0.00,'2023-03-10 22:05:45',1),(291,82,'noviembre',0.00,'2023-03-10 22:05:45',1),(292,82,'diciembre',0.00,'2023-03-10 22:05:45',1),(293,82,'enero',0.00,'2023-03-10 22:05:45',1),(294,82,'febrero',1.00,'2023-03-10 22:05:45',1),(295,83,'marzo',0.00,'2023-03-10 22:05:45',1),(296,83,'abril',0.00,'2023-03-10 22:05:45',1),(297,83,'mayo',0.00,'2023-03-10 22:05:45',1),(298,83,'junio',0.00,'2023-03-10 22:05:45',1),(299,83,'julio',0.00,'2023-03-10 22:05:45',1),(300,83,'agosto',0.00,'2023-03-10 22:05:45',1),(301,83,'septiembre',0.00,'2023-03-10 22:05:45',1),(302,83,'octubre',0.00,'2023-03-10 22:05:45',1),(303,83,'noviembre',0.00,'2023-03-10 22:05:45',1),(304,83,'diciembre',0.00,'2023-03-10 22:05:45',1),(305,83,'enero',0.00,'2023-03-10 22:05:45',1),(306,83,'febrero',1.00,'2023-03-10 22:05:45',1),(307,84,'marzo',0.00,'2023-03-10 22:05:45',1),(308,84,'abril',0.00,'2023-03-10 22:05:45',1),(309,84,'mayo',0.00,'2023-03-10 22:05:45',1),(310,84,'junio',0.00,'2023-03-10 22:05:45',1),(311,84,'julio',0.00,'2023-03-10 22:05:45',1),(312,84,'agosto',0.00,'2023-03-10 22:05:45',1),(313,84,'septiembre',0.00,'2023-03-10 22:05:45',1),(314,84,'octubre',0.00,'2023-03-10 22:05:45',1),(315,84,'noviembre',0.00,'2023-03-10 22:05:45',1),(316,84,'diciembre',0.00,'2023-03-10 22:05:46',1),(317,84,'enero',0.00,'2023-03-10 22:05:46',1),(318,84,'febrero',1.00,'2023-03-10 22:05:46',1),(319,85,'marzo',0.00,'2023-03-10 22:05:46',1),(320,85,'abril',0.00,'2023-03-10 22:05:46',1),(321,85,'mayo',0.00,'2023-03-10 22:05:46',1),(322,85,'junio',0.00,'2023-03-10 22:05:46',1),(323,85,'julio',0.00,'2023-03-10 22:05:46',1),(324,85,'agosto',0.00,'2023-03-10 22:05:46',1),(325,85,'septiembre',0.00,'2023-03-10 22:05:46',1),(326,85,'octubre',0.00,'2023-03-10 22:05:46',1),(327,85,'noviembre',0.00,'2023-03-10 22:05:46',1),(328,85,'diciembre',0.00,'2023-03-10 22:05:46',1),(329,85,'enero',0.00,'2023-03-10 22:05:46',1),(330,85,'febrero',1.00,'2023-03-10 22:05:46',1),(331,86,'marzo',0.00,'2023-03-10 22:13:15',1),(332,86,'abril',0.00,'2023-03-10 22:13:15',1),(333,86,'mayo',0.00,'2023-03-10 22:13:15',1),(334,86,'junio',0.00,'2023-03-10 22:13:15',1),(335,86,'julio',0.00,'2023-03-10 22:13:15',1),(336,86,'agosto',0.00,'2023-03-10 22:13:15',1),(337,86,'septiembre',0.00,'2023-03-10 22:13:15',1),(338,86,'octubre',0.00,'2023-03-10 22:13:15',1),(339,86,'noviembre',0.00,'2023-03-10 22:13:15',1),(340,86,'diciembre',0.00,'2023-03-10 22:13:15',1),(341,86,'enero',1.00,'2023-03-10 22:13:15',1),(342,86,'febrero',0.00,'2023-03-10 22:13:15',1),(343,87,'marzo',0.00,'2023-03-10 22:13:15',1),(344,87,'abril',0.00,'2023-03-10 22:13:15',1),(345,87,'mayo',0.00,'2023-03-10 22:13:15',1),(346,87,'junio',0.00,'2023-03-10 22:13:15',1),(347,87,'julio',0.00,'2023-03-10 22:13:15',1),(348,87,'agosto',0.00,'2023-03-10 22:13:15',1),(349,87,'septiembre',0.00,'2023-03-10 22:13:15',1),(350,87,'octubre',0.00,'2023-03-10 22:13:15',1),(351,87,'noviembre',0.00,'2023-03-10 22:13:15',1),(352,87,'diciembre',0.00,'2023-03-10 22:13:15',1),(353,87,'enero',0.00,'2023-03-10 22:13:15',1),(354,87,'febrero',1.00,'2023-03-10 22:13:15',1),(355,88,'marzo',0.00,'2023-03-10 22:13:15',1),(356,88,'abril',0.00,'2023-03-10 22:13:15',1),(357,88,'mayo',0.00,'2023-03-10 22:13:15',1),(358,88,'junio',0.00,'2023-03-10 22:13:15',1),(359,88,'julio',0.00,'2023-03-10 22:13:15',1),(360,88,'agosto',0.00,'2023-03-10 22:13:15',1),(361,88,'septiembre',0.00,'2023-03-10 22:13:15',1),(362,88,'octubre',0.00,'2023-03-10 22:13:15',1),(363,88,'noviembre',0.00,'2023-03-10 22:13:15',1),(364,88,'diciembre',0.00,'2023-03-10 22:13:15',1),(365,88,'enero',0.00,'2023-03-10 22:13:15',1),(366,88,'febrero',1.00,'2023-03-10 22:13:15',1),(367,89,'marzo',0.00,'2023-03-10 22:13:15',1),(368,89,'abril',0.00,'2023-03-10 22:13:15',1),(369,89,'mayo',0.00,'2023-03-10 22:13:15',1),(370,89,'junio',0.00,'2023-03-10 22:13:15',1),(371,89,'julio',0.00,'2023-03-10 22:13:15',1),(372,89,'agosto',0.00,'2023-03-10 22:13:15',1),(373,89,'septiembre',0.00,'2023-03-10 22:13:15',1),(374,89,'octubre',0.00,'2023-03-10 22:13:15',1),(375,89,'noviembre',0.00,'2023-03-10 22:13:15',1),(376,89,'diciembre',0.00,'2023-03-10 22:13:15',1),(377,89,'enero',0.00,'2023-03-10 22:13:15',1),(378,89,'febrero',1.00,'2023-03-10 22:13:15',1),(379,90,'marzo',0.00,'2023-03-10 22:13:15',1),(380,90,'abril',0.00,'2023-03-10 22:13:15',1),(381,90,'mayo',0.00,'2023-03-10 22:13:15',1),(382,90,'junio',0.00,'2023-03-10 22:13:15',1),(383,90,'julio',0.00,'2023-03-10 22:13:15',1),(384,90,'agosto',0.00,'2023-03-10 22:13:15',1),(385,90,'septiembre',0.00,'2023-03-10 22:13:15',1),(386,90,'octubre',0.00,'2023-03-10 22:13:15',1),(387,90,'noviembre',0.00,'2023-03-10 22:13:15',1),(388,90,'diciembre',0.00,'2023-03-10 22:13:15',1),(389,90,'enero',0.00,'2023-03-10 22:13:15',1),(390,90,'febrero',1.00,'2023-03-10 22:13:15',1),(451,96,'septiembre',0.00,'2023-03-10 22:16:42',1),(452,96,'octubre',0.00,'2023-03-10 22:16:42',1),(453,96,'noviembre',0.00,'2023-03-10 22:16:42',1),(454,96,'diciembre',0.00,'2023-03-10 22:16:42',1),(455,96,'enero',1.00,'2023-03-10 22:16:42',1),(456,96,'febrero',0.00,'2023-03-10 22:16:42',1),(457,97,'septiembre',0.00,'2023-03-10 22:16:43',1),(458,97,'octubre',0.00,'2023-03-10 22:16:43',1),(459,97,'noviembre',0.00,'2023-03-10 22:16:43',1),(460,97,'diciembre',0.00,'2023-03-10 22:16:43',1),(461,97,'enero',0.00,'2023-03-10 22:16:43',1),(462,97,'febrero',1.00,'2023-03-10 22:16:43',1),(463,98,'septiembre',0.00,'2023-03-10 22:16:43',1),(464,98,'octubre',0.00,'2023-03-10 22:16:43',1),(465,98,'noviembre',0.00,'2023-03-10 22:16:43',1),(466,98,'diciembre',0.00,'2023-03-10 22:16:43',1),(467,98,'enero',0.00,'2023-03-10 22:16:43',1),(468,98,'febrero',1.00,'2023-03-10 22:16:43',1),(469,99,'septiembre',0.00,'2023-03-10 22:16:43',1),(470,99,'octubre',0.00,'2023-03-10 22:16:43',1),(471,99,'noviembre',0.00,'2023-03-10 22:16:43',1),(472,99,'diciembre',0.00,'2023-03-10 22:16:43',1),(473,99,'enero',0.00,'2023-03-10 22:16:43',1),(474,99,'febrero',1.00,'2023-03-10 22:16:43',1),(475,100,'septiembre',0.00,'2023-03-10 22:16:43',1),(476,100,'octubre',0.00,'2023-03-10 22:16:43',1),(477,100,'noviembre',0.00,'2023-03-10 22:16:43',1),(478,100,'diciembre',0.00,'2023-03-10 22:16:43',1),(479,100,'enero',0.00,'2023-03-10 22:16:43',1),(480,100,'febrero',1.00,'2023-03-10 22:16:43',1),(481,101,'diciembre',0.00,'2023-03-10 22:21:49',1),(482,101,'enero',1.00,'2023-03-10 22:21:49',1),(483,101,'febrero',0.00,'2023-03-10 22:21:49',1),(484,102,'diciembre',0.00,'2023-03-10 22:21:49',1),(485,102,'enero',0.00,'2023-03-10 22:21:49',1),(486,102,'febrero',1.00,'2023-03-10 22:21:49',1),(487,103,'diciembre',0.00,'2023-03-10 22:21:49',1),(488,103,'enero',0.00,'2023-03-10 22:21:49',1),(489,103,'febrero',1.00,'2023-03-10 22:21:49',1),(490,104,'diciembre',0.00,'2023-03-10 22:21:49',1),(491,104,'enero',0.00,'2023-03-10 22:21:49',1),(492,104,'febrero',1.00,'2023-03-10 22:21:49',1),(493,105,'diciembre',0.00,'2023-03-10 22:21:49',1),(494,105,'enero',0.00,'2023-03-10 22:21:49',1),(495,105,'febrero',1.00,'2023-03-10 22:21:49',1),(496,106,'marzo',0.00,'2023-03-10 22:23:47',1),(497,106,'abril',0.00,'2023-03-10 22:23:47',1),(498,106,'mayo',0.00,'2023-03-10 22:23:47',1),(499,106,'junio',0.00,'2023-03-10 22:23:47',1),(500,106,'julio',0.00,'2023-03-10 22:23:47',1),(501,106,'agosto',0.00,'2023-03-10 22:23:47',1),(502,106,'septiembre',0.00,'2023-03-10 22:23:47',1),(503,106,'octubre',0.00,'2023-03-10 22:23:47',1),(504,106,'noviembre',0.00,'2023-03-10 22:23:47',1),(505,106,'diciembre',0.00,'2023-03-10 22:23:47',1),(506,106,'enero',1.00,'2023-03-10 22:23:47',1),(507,106,'febrero',0.00,'2023-03-10 22:23:47',1),(508,107,'marzo',0.00,'2023-03-10 22:23:47',1),(509,107,'abril',0.00,'2023-03-10 22:23:47',1),(510,107,'mayo',0.00,'2023-03-10 22:23:47',1),(511,107,'junio',0.00,'2023-03-10 22:23:47',1),(512,107,'julio',0.00,'2023-03-10 22:23:47',1),(513,107,'agosto',0.00,'2023-03-10 22:23:47',1),(514,107,'septiembre',0.00,'2023-03-10 22:23:47',1),(515,107,'octubre',0.00,'2023-03-10 22:23:47',1),(516,107,'noviembre',0.00,'2023-03-10 22:23:47',1),(517,107,'diciembre',0.00,'2023-03-10 22:23:47',1),(518,107,'enero',0.00,'2023-03-10 22:23:47',1),(519,107,'febrero',1.00,'2023-03-10 22:23:47',1),(520,108,'marzo',0.00,'2023-03-10 22:23:47',1),(521,108,'abril',0.00,'2023-03-10 22:23:47',1),(522,108,'mayo',0.00,'2023-03-10 22:23:47',1),(523,108,'junio',0.00,'2023-03-10 22:23:47',1),(524,108,'julio',0.00,'2023-03-10 22:23:47',1),(525,108,'agosto',0.00,'2023-03-10 22:23:47',1),(526,108,'septiembre',0.00,'2023-03-10 22:23:47',1),(527,108,'octubre',0.00,'2023-03-10 22:23:47',1),(528,108,'noviembre',0.00,'2023-03-10 22:23:47',1),(529,108,'diciembre',0.00,'2023-03-10 22:23:47',1),(530,108,'enero',0.00,'2023-03-10 22:23:47',1),(531,108,'febrero',1.00,'2023-03-10 22:23:47',1),(532,109,'marzo',0.00,'2023-03-10 22:23:47',1),(533,109,'abril',0.00,'2023-03-10 22:23:47',1),(534,109,'mayo',0.00,'2023-03-10 22:23:48',1),(535,109,'junio',0.00,'2023-03-10 22:23:48',1),(536,109,'julio',0.00,'2023-03-10 22:23:48',1),(537,109,'agosto',0.00,'2023-03-10 22:23:48',1),(538,109,'septiembre',0.00,'2023-03-10 22:23:48',1),(539,109,'octubre',0.00,'2023-03-10 22:23:48',1),(540,109,'noviembre',0.00,'2023-03-10 22:23:48',1),(541,109,'diciembre',0.00,'2023-03-10 22:23:48',1),(542,109,'enero',0.00,'2023-03-10 22:23:48',1),(543,109,'febrero',1.00,'2023-03-10 22:23:48',1),(544,110,'marzo',0.00,'2023-03-10 22:23:48',1),(545,110,'abril',0.00,'2023-03-10 22:23:48',1),(546,110,'mayo',0.00,'2023-03-10 22:23:48',1),(547,110,'junio',0.00,'2023-03-10 22:23:48',1),(548,110,'julio',0.00,'2023-03-10 22:23:48',1),(549,110,'agosto',0.00,'2023-03-10 22:23:48',1),(550,110,'septiembre',0.00,'2023-03-10 22:23:48',1),(551,110,'octubre',0.00,'2023-03-10 22:23:48',1),(552,110,'noviembre',0.00,'2023-03-10 22:23:48',1),(553,110,'diciembre',0.00,'2023-03-10 22:23:48',1),(554,110,'enero',0.00,'2023-03-10 22:23:48',1),(555,110,'febrero',1.00,'2023-03-10 22:23:48',1),(556,111,'septiembre',0.00,'2023-03-10 22:24:04',1),(557,111,'octubre',0.00,'2023-03-10 22:24:04',1),(558,111,'noviembre',0.00,'2023-03-10 22:24:04',1),(559,111,'diciembre',0.00,'2023-03-10 22:24:04',1),(560,111,'enero',1.00,'2023-03-10 22:24:04',1),(561,111,'febrero',0.00,'2023-03-10 22:24:04',1),(562,112,'septiembre',0.00,'2023-03-10 22:24:04',1),(563,112,'octubre',0.00,'2023-03-10 22:24:04',1),(564,112,'noviembre',0.00,'2023-03-10 22:24:04',1),(565,112,'diciembre',0.00,'2023-03-10 22:24:04',1),(566,112,'enero',0.00,'2023-03-10 22:24:04',1),(567,112,'febrero',1.00,'2023-03-10 22:24:04',1),(568,113,'septiembre',0.00,'2023-03-10 22:24:04',1),(569,113,'octubre',0.00,'2023-03-10 22:24:04',1),(570,113,'noviembre',0.00,'2023-03-10 22:24:04',1),(571,113,'diciembre',0.00,'2023-03-10 22:24:04',1),(572,113,'enero',0.00,'2023-03-10 22:24:04',1),(573,113,'febrero',1.00,'2023-03-10 22:24:04',1),(574,114,'septiembre',0.00,'2023-03-10 22:24:04',1),(575,114,'octubre',0.00,'2023-03-10 22:24:04',1),(576,114,'noviembre',0.00,'2023-03-10 22:24:04',1),(577,114,'diciembre',0.00,'2023-03-10 22:24:04',1),(578,114,'enero',0.00,'2023-03-10 22:24:04',1),(579,114,'febrero',1.00,'2023-03-10 22:24:04',1),(580,115,'septiembre',0.00,'2023-03-10 22:24:04',1),(581,115,'octubre',0.00,'2023-03-10 22:24:04',1),(582,115,'noviembre',0.00,'2023-03-10 22:24:04',1),(583,115,'diciembre',0.00,'2023-03-10 22:24:04',1),(584,115,'enero',0.00,'2023-03-10 22:24:04',1),(585,115,'febrero',1.00,'2023-03-10 22:24:04',1),(586,116,'junio',0.00,'2023-03-13 03:19:52',1),(587,116,'julio',0.00,'2023-03-13 03:19:52',1),(588,116,'agosto',0.00,'2023-03-13 03:19:52',1),(589,116,'septiembre',0.00,'2023-03-13 03:19:52',1),(590,116,'octubre',0.00,'2023-03-13 03:19:52',1),(591,116,'noviembre',0.00,'2023-03-13 03:19:52',1),(592,116,'diciembre',0.00,'2023-03-13 03:19:52',1),(593,116,'enero',1.00,'2023-03-13 03:19:52',1),(594,116,'febrero',0.00,'2023-03-13 03:19:52',1),(595,117,'junio',0.00,'2023-03-13 03:19:52',1),(596,117,'julio',0.00,'2023-03-13 03:19:52',1),(597,117,'agosto',0.00,'2023-03-13 03:19:52',1),(598,117,'septiembre',0.00,'2023-03-13 03:19:52',1),(599,117,'octubre',0.00,'2023-03-13 03:19:52',1),(600,117,'noviembre',0.00,'2023-03-13 03:19:52',1),(601,117,'diciembre',0.00,'2023-03-13 03:19:52',1),(602,117,'enero',0.00,'2023-03-13 03:19:52',1),(603,117,'febrero',1.00,'2023-03-13 03:19:52',1),(604,118,'junio',0.00,'2023-03-13 03:19:52',1),(605,118,'julio',0.00,'2023-03-13 03:19:52',1),(606,118,'agosto',0.00,'2023-03-13 03:19:52',1),(607,118,'septiembre',0.00,'2023-03-13 03:19:52',1),(608,118,'octubre',0.00,'2023-03-13 03:19:52',1),(609,118,'noviembre',0.00,'2023-03-13 03:19:52',1),(610,118,'diciembre',0.00,'2023-03-13 03:19:52',1),(611,118,'enero',0.00,'2023-03-13 03:19:52',1),(612,118,'febrero',1.00,'2023-03-13 03:19:52',1),(613,119,'junio',0.00,'2023-03-13 03:19:52',1),(614,119,'julio',0.00,'2023-03-13 03:19:52',1),(615,119,'agosto',0.00,'2023-03-13 03:19:52',1),(616,119,'septiembre',0.00,'2023-03-13 03:19:52',1),(617,119,'octubre',0.00,'2023-03-13 03:19:52',1),(618,119,'noviembre',0.00,'2023-03-13 03:19:52',1),(619,119,'diciembre',0.00,'2023-03-13 03:19:52',1),(620,119,'enero',0.00,'2023-03-13 03:19:52',1),(621,119,'febrero',1.00,'2023-03-13 03:19:52',1),(622,120,'junio',0.00,'2023-03-13 03:19:52',1),(623,120,'julio',0.00,'2023-03-13 03:19:52',1),(624,120,'agosto',0.00,'2023-03-13 03:19:52',1),(625,120,'septiembre',0.00,'2023-03-13 03:19:52',1),(626,120,'octubre',0.00,'2023-03-13 03:19:52',1),(627,120,'noviembre',0.00,'2023-03-13 03:19:52',1),(628,120,'diciembre',0.00,'2023-03-13 03:19:52',1),(629,120,'enero',0.00,'2023-03-13 03:19:52',1),(630,120,'febrero',1.00,'2023-03-13 03:19:52',1),(676,131,'septiembre',0.00,'2023-03-13 22:49:33',1),(677,131,'octubre',0.00,'2023-03-13 22:49:33',1),(678,131,'noviembre',0.00,'2023-03-13 22:49:33',1),(679,131,'diciembre',0.00,'2023-03-13 22:49:33',1),(680,131,'enero',10.00,'2023-03-13 22:49:33',1),(681,131,'febrero',0.00,'2023-03-13 22:49:33',1),(682,132,'septiembre',0.00,'2023-03-13 22:49:33',1),(683,132,'octubre',0.00,'2023-03-13 22:49:33',1),(684,132,'noviembre',0.00,'2023-03-13 22:49:33',1),(685,132,'diciembre',0.00,'2023-03-13 22:49:33',1),(686,132,'enero',0.00,'2023-03-13 22:49:33',1),(687,132,'febrero',5.00,'2023-03-13 22:49:33',1),(688,133,'septiembre',0.00,'2023-03-13 22:49:33',1),(689,133,'octubre',0.00,'2023-03-13 22:49:33',1),(690,133,'noviembre',0.00,'2023-03-13 22:49:33',1),(691,133,'diciembre',0.00,'2023-03-13 22:49:33',1),(692,133,'enero',0.00,'2023-03-13 22:49:33',1),(693,133,'febrero',1.00,'2023-03-13 22:49:33',1),(694,134,'septiembre',0.00,'2023-03-13 22:49:33',1),(695,134,'octubre',0.00,'2023-03-13 22:49:33',1),(696,134,'noviembre',0.00,'2023-03-13 22:49:33',1),(697,134,'diciembre',0.00,'2023-03-13 22:49:33',1),(698,134,'enero',0.00,'2023-03-13 22:49:33',1),(699,134,'febrero',1.00,'2023-03-13 22:49:33',1),(700,135,'septiembre',0.00,'2023-03-13 22:49:33',1),(701,135,'octubre',0.00,'2023-03-13 22:49:33',1),(702,135,'noviembre',0.00,'2023-03-13 22:49:33',1),(703,135,'diciembre',0.00,'2023-03-13 22:49:33',1),(704,135,'enero',0.00,'2023-03-13 22:49:33',1),(705,135,'febrero',1.00,'2023-03-13 22:49:33',1),(706,136,'diciembre',0.00,'2023-03-13 23:40:54',1),(707,136,'enero',10.00,'2023-03-13 23:40:54',1),(708,136,'febrero',0.00,'2023-03-13 23:40:54',1),(709,137,'diciembre',0.00,'2023-03-13 23:40:54',1),(710,137,'enero',0.00,'2023-03-13 23:40:54',1),(711,137,'febrero',5.00,'2023-03-13 23:40:54',1),(712,138,'diciembre',0.00,'2023-03-13 23:40:54',1),(713,138,'enero',0.00,'2023-03-13 23:40:54',1),(714,138,'febrero',1.00,'2023-03-13 23:40:54',1),(715,139,'diciembre',0.00,'2023-03-13 23:40:54',1),(716,139,'enero',0.00,'2023-03-13 23:40:54',1),(717,139,'febrero',1.00,'2023-03-13 23:40:54',1),(718,140,'diciembre',0.00,'2023-03-13 23:40:54',1),(719,140,'enero',0.00,'2023-03-13 23:40:54',1),(720,140,'febrero',1.00,'2023-03-13 23:40:54',1),(721,141,'septiembre',0.00,'2023-03-14 17:04:16',1),(722,141,'octubre',0.00,'2023-03-14 17:04:16',1),(723,141,'noviembre',0.00,'2023-03-14 17:04:16',1),(724,141,'diciembre',0.00,'2023-03-14 17:04:16',1),(725,141,'enero',10.00,'2023-03-14 17:04:16',1),(726,141,'febrero',0.00,'2023-03-14 17:04:16',1),(727,142,'septiembre',0.00,'2023-03-14 17:04:16',1),(728,142,'octubre',0.00,'2023-03-14 17:04:16',1),(729,142,'noviembre',0.00,'2023-03-14 17:04:16',1),(730,142,'diciembre',0.00,'2023-03-14 17:04:16',1),(731,142,'enero',0.00,'2023-03-14 17:04:16',1),(732,142,'febrero',5.00,'2023-03-14 17:04:16',1),(733,143,'septiembre',0.00,'2023-03-14 17:04:16',1),(734,143,'octubre',0.00,'2023-03-14 17:04:16',1),(735,143,'noviembre',0.00,'2023-03-14 17:04:16',1),(736,143,'diciembre',0.00,'2023-03-14 17:04:16',1),(737,143,'enero',0.00,'2023-03-14 17:04:16',1),(738,143,'febrero',1.00,'2023-03-14 17:04:16',1),(739,144,'septiembre',0.00,'2023-03-14 17:04:16',1),(740,144,'octubre',0.00,'2023-03-14 17:04:16',1),(741,144,'noviembre',0.00,'2023-03-14 17:04:16',1),(742,144,'diciembre',0.00,'2023-03-14 17:04:16',1),(743,144,'enero',0.00,'2023-03-14 17:04:16',1),(744,144,'febrero',1.00,'2023-03-14 17:04:16',1),(745,145,'septiembre',0.00,'2023-03-14 17:04:16',1),(746,145,'octubre',0.00,'2023-03-14 17:04:16',1),(747,145,'noviembre',0.00,'2023-03-14 17:04:16',1),(748,145,'diciembre',0.00,'2023-03-14 17:04:16',1),(749,145,'enero',0.00,'2023-03-14 17:04:16',1),(750,145,'febrero',1.00,'2023-03-14 17:04:16',1),(751,146,'septiembre',0.00,'2023-03-14 17:06:30',1),(752,146,'octubre',0.00,'2023-03-14 17:06:30',1),(753,146,'noviembre',0.00,'2023-03-14 17:06:30',1),(754,146,'diciembre',0.00,'2023-03-14 17:06:30',1),(755,146,'enero',10.00,'2023-03-14 17:06:30',1),(756,146,'febrero',0.00,'2023-03-14 17:06:30',1),(757,147,'septiembre',0.00,'2023-03-14 17:06:30',1),(758,147,'octubre',0.00,'2023-03-14 17:06:30',1),(759,147,'noviembre',0.00,'2023-03-14 17:06:30',1),(760,147,'diciembre',0.00,'2023-03-14 17:06:30',1),(761,147,'enero',0.00,'2023-03-14 17:06:30',1),(762,147,'febrero',5.00,'2023-03-14 17:06:30',1),(763,148,'septiembre',0.00,'2023-03-14 17:06:30',1),(764,148,'octubre',0.00,'2023-03-14 17:06:30',1),(765,148,'noviembre',0.00,'2023-03-14 17:06:30',1),(766,148,'diciembre',0.00,'2023-03-14 17:06:30',1),(767,148,'enero',0.00,'2023-03-14 17:06:30',1),(768,148,'febrero',1.00,'2023-03-14 17:06:30',1),(769,149,'septiembre',0.00,'2023-03-14 17:06:30',1),(770,149,'octubre',0.00,'2023-03-14 17:06:30',1),(771,149,'noviembre',0.00,'2023-03-14 17:06:30',1),(772,149,'diciembre',0.00,'2023-03-14 17:06:30',1),(773,149,'enero',0.00,'2023-03-14 17:06:30',1),(774,149,'febrero',1.00,'2023-03-14 17:06:30',1),(775,150,'septiembre',0.00,'2023-03-14 17:06:30',1),(776,150,'octubre',0.00,'2023-03-14 17:06:30',1),(777,150,'noviembre',0.00,'2023-03-14 17:06:30',1),(778,150,'diciembre',0.00,'2023-03-14 17:06:30',1),(779,150,'enero',0.00,'2023-03-14 17:06:30',1),(780,150,'febrero',1.00,'2023-03-14 17:06:30',1),(781,151,'diciembre',0.00,'2023-03-14 17:10:30',1),(782,151,'enero',10.00,'2023-03-14 17:10:30',1),(783,151,'febrero',0.00,'2023-03-14 17:10:30',1),(784,152,'diciembre',0.00,'2023-03-14 17:10:30',1),(785,152,'enero',0.00,'2023-03-14 17:10:30',1),(786,152,'febrero',5.00,'2023-03-14 17:10:30',1),(787,153,'diciembre',0.00,'2023-03-14 17:10:30',1),(788,153,'enero',0.00,'2023-03-14 17:10:30',1),(789,153,'febrero',1.00,'2023-03-14 17:10:30',1),(790,154,'diciembre',0.00,'2023-03-14 17:10:30',1),(791,154,'enero',0.00,'2023-03-14 17:10:30',1),(792,154,'febrero',1.00,'2023-03-14 17:10:30',1),(793,155,'diciembre',0.00,'2023-03-14 17:10:30',1),(794,155,'enero',0.00,'2023-03-14 17:10:30',1),(795,155,'febrero',1.00,'2023-03-14 17:10:30',1),(796,156,'diciembre',0.00,'2023-03-14 18:10:12',1),(797,156,'enero',10.00,'2023-03-14 18:10:12',1),(798,156,'febrero',0.00,'2023-03-14 18:10:12',1),(799,157,'diciembre',0.00,'2023-03-14 18:10:12',1),(800,157,'enero',0.00,'2023-03-14 18:10:12',1),(801,157,'febrero',5.00,'2023-03-14 18:10:12',1),(802,158,'diciembre',0.00,'2023-03-14 18:10:12',1),(803,158,'enero',0.00,'2023-03-14 18:10:12',1),(804,158,'febrero',1.00,'2023-03-14 18:10:12',1),(805,159,'diciembre',0.00,'2023-03-14 18:10:12',1),(806,159,'enero',0.00,'2023-03-14 18:10:12',1),(807,159,'febrero',1.00,'2023-03-14 18:10:12',1),(808,160,'diciembre',0.00,'2023-03-14 18:10:12',1),(809,160,'enero',0.00,'2023-03-14 18:10:12',1),(810,160,'febrero',1.00,'2023-03-14 18:10:12',1),(811,161,'diciembre',0.00,'2023-03-14 18:10:52',1),(812,161,'enero',10.00,'2023-03-14 18:10:52',1),(813,161,'febrero',0.00,'2023-03-14 18:10:52',1),(814,162,'diciembre',0.00,'2023-03-14 18:10:52',1),(815,162,'enero',0.00,'2023-03-14 18:10:52',1),(816,162,'febrero',5.00,'2023-03-14 18:10:52',1),(817,163,'diciembre',0.00,'2023-03-14 18:10:52',1),(818,163,'enero',0.00,'2023-03-14 18:10:52',1),(819,163,'febrero',1.00,'2023-03-14 18:10:52',1),(820,164,'diciembre',0.00,'2023-03-14 18:10:52',1),(821,164,'enero',0.00,'2023-03-14 18:10:52',1),(822,164,'febrero',1.00,'2023-03-14 18:10:52',1),(823,165,'diciembre',0.00,'2023-03-14 18:10:52',1),(824,165,'enero',0.00,'2023-03-14 18:10:52',1),(825,165,'febrero',1.00,'2023-03-14 18:10:52',1),(826,166,'diciembre',0.00,'2023-03-14 18:11:56',1),(827,166,'enero',10.00,'2023-03-14 18:11:56',1),(828,166,'febrero',0.00,'2023-03-14 18:11:56',1),(829,167,'diciembre',0.00,'2023-03-14 18:11:56',1),(830,167,'enero',0.00,'2023-03-14 18:11:56',1),(831,167,'febrero',5.00,'2023-03-14 18:11:56',1),(832,168,'diciembre',0.00,'2023-03-14 18:11:56',1),(833,168,'enero',0.00,'2023-03-14 18:11:56',1),(834,168,'febrero',1.00,'2023-03-14 18:11:56',1),(835,169,'diciembre',0.00,'2023-03-14 18:11:56',1),(836,169,'enero',0.00,'2023-03-14 18:11:56',1),(837,169,'febrero',1.00,'2023-03-14 18:11:56',1),(838,170,'diciembre',0.00,'2023-03-14 18:11:56',1),(839,170,'enero',0.00,'2023-03-14 18:11:56',1),(840,170,'febrero',1.00,'2023-03-14 18:11:56',1),(841,171,'diciembre',0.00,'2023-03-14 18:13:17',1),(842,171,'enero',10.00,'2023-03-14 18:13:17',1),(843,171,'febrero',0.00,'2023-03-14 18:13:17',1),(844,172,'diciembre',0.00,'2023-03-14 18:13:17',1),(845,172,'enero',0.00,'2023-03-14 18:13:17',1),(846,172,'febrero',5.00,'2023-03-14 18:13:17',1),(847,173,'diciembre',0.00,'2023-03-14 18:13:17',1),(848,173,'enero',0.00,'2023-03-14 18:13:17',1),(849,173,'febrero',1.00,'2023-03-14 18:13:17',1),(850,174,'diciembre',0.00,'2023-03-14 18:13:17',1),(851,174,'enero',0.00,'2023-03-14 18:13:17',1),(852,174,'febrero',1.00,'2023-03-14 18:13:17',1),(853,175,'diciembre',0.00,'2023-03-14 18:13:17',1),(854,175,'enero',0.00,'2023-03-14 18:13:17',1),(855,175,'febrero',1.00,'2023-03-14 18:13:17',1),(856,176,'diciembre',0.00,'2023-03-14 18:22:04',1),(857,176,'enero',10.00,'2023-03-14 18:22:04',1),(858,176,'febrero',0.00,'2023-03-14 18:22:04',1),(859,177,'diciembre',0.00,'2023-03-14 18:22:04',1),(860,177,'enero',0.00,'2023-03-14 18:22:04',1),(861,177,'febrero',5.00,'2023-03-14 18:22:04',1),(862,178,'diciembre',0.00,'2023-03-14 18:22:04',1),(863,178,'enero',0.00,'2023-03-14 18:22:04',1),(864,178,'febrero',1.00,'2023-03-14 18:22:04',1),(865,179,'diciembre',0.00,'2023-03-14 18:22:04',1),(866,179,'enero',0.00,'2023-03-14 18:22:04',1),(867,179,'febrero',1.00,'2023-03-14 18:22:04',1),(868,180,'diciembre',0.00,'2023-03-14 18:22:04',1),(869,180,'enero',0.00,'2023-03-14 18:22:04',1),(870,180,'febrero',1.00,'2023-03-14 18:22:04',1),(871,181,'diciembre',0.00,'2023-03-14 18:27:33',1),(872,181,'enero',10.00,'2023-03-14 18:27:33',1),(873,181,'febrero',0.00,'2023-03-14 18:27:33',1),(874,182,'diciembre',0.00,'2023-03-14 18:27:33',1),(875,182,'enero',0.00,'2023-03-14 18:27:33',1),(876,182,'febrero',5.00,'2023-03-14 18:27:33',1),(877,183,'diciembre',0.00,'2023-03-14 18:27:33',1),(878,183,'enero',0.00,'2023-03-14 18:27:33',1),(879,183,'febrero',1.00,'2023-03-14 18:27:33',1),(880,184,'diciembre',0.00,'2023-03-14 18:27:33',1),(881,184,'enero',0.00,'2023-03-14 18:27:33',1),(882,184,'febrero',1.00,'2023-03-14 18:27:33',1),(883,185,'diciembre',0.00,'2023-03-14 18:27:33',1),(884,185,'enero',0.00,'2023-03-14 18:27:33',1),(885,185,'febrero',1.00,'2023-03-14 18:27:33',1),(886,186,'diciembre',0.00,'2023-03-14 18:31:26',1),(887,186,'enero',10.00,'2023-03-14 18:31:26',1),(888,186,'febrero',0.00,'2023-03-14 18:31:26',1),(889,187,'diciembre',0.00,'2023-03-14 18:31:26',1),(890,187,'enero',0.00,'2023-03-14 18:31:26',1),(891,187,'febrero',5.00,'2023-03-14 18:31:26',1),(892,188,'diciembre',0.00,'2023-03-14 18:31:26',1),(893,188,'enero',0.00,'2023-03-14 18:31:26',1),(894,188,'febrero',1.00,'2023-03-14 18:31:26',1),(895,189,'diciembre',0.00,'2023-03-14 18:31:26',1),(896,189,'enero',0.00,'2023-03-14 18:31:26',1),(897,189,'febrero',1.00,'2023-03-14 18:31:26',1),(898,190,'diciembre',0.00,'2023-03-14 18:31:26',1),(899,190,'enero',0.00,'2023-03-14 18:31:26',1),(900,190,'febrero',1.00,'2023-03-14 18:31:26',1),(901,191,'diciembre',0.00,'2023-03-16 20:33:32',1),(902,191,'enero',0.00,'2023-03-16 20:33:32',1),(903,191,'febrero',5.00,'2023-03-16 20:33:32',1),(904,192,'diciembre',0.00,'2023-03-16 20:33:32',1),(905,192,'enero',0.00,'2023-03-16 20:33:32',1),(906,192,'febrero',1.00,'2023-03-16 20:33:32',1),(907,193,'diciembre',0.00,'2023-03-16 20:33:32',1),(908,193,'enero',0.00,'2023-03-16 20:33:32',1),(909,193,'febrero',1.00,'2023-03-16 20:33:32',1),(910,194,'diciembre',0.00,'2023-03-16 20:33:32',1),(911,194,'enero',0.00,'2023-03-16 20:33:32',1),(912,194,'febrero',1.00,'2023-03-16 20:33:32',1),(913,195,'diciembre',0.00,'2023-03-16 20:40:35',1),(914,195,'enero',0.00,'2023-03-16 20:40:35',1),(915,195,'febrero',5.00,'2023-03-16 20:40:35',1),(916,196,'diciembre',0.00,'2023-03-16 20:40:35',1),(917,196,'enero',0.00,'2023-03-16 20:40:35',1),(918,196,'febrero',1.00,'2023-03-16 20:40:35',1),(919,197,'diciembre',0.00,'2023-03-16 20:40:35',1),(920,197,'enero',0.00,'2023-03-16 20:40:35',1),(921,197,'febrero',1.00,'2023-03-16 20:40:35',1),(922,198,'diciembre',0.00,'2023-03-16 20:40:35',1),(923,198,'enero',0.00,'2023-03-16 20:40:35',1),(924,198,'febrero',1.00,'2023-03-16 20:40:35',1),(925,199,'diciembre',0.00,'2023-03-16 20:46:47',1),(926,199,'enero',10.00,'2023-03-16 20:46:47',1),(927,199,'febrero',0.00,'2023-03-16 20:46:47',1),(928,200,'diciembre',0.00,'2023-03-16 20:46:47',1),(929,200,'enero',0.00,'2023-03-16 20:46:47',1),(930,200,'febrero',5.00,'2023-03-16 20:46:47',1),(931,201,'diciembre',0.00,'2023-03-16 20:46:47',1),(932,201,'enero',0.00,'2023-03-16 20:46:47',1),(933,201,'febrero',1.00,'2023-03-16 20:46:47',1),(934,202,'diciembre',0.00,'2023-03-16 20:46:47',1),(935,202,'enero',0.00,'2023-03-16 20:46:47',1),(936,202,'febrero',1.00,'2023-03-16 20:46:47',1),(937,203,'diciembre',0.00,'2023-03-16 20:46:47',1),(938,203,'enero',0.00,'2023-03-16 20:46:47',1),(939,203,'febrero',1.00,'2023-03-16 20:46:47',1),(940,204,'diciembre',0.00,'2023-03-16 20:47:19',1),(941,204,'enero',10.00,'2023-03-16 20:47:19',1),(942,204,'febrero',0.00,'2023-03-16 20:47:19',1),(943,205,'diciembre',0.00,'2023-03-16 20:47:19',1),(944,205,'enero',0.00,'2023-03-16 20:47:19',1),(945,205,'febrero',5.00,'2023-03-16 20:47:19',1),(946,206,'diciembre',0.00,'2023-03-16 20:47:19',1),(947,206,'enero',0.00,'2023-03-16 20:47:19',1),(948,206,'febrero',1.00,'2023-03-16 20:47:19',1),(949,207,'diciembre',0.00,'2023-03-16 20:47:19',1),(950,207,'enero',0.00,'2023-03-16 20:47:19',1),(951,207,'febrero',1.00,'2023-03-16 20:47:19',1),(952,208,'diciembre',0.00,'2023-03-16 20:47:19',1),(953,208,'enero',0.00,'2023-03-16 20:47:19',1),(954,208,'febrero',1.00,'2023-03-16 20:47:19',1),(955,209,'diciembre',0.00,'2023-03-16 20:50:14',1),(956,209,'enero',10.00,'2023-03-16 20:50:14',1),(957,209,'febrero',0.00,'2023-03-16 20:50:14',1),(958,210,'diciembre',0.00,'2023-03-16 20:50:14',1),(959,210,'enero',0.00,'2023-03-16 20:50:14',1),(960,210,'febrero',5.00,'2023-03-16 20:50:14',1),(961,211,'diciembre',0.00,'2023-03-16 20:50:14',1),(962,211,'enero',0.00,'2023-03-16 20:50:14',1),(963,211,'febrero',1.00,'2023-03-16 20:50:14',1),(964,212,'diciembre',0.00,'2023-03-16 20:50:14',1),(965,212,'enero',0.00,'2023-03-16 20:50:14',1),(966,212,'febrero',1.00,'2023-03-16 20:50:14',1),(967,213,'diciembre',0.00,'2023-03-16 20:50:14',1),(968,213,'enero',0.00,'2023-03-16 20:50:14',1),(969,213,'febrero',1.00,'2023-03-16 20:50:14',1),(970,214,'diciembre',0.00,'2023-03-16 20:51:22',1),(971,214,'enero',10.00,'2023-03-16 20:51:22',1),(972,214,'febrero',0.00,'2023-03-16 20:51:22',1),(973,215,'diciembre',0.00,'2023-03-16 20:51:22',1),(974,215,'enero',0.00,'2023-03-16 20:51:22',1),(975,215,'febrero',5.00,'2023-03-16 20:51:22',1),(976,216,'diciembre',0.00,'2023-03-16 20:51:22',1),(977,216,'enero',0.00,'2023-03-16 20:51:22',1),(978,216,'febrero',1.00,'2023-03-16 20:51:22',1),(979,217,'diciembre',0.00,'2023-03-16 20:51:22',1),(980,217,'enero',0.00,'2023-03-16 20:51:22',1),(981,217,'febrero',1.00,'2023-03-16 20:51:22',1),(982,218,'diciembre',0.00,'2023-03-16 20:51:22',1),(983,218,'enero',0.00,'2023-03-16 20:51:22',1),(984,218,'febrero',1.00,'2023-03-16 20:51:22',1);

--
-- Table structure for table `tpv_pedidotipodocumento`
--

CREATE TABLE `tpv_pedidotipodocumento` (
  `id` int(11) NOT NULL AUTO_INCREMENT,
  `descripcion` varchar(256) DEFAULT NULL,
  `timestamp` timestamp NOT NULL DEFAULT current_timestamp() ON UPDATE current_timestamp(),
  `status` int(8) DEFAULT 1,
  PRIMARY KEY (`id`)
) ENGINE=InnoDB DEFAULT CHARSET=latin1 COLLATE=latin1_spanish_ci;

--
-- Dumping data for table `tpv_pedidotipodocumento`
--


--
-- Table structure for table `tpv_precio`
--

CREATE TABLE `tpv_precio` (
  `id` int(11) NOT NULL AUTO_INCREMENT,
  `descripcion` varchar(500) DEFAULT NULL,
  `utilidadporc` decimal(9,2) DEFAULT NULL,
  `timestamp` timestamp NOT NULL DEFAULT current_timestamp() ON UPDATE current_timestamp(),
  `status` int(11) DEFAULT 1,
  PRIMARY KEY (`id`)
) ENGINE=InnoDB AUTO_INCREMENT=4 DEFAULT CHARSET=utf8mb4 COLLATE=utf8mb4_general_ci;

--
-- Dumping data for table `tpv_precio`
--

INSERT INTO `tpv_precio` VALUES (1,'Publico',20.00,'2022-12-20 08:35:39',1),(2,'Medio Mayoreo',15.00,'2022-12-30 06:21:50',1),(3,'Mayoreo',10.00,'2022-12-30 06:21:55',1);

--
-- Table structure for table `tpv_proveedor`
--

CREATE TABLE `tpv_proveedor` (
  `id` int(11) NOT NULL AUTO_INCREMENT,
  `id_sys_persona` int(11) DEFAULT NULL,
  `id_sys_direccion` int(11) DEFAULT NULL,
  `cuentacontable` varchar(256) DEFAULT NULL,
  `id_sys_empresa` int(11) DEFAULT NULL,
  `timestamp` timestamp NOT NULL DEFAULT current_timestamp() ON UPDATE current_timestamp(),
  `status` int(8) DEFAULT 1,
  PRIMARY KEY (`id`)
) ENGINE=InnoDB AUTO_INCREMENT=4 DEFAULT CHARSET=latin1 COLLATE=latin1_spanish_ci;

--
-- Dumping data for table `tpv_proveedor`
--

INSERT INTO `tpv_proveedor` VALUES (1,16401,16415,'10210210',1,'2023-01-24 06:34:53',1),(2,16402,16416,'5102-0001-0002',1,'2023-03-08 15:44:04',1),(3,16403,16439,'1021-5018',2,'2023-03-08 17:03:13',1);

--
-- Table structure for table `tpv_traspaso`
--

CREATE TABLE `tpv_traspaso` (
  `id` int(11) NOT NULL AUTO_INCREMENT,
  `folio` varchar(100) DEFAULT NULL,
  `id_sys_usuario` int(11) DEFAULT NULL,
  `id_tpv_almacenorigen` int(11) DEFAULT NULL,
  `id_tpv_almacendestino` int(11) DEFAULT NULL,
  `cantidad` decimal(9,2) DEFAULT NULL,
  `subtotal` decimal(9,2) DEFAULT NULL,
  `iva` decimal(9,2) DEFAULT NULL,
  `total` decimal(9,2) DEFAULT NULL,
  `observaciones` varchar(255) DEFAULT NULL,
  `statusSolicitado` int(5) DEFAULT 0,
  `timestampSolicitado` timestamp NOT NULL DEFAULT '0000-00-00 00:00:00',
  `statusEnviado` int(5) DEFAULT 0,
  `timestampEnviado` timestamp NOT NULL DEFAULT '0000-00-00 00:00:00',
  `statusRecibido` int(5) DEFAULT 0,
  `timestampRecibido` timestamp NOT NULL DEFAULT '0000-00-00 00:00:00',
  `statusCancelado` int(5) DEFAULT 0,
  `timestampCancelado` timestamp NOT NULL DEFAULT '0000-00-00 00:00:00',
  `timestamp` timestamp NOT NULL DEFAULT current_timestamp() ON UPDATE current_timestamp(),
  `status` int(5) DEFAULT 1,
  PRIMARY KEY (`id`)
) ENGINE=InnoDB DEFAULT CHARSET=utf8mb4 COLLATE=utf8mb4_unicode_ci;

--
-- Dumping data for table `tpv_traspaso`
--


--
-- Table structure for table `tpv_traspasodet`
--

CREATE TABLE `tpv_traspasodet` (
  `id` int(11) NOT NULL AUTO_INCREMENT,
  `id_tpv_traspaso` int(11) DEFAULT NULL,
  `id_tpv_articulo` int(11) DEFAULT NULL,
  `costounitario` decimal(9,2) DEFAULT NULL,
  `cantidad` decimal(9,2) DEFAULT NULL,
  `costopromedio` decimal(9,2) DEFAULT NULL,
  `iva` decimal(9,2) DEFAULT NULL,
  `costopromediototal` decimal(9,2) DEFAULT NULL,
  `timestamp` timestamp NOT NULL DEFAULT current_timestamp() ON UPDATE current_timestamp(),
  `status` int(5) DEFAULT 1,
  PRIMARY KEY (`id`)
) ENGINE=InnoDB DEFAULT CHARSET=utf8mb4 COLLATE=utf8mb4_unicode_ci;

--
-- Dumping data for table `tpv_traspasodet`
--


--
-- Table structure for table `tpv_traspasotransito`
--

CREATE TABLE `tpv_traspasotransito` (
  `id` int(11) NOT NULL AUTO_INCREMENT,
  `folio` varchar(100) DEFAULT NULL,
  `id_tpv_articulo` int(11) DEFAULT NULL,
  `id_tpv_almacenorigen` int(11) DEFAULT NULL,
  `id_tpv_almacendestino` int(11) DEFAULT NULL,
  `costopromedio` decimal(9,2) DEFAULT NULL,
  `cantidad` int(11) DEFAULT NULL,
  `total` decimal(9,2) DEFAULT NULL,
  `observaciones` varchar(255) DEFAULT NULL,
  `statusSolicitado` int(5) DEFAULT 0,
  `timestampSolicitado` timestamp NULL DEFAULT NULL,
  `statusEnviado` int(5) DEFAULT 0,
  `timestampEnviado` timestamp NULL DEFAULT NULL,
  `statusRecibido` int(5) DEFAULT 0,
  `timestampRecibido` timestamp NULL DEFAULT NULL,
  `statusCancelado` int(5) DEFAULT 0,
  `timestampCancelado` timestamp NULL DEFAULT NULL,
  `id_sys_usuariosolicita` int(11) DEFAULT NULL,
  `timestamp` timestamp NOT NULL DEFAULT current_timestamp() ON UPDATE current_timestamp(),
  `status` int(5) DEFAULT 1,
  PRIMARY KEY (`id`)
) ENGINE=InnoDB DEFAULT CHARSET=utf8mb4 COLLATE=utf8mb4_unicode_ci;

--
-- Dumping data for table `tpv_traspasotransito`
--


--
-- Table structure for table `tpv_turno`
--

CREATE TABLE `tpv_turno` (
  `id` int(11) NOT NULL AUTO_INCREMENT,
  `descripcion` varchar(256) DEFAULT NULL,
  `timestamp` timestamp NOT NULL DEFAULT current_timestamp() ON UPDATE current_timestamp(),
  `status` int(8) DEFAULT 1,
  PRIMARY KEY (`id`)
) ENGINE=InnoDB AUTO_INCREMENT=10 DEFAULT CHARSET=latin1 COLLATE=latin1_spanish_ci;

--
-- Dumping data for table `tpv_turno`
--

INSERT INTO `tpv_turno` VALUES (1,'MARPIADMIN','2023-02-23 15:58:27',1),(2,'MARPITONALA','2023-02-23 15:58:30',1),(3,'MARPIMATRIZ','2023-02-23 15:58:34',1),(4,'MARPIPIJI','2023-02-23 15:58:37',1),(5,'MARPIREFORMA','2023-02-23 15:58:40',1),(6,'MARPITUXTLA','2023-02-23 15:58:43',1),(7,'MARPIESCUI','2023-02-23 15:58:49',1),(8,'MARPIPUEBLO','2023-02-23 15:58:52',1),(9,'PIVAZMAPA','2023-02-23 15:58:20',1);

--
-- Table structure for table `tpv_usuarioalmacen`
--

CREATE TABLE `tpv_usuarioalmacen` (
  `id` int(11) NOT NULL AUTO_INCREMENT,
  `id_sys_usuario` int(11) DEFAULT NULL,
  `id_tpv_almacen` int(11) DEFAULT NULL,
  `timestamp` timestamp NOT NULL DEFAULT current_timestamp() ON UPDATE current_timestamp(),
  `status` int(5) DEFAULT 1,
  PRIMARY KEY (`id`)
) ENGINE=InnoDB AUTO_INCREMENT=10 DEFAULT CHARSET=utf8mb4 COLLATE=utf8mb4_unicode_ci;

--
-- Dumping data for table `tpv_usuarioalmacen`
--

INSERT INTO `tpv_usuarioalmacen` VALUES (1,1,1,'2023-02-23 16:37:52',1),(2,1,2,'2023-02-23 16:37:57',1),(4,1,3,'2023-02-23 16:38:05',1),(5,1,4,'2023-02-23 16:38:08',1),(6,4,3,'2023-02-23 16:39:06',1),(7,3,4,'2023-02-23 16:39:30',1),(8,2,1,'2023-02-23 17:00:04',1),(9,1,5,'2023-03-16 22:44:16',1);

--
-- Table structure for table `tpv_usuariotipodoc`
--

CREATE TABLE `tpv_usuariotipodoc` (
  `id` int(11) NOT NULL AUTO_INCREMENT,
  `id_sys_usuario` int(11) DEFAULT NULL,
  `id_cat_tipodoc` int(11) DEFAULT NULL,
  `timestamp` timestamp NOT NULL DEFAULT current_timestamp(),
  `status` int(5) DEFAULT 1,
  PRIMARY KEY (`id`)
) ENGINE=InnoDB AUTO_INCREMENT=10 DEFAULT CHARSET=utf8mb4 COLLATE=utf8mb4_unicode_ci;

--
-- Dumping data for table `tpv_usuariotipodoc`
--

INSERT INTO `tpv_usuariotipodoc` VALUES (1,1,1,'2023-03-13 23:19:48',1),(2,1,2,'2023-03-13 23:19:49',1),(3,1,3,'2023-03-13 23:19:49',1),(4,1,4,'2023-03-13 23:19:50',1),(5,1,5,'2023-03-13 23:19:50',1),(6,1,6,'2023-03-13 23:19:51',1),(7,1,7,'2023-03-13 23:19:51',1),(8,1,8,'2023-03-13 23:19:52',1),(9,1,9,'2023-03-13 23:19:53',1);

--
-- Table structure for table `tpv_usuarioturno`
--

CREATE TABLE `tpv_usuarioturno` (
  `id` int(11) NOT NULL AUTO_INCREMENT,
  `id_sys_usuario` int(11) DEFAULT NULL,
  `id_tpv_turno` int(11) DEFAULT NULL,
  `status` int(11) DEFAULT 1,
  PRIMARY KEY (`id`)
) ENGINE=InnoDB AUTO_INCREMENT=6 DEFAULT CHARSET=utf8mb4 COLLATE=utf8mb4_general_ci;

--
-- Dumping data for table `tpv_usuarioturno`
--

INSERT INTO `tpv_usuarioturno` VALUES (1,1,1,1),(2,4,2,1),(3,3,3,1),(4,5,5,1),(5,2,6,1);

--
-- Table structure for table `tpv_vendedor`
--

CREATE TABLE `tpv_vendedor` (
  `id` int(11) NOT NULL AUTO_INCREMENT,
  `id_rhh_empleado` int(11) DEFAULT NULL,
  `codigovendedor` varchar(256) DEFAULT NULL,
  `timestamp` timestamp NOT NULL DEFAULT current_timestamp() ON UPDATE current_timestamp(),
  `status` int(8) DEFAULT 1,
  PRIMARY KEY (`id`)
) ENGINE=InnoDB AUTO_INCREMENT=2 DEFAULT CHARSET=latin1 COLLATE=latin1_spanish_ci;

--
-- Dumping data for table `tpv_vendedor`
--

INSERT INTO `tpv_vendedor` VALUES (1,2,'101','2022-12-20 05:02:53',1);

--
-- Table structure for table `tpv_vendedorprecio`
--

CREATE TABLE `tpv_vendedorprecio` (
  `id_tpv_vendedor` int(11) NOT NULL,
  `id_tpv_precio` int(11) NOT NULL,
  `status` int(11) DEFAULT 1,
  PRIMARY KEY (`id_tpv_vendedor`,`id_tpv_precio`)
) ENGINE=InnoDB DEFAULT CHARSET=utf8mb4 COLLATE=utf8mb4_general_ci;

--
-- Dumping data for table `tpv_vendedorprecio`
--



